{"id":117,"date":"2007-09-12T01:37:27","date_gmt":"2007-09-11T23:37:27","guid":{"rendered":"http:\/\/wordpress.callac.online\/index.php\/coefficient-directeur-et-ordonnee-a-lorigine-geogebra\/"},"modified":"2023-10-14T20:13:17","modified_gmt":"2023-10-14T18:13:17","slug":"coefficient-directeur-et-ordonnee-a-lorigine-geogebra","status":"publish","type":"page","link":"https:\/\/wordpress.callac.online\/index.php\/logiciels-mathematiques\/geogebra\/archives-geogebra\/coefficient-directeur-et-ordonnee-a-lorigine-geogebra\/","title":{"rendered":"Coefficient directeur et ordonn\u00e9e \u00e0 l&rsquo;origine (Geogebra)"},"content":{"rendered":"<p><img loading=\"lazy\" decoding=\"async\" class=\" aligncenter size-full wp-image-620\" src=\"http:\/\/wordpress.callac.online\/wp-content\/uploads\/2007\/09\/jpg_equation_droite.jpg\" alt=\"equation_droite.jpg\" align=\"center\" width=\"676\" height=\"370\" srcset=\"https:\/\/wordpress.callac.online\/wp-content\/uploads\/2007\/09\/jpg_equation_droite.jpg 676w, https:\/\/wordpress.callac.online\/wp-content\/uploads\/2007\/09\/jpg_equation_droite-300x164.jpg 300w\" sizes=\"auto, (max-width: 676px) 100vw, 676px\" \/><\/p>\n<p><a href=\"http:\/\/wordpress.callac.online\/wp-content\/uploads\/2007\/09\/zip_equation_droite.ggb_.zip\">equation_droite.ggb.zip<\/a><\/p>\n","protected":false},"excerpt":{"rendered":"<p>equation_droite.ggb.zip<\/p>\n","protected":false},"author":1,"featured_media":620,"parent":2182,"menu_order":0,"comment_status":"closed","ping_status":"closed","template":"","meta":{"footnotes":""},"class_list":["post-117","page","type-page","status-publish","has-post-thumbnail","hentry"],"yoast_head":"<!-- This site is optimized with the Yoast SEO plugin v27.4 - https:\/\/yoast.com\/product\/yoast-seo-wordpress\/ -->\n<title>Coefficient directeur et ordonn\u00e9e \u00e0 l&#039;origine (Geogebra) - Maths &amp; Num\u00e9rique<\/title>\n<meta name=\"robots\" content=\"index, follow, max-snippet:-1, max-image-preview:large, max-video-preview:-1\" \/>\n<link rel=\"canonical\" href=\"https:\/\/wordpress.callac.online\/index.php\/logiciels-mathematiques\/geogebra\/archives-geogebra\/coefficient-directeur-et-ordonnee-a-lorigine-geogebra\/\" \/>\n<meta property=\"og:locale\" content=\"fr_FR\" \/>\n<meta property=\"og:type\" content=\"article\" \/>\n<meta property=\"og:title\" content=\"Coefficient directeur et ordonn\u00e9e \u00e0 l&#039;origine (Geogebra) - Maths &amp; Num\u00e9rique\" \/>\n<meta property=\"og:description\" content=\"equation_droite.ggb.zip\" \/>\n<meta property=\"og:url\" content=\"https:\/\/wordpress.callac.online\/index.php\/logiciels-mathematiques\/geogebra\/archives-geogebra\/coefficient-directeur-et-ordonnee-a-lorigine-geogebra\/\" \/>\n<meta property=\"og:site_name\" content=\"Maths &amp; Num\u00e9rique\" \/>\n<meta property=\"article:modified_time\" content=\"2023-10-14T18:13:17+00:00\" \/>\n<meta property=\"og:image\" content=\"http:\/\/wordpress.callac.online\/wp-content\/uploads\/2007\/09\/jpg_equation_droite.jpg\" \/>\n\t<meta property=\"og:image:width\" content=\"676\" \/>\n\t<meta property=\"og:image:height\" content=\"370\" \/>\n\t<meta property=\"og:image:type\" content=\"image\/jpeg\" \/>\n<meta name=\"twitter:card\" content=\"summary_large_image\" \/>\n<script type=\"application\/ld+json\" class=\"yoast-schema-graph\">{\"@context\":\"https:\\\/\\\/schema.org\",\"@graph\":[{\"@type\":\"WebPage\",\"@id\":\"https:\\\/\\\/wordpress.callac.online\\\/index.php\\\/logiciels-mathematiques\\\/geogebra\\\/archives-geogebra\\\/coefficient-directeur-et-ordonnee-a-lorigine-geogebra\\\/\",\"url\":\"https:\\\/\\\/wordpress.callac.online\\\/index.php\\\/logiciels-mathematiques\\\/geogebra\\\/archives-geogebra\\\/coefficient-directeur-et-ordonnee-a-lorigine-geogebra\\\/\",\"name\":\"Coefficient directeur et ordonn\u00e9e \u00e0 l'origine (Geogebra) - Maths &amp; Num\u00e9rique\",\"isPartOf\":{\"@id\":\"https:\\\/\\\/wordpress.callac.online\\\/#website\"},\"primaryImageOfPage\":{\"@id\":\"https:\\\/\\\/wordpress.callac.online\\\/index.php\\\/logiciels-mathematiques\\\/geogebra\\\/archives-geogebra\\\/coefficient-directeur-et-ordonnee-a-lorigine-geogebra\\\/#primaryimage\"},\"image\":{\"@id\":\"https:\\\/\\\/wordpress.callac.online\\\/index.php\\\/logiciels-mathematiques\\\/geogebra\\\/archives-geogebra\\\/coefficient-directeur-et-ordonnee-a-lorigine-geogebra\\\/#primaryimage\"},\"thumbnailUrl\":\"https:\\\/\\\/wordpress.callac.online\\\/wp-content\\\/uploads\\\/2007\\\/09\\\/jpg_equation_droite.jpg\",\"datePublished\":\"2007-09-11T23:37:27+00:00\",\"dateModified\":\"2023-10-14T18:13:17+00:00\",\"breadcrumb\":{\"@id\":\"https:\\\/\\\/wordpress.callac.online\\\/index.php\\\/logiciels-mathematiques\\\/geogebra\\\/archives-geogebra\\\/coefficient-directeur-et-ordonnee-a-lorigine-geogebra\\\/#breadcrumb\"},\"inLanguage\":\"fr-FR\",\"potentialAction\":[{\"@type\":\"ReadAction\",\"target\":[\"https:\\\/\\\/wordpress.callac.online\\\/index.php\\\/logiciels-mathematiques\\\/geogebra\\\/archives-geogebra\\\/coefficient-directeur-et-ordonnee-a-lorigine-geogebra\\\/\"]}]},{\"@type\":\"ImageObject\",\"inLanguage\":\"fr-FR\",\"@id\":\"https:\\\/\\\/wordpress.callac.online\\\/index.php\\\/logiciels-mathematiques\\\/geogebra\\\/archives-geogebra\\\/coefficient-directeur-et-ordonnee-a-lorigine-geogebra\\\/#primaryimage\",\"url\":\"https:\\\/\\\/wordpress.callac.online\\\/wp-content\\\/uploads\\\/2007\\\/09\\\/jpg_equation_droite.jpg\",\"contentUrl\":\"https:\\\/\\\/wordpress.callac.online\\\/wp-content\\\/uploads\\\/2007\\\/09\\\/jpg_equation_droite.jpg\",\"width\":676,\"height\":370,\"caption\":\"equation_droite.jpg\"},{\"@type\":\"BreadcrumbList\",\"@id\":\"https:\\\/\\\/wordpress.callac.online\\\/index.php\\\/logiciels-mathematiques\\\/geogebra\\\/archives-geogebra\\\/coefficient-directeur-et-ordonnee-a-lorigine-geogebra\\\/#breadcrumb\",\"itemListElement\":[{\"@type\":\"ListItem\",\"position\":1,\"name\":\"Accueil\",\"item\":\"https:\\\/\\\/wordpress.callac.online\\\/\"},{\"@type\":\"ListItem\",\"position\":2,\"name\":\"Logiciels math\u00e9matiques\",\"item\":\"https:\\\/\\\/wordpress.callac.online\\\/index.php\\\/logiciels-mathematiques\\\/\"},{\"@type\":\"ListItem\",\"position\":3,\"name\":\"Geogebra\",\"item\":\"https:\\\/\\\/wordpress.callac.online\\\/index.php\\\/logiciels-mathematiques\\\/geogebra\\\/\"},{\"@type\":\"ListItem\",\"position\":4,\"name\":\"Archives Geogebra\",\"item\":\"https:\\\/\\\/wordpress.callac.online\\\/index.php\\\/logiciels-mathematiques\\\/geogebra\\\/archives-geogebra\\\/\"},{\"@type\":\"ListItem\",\"position\":5,\"name\":\"Coefficient directeur et ordonn\u00e9e \u00e0 l&#8217;origine (Geogebra)\"}]},{\"@type\":\"WebSite\",\"@id\":\"https:\\\/\\\/wordpress.callac.online\\\/#website\",\"url\":\"https:\\\/\\\/wordpress.callac.online\\\/\",\"name\":\"Maths & Num\u00e9rique\",\"description\":\"Des outils pour les enseignants de math\u00e9matiques et de num\u00e9rique\",\"publisher\":{\"@id\":\"https:\\\/\\\/wordpress.callac.online\\\/#\\\/schema\\\/person\\\/04061f1ca2c2c42039142a704be95940\"},\"potentialAction\":[{\"@type\":\"SearchAction\",\"target\":{\"@type\":\"EntryPoint\",\"urlTemplate\":\"https:\\\/\\\/wordpress.callac.online\\\/?s={search_term_string}\"},\"query-input\":{\"@type\":\"PropertyValueSpecification\",\"valueRequired\":true,\"valueName\":\"search_term_string\"}}],\"inLanguage\":\"fr-FR\"},{\"@type\":[\"Person\",\"Organization\"],\"@id\":\"https:\\\/\\\/wordpress.callac.online\\\/#\\\/schema\\\/person\\\/04061f1ca2c2c42039142a704be95940\",\"name\":\"dlefur\",\"image\":{\"@type\":\"ImageObject\",\"inLanguage\":\"fr-FR\",\"@id\":\"https:\\\/\\\/secure.gravatar.com\\\/avatar\\\/4a9e17be136808c6597f28aa2b6c13126dab066fdc2198ff60090972c9b7fafc?s=96&d=mm&r=g\",\"url\":\"https:\\\/\\\/secure.gravatar.com\\\/avatar\\\/4a9e17be136808c6597f28aa2b6c13126dab066fdc2198ff60090972c9b7fafc?s=96&d=mm&r=g\",\"contentUrl\":\"https:\\\/\\\/secure.gravatar.com\\\/avatar\\\/4a9e17be136808c6597f28aa2b6c13126dab066fdc2198ff60090972c9b7fafc?s=96&d=mm&r=g\",\"caption\":\"dlefur\"},\"logo\":{\"@id\":\"https:\\\/\\\/secure.gravatar.com\\\/avatar\\\/4a9e17be136808c6597f28aa2b6c13126dab066fdc2198ff60090972c9b7fafc?s=96&d=mm&r=g\"},\"description\":\"Enseignant de math\u00e9matiques Lyc\u00e9e Pasteur S\u00e3o Paulo\",\"sameAs\":[\"http:\\\/\\\/wordpress.callac.online\"]}]}<\/script>\n<!-- \/ Yoast SEO plugin. -->","yoast_head_json":{"title":"Coefficient directeur et ordonn\u00e9e \u00e0 l'origine (Geogebra) - Maths &amp; Num\u00e9rique","robots":{"index":"index","follow":"follow","max-snippet":"max-snippet:-1","max-image-preview":"max-image-preview:large","max-video-preview":"max-video-preview:-1"},"canonical":"https:\/\/wordpress.callac.online\/index.php\/logiciels-mathematiques\/geogebra\/archives-geogebra\/coefficient-directeur-et-ordonnee-a-lorigine-geogebra\/","og_locale":"fr_FR","og_type":"article","og_title":"Coefficient directeur et ordonn\u00e9e \u00e0 l'origine (Geogebra) - Maths &amp; Num\u00e9rique","og_description":"equation_droite.ggb.zip","og_url":"https:\/\/wordpress.callac.online\/index.php\/logiciels-mathematiques\/geogebra\/archives-geogebra\/coefficient-directeur-et-ordonnee-a-lorigine-geogebra\/","og_site_name":"Maths &amp; Num\u00e9rique","article_modified_time":"2023-10-14T18:13:17+00:00","og_image":[{"width":676,"height":370,"url":"http:\/\/wordpress.callac.online\/wp-content\/uploads\/2007\/09\/jpg_equation_droite.jpg","type":"image\/jpeg"}],"twitter_card":"summary_large_image","schema":{"@context":"https:\/\/schema.org","@graph":[{"@type":"WebPage","@id":"https:\/\/wordpress.callac.online\/index.php\/logiciels-mathematiques\/geogebra\/archives-geogebra\/coefficient-directeur-et-ordonnee-a-lorigine-geogebra\/","url":"https:\/\/wordpress.callac.online\/index.php\/logiciels-mathematiques\/geogebra\/archives-geogebra\/coefficient-directeur-et-ordonnee-a-lorigine-geogebra\/","name":"Coefficient directeur et ordonn\u00e9e \u00e0 l'origine (Geogebra) - Maths &amp; Num\u00e9rique","isPartOf":{"@id":"https:\/\/wordpress.callac.online\/#website"},"primaryImageOfPage":{"@id":"https:\/\/wordpress.callac.online\/index.php\/logiciels-mathematiques\/geogebra\/archives-geogebra\/coefficient-directeur-et-ordonnee-a-lorigine-geogebra\/#primaryimage"},"image":{"@id":"https:\/\/wordpress.callac.online\/index.php\/logiciels-mathematiques\/geogebra\/archives-geogebra\/coefficient-directeur-et-ordonnee-a-lorigine-geogebra\/#primaryimage"},"thumbnailUrl":"https:\/\/wordpress.callac.online\/wp-content\/uploads\/2007\/09\/jpg_equation_droite.jpg","datePublished":"2007-09-11T23:37:27+00:00","dateModified":"2023-10-14T18:13:17+00:00","breadcrumb":{"@id":"https:\/\/wordpress.callac.online\/index.php\/logiciels-mathematiques\/geogebra\/archives-geogebra\/coefficient-directeur-et-ordonnee-a-lorigine-geogebra\/#breadcrumb"},"inLanguage":"fr-FR","potentialAction":[{"@type":"ReadAction","target":["https:\/\/wordpress.callac.online\/index.php\/logiciels-mathematiques\/geogebra\/archives-geogebra\/coefficient-directeur-et-ordonnee-a-lorigine-geogebra\/"]}]},{"@type":"ImageObject","inLanguage":"fr-FR","@id":"https:\/\/wordpress.callac.online\/index.php\/logiciels-mathematiques\/geogebra\/archives-geogebra\/coefficient-directeur-et-ordonnee-a-lorigine-geogebra\/#primaryimage","url":"https:\/\/wordpress.callac.online\/wp-content\/uploads\/2007\/09\/jpg_equation_droite.jpg","contentUrl":"https:\/\/wordpress.callac.online\/wp-content\/uploads\/2007\/09\/jpg_equation_droite.jpg","width":676,"height":370,"caption":"equation_droite.jpg"},{"@type":"BreadcrumbList","@id":"https:\/\/wordpress.callac.online\/index.php\/logiciels-mathematiques\/geogebra\/archives-geogebra\/coefficient-directeur-et-ordonnee-a-lorigine-geogebra\/#breadcrumb","itemListElement":[{"@type":"ListItem","position":1,"name":"Accueil","item":"https:\/\/wordpress.callac.online\/"},{"@type":"ListItem","position":2,"name":"Logiciels math\u00e9matiques","item":"https:\/\/wordpress.callac.online\/index.php\/logiciels-mathematiques\/"},{"@type":"ListItem","position":3,"name":"Geogebra","item":"https:\/\/wordpress.callac.online\/index.php\/logiciels-mathematiques\/geogebra\/"},{"@type":"ListItem","position":4,"name":"Archives Geogebra","item":"https:\/\/wordpress.callac.online\/index.php\/logiciels-mathematiques\/geogebra\/archives-geogebra\/"},{"@type":"ListItem","position":5,"name":"Coefficient directeur et ordonn\u00e9e \u00e0 l&#8217;origine (Geogebra)"}]},{"@type":"WebSite","@id":"https:\/\/wordpress.callac.online\/#website","url":"https:\/\/wordpress.callac.online\/","name":"Maths & Num\u00e9rique","description":"Des outils pour les enseignants de math\u00e9matiques et de num\u00e9rique","publisher":{"@id":"https:\/\/wordpress.callac.online\/#\/schema\/person\/04061f1ca2c2c42039142a704be95940"},"potentialAction":[{"@type":"SearchAction","target":{"@type":"EntryPoint","urlTemplate":"https:\/\/wordpress.callac.online\/?s={search_term_string}"},"query-input":{"@type":"PropertyValueSpecification","valueRequired":true,"valueName":"search_term_string"}}],"inLanguage":"fr-FR"},{"@type":["Person","Organization"],"@id":"https:\/\/wordpress.callac.online\/#\/schema\/person\/04061f1ca2c2c42039142a704be95940","name":"dlefur","image":{"@type":"ImageObject","inLanguage":"fr-FR","@id":"https:\/\/secure.gravatar.com\/avatar\/4a9e17be136808c6597f28aa2b6c13126dab066fdc2198ff60090972c9b7fafc?s=96&d=mm&r=g","url":"https:\/\/secure.gravatar.com\/avatar\/4a9e17be136808c6597f28aa2b6c13126dab066fdc2198ff60090972c9b7fafc?s=96&d=mm&r=g","contentUrl":"https:\/\/secure.gravatar.com\/avatar\/4a9e17be136808c6597f28aa2b6c13126dab066fdc2198ff60090972c9b7fafc?s=96&d=mm&r=g","caption":"dlefur"},"logo":{"@id":"https:\/\/secure.gravatar.com\/avatar\/4a9e17be136808c6597f28aa2b6c13126dab066fdc2198ff60090972c9b7fafc?s=96&d=mm&r=g"},"description":"Enseignant de math\u00e9matiques Lyc\u00e9e Pasteur S\u00e3o Paulo","sameAs":["http:\/\/wordpress.callac.online"]}]}},"_links":{"self":[{"href":"https:\/\/wordpress.callac.online\/index.php\/wp-json\/wp\/v2\/pages\/117","targetHints":{"allow":["GET"]}}],"collection":[{"href":"https:\/\/wordpress.callac.online\/index.php\/wp-json\/wp\/v2\/pages"}],"about":[{"href":"https:\/\/wordpress.callac.online\/index.php\/wp-json\/wp\/v2\/types\/page"}],"author":[{"embeddable":true,"href":"https:\/\/wordpress.callac.online\/index.php\/wp-json\/wp\/v2\/users\/1"}],"replies":[{"embeddable":true,"href":"https:\/\/wordpress.callac.online\/index.php\/wp-json\/wp\/v2\/comments?post=117"}],"version-history":[{"count":1,"href":"https:\/\/wordpress.callac.online\/index.php\/wp-json\/wp\/v2\/pages\/117\/revisions"}],"predecessor-version":[{"id":1528,"href":"https:\/\/wordpress.callac.online\/index.php\/wp-json\/wp\/v2\/pages\/117\/revisions\/1528"}],"up":[{"embeddable":true,"href":"https:\/\/wordpress.callac.online\/index.php\/wp-json\/wp\/v2\/pages\/2182"}],"wp:featuredmedia":[{"embeddable":true,"href":"https:\/\/wordpress.callac.online\/index.php\/wp-json\/wp\/v2\/media\/620"}],"wp:attachment":[{"href":"https:\/\/wordpress.callac.online\/index.php\/wp-json\/wp\/v2\/media?parent=117"}],"curies":[{"name":"wp","href":"https:\/\/api.w.org\/{rel}","templated":true}]}}