{"id":120,"date":"2007-10-02T18:27:56","date_gmt":"2007-10-02T16:27:56","guid":{"rendered":"http:\/\/wordpress.callac.online\/index.php\/mes-fichiers-personnels-metapost\/"},"modified":"2023-10-14T20:12:37","modified_gmt":"2023-10-14T18:12:37","slug":"mes-fichiers-personnels-metapost","status":"publish","type":"page","link":"https:\/\/wordpress.callac.online\/index.php\/edition-mathematique\/metapost\/gedit-mon-editeur-metapost\/mes-fichiers-personnels-metapost\/","title":{"rendered":"Mes fichiers personnels Metapost"},"content":{"rendered":"<h2>Attention !<\/h2>\n<p>Ces fichiers doivent se trouver dans texmf\/metapost\/local\/.<\/p>\n<hr \/>\n<h2>dlf_couleurs.mp<\/h2>\n<hr \/>\n<p>Fichier d\u00e9finissant les couleurs<\/p>\n<p><a href=\"http:\/\/wordpress.callac.online\/wp-content\/uploads\/2007\/10\/zip_dlf_couleurs.mp_.zip\">dlf_couleurs.mp.zip<\/a><\/p>\n<h2>dlf_tex.mp<\/h2>\n<hr \/>\n<p>Fichier d\u00e9finissant la macro TEX permettant de cr\u00e9er du texte \u00ab\u00a0latex\u00a0\u00bb.<\/p>\n<p><a href=\"http:\/\/wordpress.callac.online\/wp-content\/uploads\/2007\/10\/zip_dlf_tex.mp_.zip\">dlf_tex.mp.zip<\/a><\/p>\n<h2>dlf_transparence.mp<\/h2>\n<hr \/>\n<p>Fichier d\u00e9finissant la transparence<\/p>\n<p><a href=\"http:\/\/wordpress.callac.online\/wp-content\/uploads\/2007\/10\/zip_dlf_transparence.mp_.zip\">dlf_transparence.mp.zip<\/a><\/p>\n<h2>dlf_courbe.mp<\/h2>\n<hr \/>\n<p>Fichier permettant de cr\u00e9er des courbes (compl\u00e9ment \u00e0 courbescp13.mp)<\/p>\n<p>Ce fichier utilise :<br \/>\n&#8211; dlf_tex.mp<\/p>\n<p><a href=\"http:\/\/wordpress.callac.online\/wp-content\/uploads\/2007\/10\/zip_dlf_courbe.mp-2.zip\">dlf_courbe.mp.zip<\/a><\/p>\n<h2>dlf_espace.mp<\/h2>\n<hr \/>\n<p>Fichier permettant de cr\u00e9er des surfaces d&rsquo;\u00e9quation z=f(x,y)<\/p>\n<p>Ce fichier utilise :<br \/>\n&#8211; dlf_tex.mp<br \/>\n&#8211; dlf_couleurs.mp<br \/>\n&#8211; dlf_transparence.mp<\/p>\n<p><a href=\"IMG\/zip\/dlf_espace.mp-2.zip\"><br \/>\ndlf_espace.mp.zip<\/a><\/p>\n<h2>dlf_stats.mp<\/h2>\n<hr \/>\n<p>Fichier permettant de cr\u00e9er des statistiques<\/p>\n<p>Ce fichier utilise :<br \/>\n&#8211; dlf_tex.mp<br \/>\n&#8211; dlf_couleurs.mp<br \/>\n&#8211; dlf_transparence.mp<\/p>\n<p><a href=\"http:\/\/wordpress.callac.online\/wp-content\/uploads\/2007\/10\/zip_dlf_stats.mp-2.zip\">dlf_stats.mp.zip<\/a><\/p>\n<h2>dlf_boxes.mp<\/h2>\n<hr \/>\n<p>Fichier permettant de cr\u00e9er des graphes<\/p>\n<p><a href=\"http:\/\/wordpress.callac.online\/wp-content\/uploads\/2007\/10\/zip_dlf_boxes.mp_.zip\">dlf_boxes.mp.zip<\/a><\/p>\n","protected":false},"excerpt":{"rendered":"<p>Attention ! Ces fichiers doivent se trouver dans texmf\/metapost\/local\/. dlf_couleurs.mp Fichier d\u00e9finissant les couleurs dlf_couleurs.mp.zip dlf_tex.mp Fichier d\u00e9finissant la macro TEX permettant de cr\u00e9er du texte \u00ab\u00a0latex\u00a0\u00bb. dlf_tex.mp.zip dlf_transparence.mp Fichier&hellip;<\/p>\n","protected":false},"author":1,"featured_media":0,"parent":2416,"menu_order":1,"comment_status":"closed","ping_status":"closed","template":"","meta":{"footnotes":""},"class_list":["post-120","page","type-page","status-publish","hentry"],"yoast_head":"<!-- This site is optimized with the Yoast SEO plugin v27.4 - https:\/\/yoast.com\/product\/yoast-seo-wordpress\/ -->\n<title>Mes fichiers personnels Metapost - Maths &amp; Num\u00e9rique<\/title>\n<meta name=\"robots\" content=\"index, follow, max-snippet:-1, max-image-preview:large, max-video-preview:-1\" \/>\n<link rel=\"canonical\" href=\"https:\/\/wordpress.callac.online\/index.php\/edition-mathematique\/metapost\/gedit-mon-editeur-metapost\/mes-fichiers-personnels-metapost\/\" \/>\n<meta property=\"og:locale\" content=\"fr_FR\" \/>\n<meta property=\"og:type\" content=\"article\" \/>\n<meta property=\"og:title\" content=\"Mes fichiers personnels Metapost - Maths &amp; Num\u00e9rique\" \/>\n<meta property=\"og:description\" content=\"Attention ! Ces fichiers doivent se trouver dans texmf\/metapost\/local\/. dlf_couleurs.mp Fichier d\u00e9finissant les couleurs dlf_couleurs.mp.zip dlf_tex.mp Fichier d\u00e9finissant la macro TEX permettant de cr\u00e9er du texte \u00ab\u00a0latex\u00a0\u00bb. dlf_tex.mp.zip dlf_transparence.mp Fichier&hellip;\" \/>\n<meta property=\"og:url\" content=\"https:\/\/wordpress.callac.online\/index.php\/edition-mathematique\/metapost\/gedit-mon-editeur-metapost\/mes-fichiers-personnels-metapost\/\" \/>\n<meta property=\"og:site_name\" content=\"Maths &amp; Num\u00e9rique\" \/>\n<meta property=\"article:modified_time\" content=\"2023-10-14T18:12:37+00:00\" \/>\n<meta name=\"twitter:card\" content=\"summary_large_image\" \/>\n<meta name=\"twitter:label1\" content=\"Dur\u00e9e de lecture estim\u00e9e\" \/>\n\t<meta name=\"twitter:data1\" content=\"1 minute\" \/>\n<script type=\"application\/ld+json\" class=\"yoast-schema-graph\">{\"@context\":\"https:\\\/\\\/schema.org\",\"@graph\":[{\"@type\":\"WebPage\",\"@id\":\"https:\\\/\\\/wordpress.callac.online\\\/index.php\\\/edition-mathematique\\\/metapost\\\/gedit-mon-editeur-metapost\\\/mes-fichiers-personnels-metapost\\\/\",\"url\":\"https:\\\/\\\/wordpress.callac.online\\\/index.php\\\/edition-mathematique\\\/metapost\\\/gedit-mon-editeur-metapost\\\/mes-fichiers-personnels-metapost\\\/\",\"name\":\"Mes fichiers personnels Metapost - Maths &amp; Num\u00e9rique\",\"isPartOf\":{\"@id\":\"https:\\\/\\\/wordpress.callac.online\\\/#website\"},\"datePublished\":\"2007-10-02T16:27:56+00:00\",\"dateModified\":\"2023-10-14T18:12:37+00:00\",\"breadcrumb\":{\"@id\":\"https:\\\/\\\/wordpress.callac.online\\\/index.php\\\/edition-mathematique\\\/metapost\\\/gedit-mon-editeur-metapost\\\/mes-fichiers-personnels-metapost\\\/#breadcrumb\"},\"inLanguage\":\"fr-FR\",\"potentialAction\":[{\"@type\":\"ReadAction\",\"target\":[\"https:\\\/\\\/wordpress.callac.online\\\/index.php\\\/edition-mathematique\\\/metapost\\\/gedit-mon-editeur-metapost\\\/mes-fichiers-personnels-metapost\\\/\"]}]},{\"@type\":\"BreadcrumbList\",\"@id\":\"https:\\\/\\\/wordpress.callac.online\\\/index.php\\\/edition-mathematique\\\/metapost\\\/gedit-mon-editeur-metapost\\\/mes-fichiers-personnels-metapost\\\/#breadcrumb\",\"itemListElement\":[{\"@type\":\"ListItem\",\"position\":1,\"name\":\"Accueil\",\"item\":\"https:\\\/\\\/wordpress.callac.online\\\/\"},{\"@type\":\"ListItem\",\"position\":2,\"name\":\"\u00c9dition math\u00e9matique\",\"item\":\"https:\\\/\\\/wordpress.callac.online\\\/index.php\\\/edition-mathematique\\\/\"},{\"@type\":\"ListItem\",\"position\":3,\"name\":\"Metapost\",\"item\":\"https:\\\/\\\/wordpress.callac.online\\\/index.php\\\/edition-mathematique\\\/metapost\\\/\"},{\"@type\":\"ListItem\",\"position\":4,\"name\":\"Gedit : mon \u00e9diteur Metapost\",\"item\":\"https:\\\/\\\/wordpress.callac.online\\\/index.php\\\/edition-mathematique\\\/metapost\\\/gedit-mon-editeur-metapost\\\/\"},{\"@type\":\"ListItem\",\"position\":5,\"name\":\"Mes fichiers personnels Metapost\"}]},{\"@type\":\"WebSite\",\"@id\":\"https:\\\/\\\/wordpress.callac.online\\\/#website\",\"url\":\"https:\\\/\\\/wordpress.callac.online\\\/\",\"name\":\"Maths & Num\u00e9rique\",\"description\":\"Des outils pour les enseignants de math\u00e9matiques et de num\u00e9rique\",\"publisher\":{\"@id\":\"https:\\\/\\\/wordpress.callac.online\\\/#\\\/schema\\\/person\\\/04061f1ca2c2c42039142a704be95940\"},\"potentialAction\":[{\"@type\":\"SearchAction\",\"target\":{\"@type\":\"EntryPoint\",\"urlTemplate\":\"https:\\\/\\\/wordpress.callac.online\\\/?s={search_term_string}\"},\"query-input\":{\"@type\":\"PropertyValueSpecification\",\"valueRequired\":true,\"valueName\":\"search_term_string\"}}],\"inLanguage\":\"fr-FR\"},{\"@type\":[\"Person\",\"Organization\"],\"@id\":\"https:\\\/\\\/wordpress.callac.online\\\/#\\\/schema\\\/person\\\/04061f1ca2c2c42039142a704be95940\",\"name\":\"dlefur\",\"image\":{\"@type\":\"ImageObject\",\"inLanguage\":\"fr-FR\",\"@id\":\"https:\\\/\\\/secure.gravatar.com\\\/avatar\\\/4a9e17be136808c6597f28aa2b6c13126dab066fdc2198ff60090972c9b7fafc?s=96&d=mm&r=g\",\"url\":\"https:\\\/\\\/secure.gravatar.com\\\/avatar\\\/4a9e17be136808c6597f28aa2b6c13126dab066fdc2198ff60090972c9b7fafc?s=96&d=mm&r=g\",\"contentUrl\":\"https:\\\/\\\/secure.gravatar.com\\\/avatar\\\/4a9e17be136808c6597f28aa2b6c13126dab066fdc2198ff60090972c9b7fafc?s=96&d=mm&r=g\",\"caption\":\"dlefur\"},\"logo\":{\"@id\":\"https:\\\/\\\/secure.gravatar.com\\\/avatar\\\/4a9e17be136808c6597f28aa2b6c13126dab066fdc2198ff60090972c9b7fafc?s=96&d=mm&r=g\"},\"description\":\"Enseignant de math\u00e9matiques Lyc\u00e9e Pasteur S\u00e3o Paulo\",\"sameAs\":[\"http:\\\/\\\/wordpress.callac.online\"]}]}<\/script>\n<!-- \/ Yoast SEO plugin. -->","yoast_head_json":{"title":"Mes fichiers personnels Metapost - Maths &amp; Num\u00e9rique","robots":{"index":"index","follow":"follow","max-snippet":"max-snippet:-1","max-image-preview":"max-image-preview:large","max-video-preview":"max-video-preview:-1"},"canonical":"https:\/\/wordpress.callac.online\/index.php\/edition-mathematique\/metapost\/gedit-mon-editeur-metapost\/mes-fichiers-personnels-metapost\/","og_locale":"fr_FR","og_type":"article","og_title":"Mes fichiers personnels Metapost - Maths &amp; Num\u00e9rique","og_description":"Attention ! Ces fichiers doivent se trouver dans texmf\/metapost\/local\/. dlf_couleurs.mp Fichier d\u00e9finissant les couleurs dlf_couleurs.mp.zip dlf_tex.mp Fichier d\u00e9finissant la macro TEX permettant de cr\u00e9er du texte \u00ab\u00a0latex\u00a0\u00bb. dlf_tex.mp.zip dlf_transparence.mp Fichier&hellip;","og_url":"https:\/\/wordpress.callac.online\/index.php\/edition-mathematique\/metapost\/gedit-mon-editeur-metapost\/mes-fichiers-personnels-metapost\/","og_site_name":"Maths &amp; Num\u00e9rique","article_modified_time":"2023-10-14T18:12:37+00:00","twitter_card":"summary_large_image","twitter_misc":{"Dur\u00e9e de lecture estim\u00e9e":"1 minute"},"schema":{"@context":"https:\/\/schema.org","@graph":[{"@type":"WebPage","@id":"https:\/\/wordpress.callac.online\/index.php\/edition-mathematique\/metapost\/gedit-mon-editeur-metapost\/mes-fichiers-personnels-metapost\/","url":"https:\/\/wordpress.callac.online\/index.php\/edition-mathematique\/metapost\/gedit-mon-editeur-metapost\/mes-fichiers-personnels-metapost\/","name":"Mes fichiers personnels Metapost - Maths &amp; Num\u00e9rique","isPartOf":{"@id":"https:\/\/wordpress.callac.online\/#website"},"datePublished":"2007-10-02T16:27:56+00:00","dateModified":"2023-10-14T18:12:37+00:00","breadcrumb":{"@id":"https:\/\/wordpress.callac.online\/index.php\/edition-mathematique\/metapost\/gedit-mon-editeur-metapost\/mes-fichiers-personnels-metapost\/#breadcrumb"},"inLanguage":"fr-FR","potentialAction":[{"@type":"ReadAction","target":["https:\/\/wordpress.callac.online\/index.php\/edition-mathematique\/metapost\/gedit-mon-editeur-metapost\/mes-fichiers-personnels-metapost\/"]}]},{"@type":"BreadcrumbList","@id":"https:\/\/wordpress.callac.online\/index.php\/edition-mathematique\/metapost\/gedit-mon-editeur-metapost\/mes-fichiers-personnels-metapost\/#breadcrumb","itemListElement":[{"@type":"ListItem","position":1,"name":"Accueil","item":"https:\/\/wordpress.callac.online\/"},{"@type":"ListItem","position":2,"name":"\u00c9dition math\u00e9matique","item":"https:\/\/wordpress.callac.online\/index.php\/edition-mathematique\/"},{"@type":"ListItem","position":3,"name":"Metapost","item":"https:\/\/wordpress.callac.online\/index.php\/edition-mathematique\/metapost\/"},{"@type":"ListItem","position":4,"name":"Gedit : mon \u00e9diteur Metapost","item":"https:\/\/wordpress.callac.online\/index.php\/edition-mathematique\/metapost\/gedit-mon-editeur-metapost\/"},{"@type":"ListItem","position":5,"name":"Mes fichiers personnels Metapost"}]},{"@type":"WebSite","@id":"https:\/\/wordpress.callac.online\/#website","url":"https:\/\/wordpress.callac.online\/","name":"Maths & Num\u00e9rique","description":"Des outils pour les enseignants de math\u00e9matiques et de num\u00e9rique","publisher":{"@id":"https:\/\/wordpress.callac.online\/#\/schema\/person\/04061f1ca2c2c42039142a704be95940"},"potentialAction":[{"@type":"SearchAction","target":{"@type":"EntryPoint","urlTemplate":"https:\/\/wordpress.callac.online\/?s={search_term_string}"},"query-input":{"@type":"PropertyValueSpecification","valueRequired":true,"valueName":"search_term_string"}}],"inLanguage":"fr-FR"},{"@type":["Person","Organization"],"@id":"https:\/\/wordpress.callac.online\/#\/schema\/person\/04061f1ca2c2c42039142a704be95940","name":"dlefur","image":{"@type":"ImageObject","inLanguage":"fr-FR","@id":"https:\/\/secure.gravatar.com\/avatar\/4a9e17be136808c6597f28aa2b6c13126dab066fdc2198ff60090972c9b7fafc?s=96&d=mm&r=g","url":"https:\/\/secure.gravatar.com\/avatar\/4a9e17be136808c6597f28aa2b6c13126dab066fdc2198ff60090972c9b7fafc?s=96&d=mm&r=g","contentUrl":"https:\/\/secure.gravatar.com\/avatar\/4a9e17be136808c6597f28aa2b6c13126dab066fdc2198ff60090972c9b7fafc?s=96&d=mm&r=g","caption":"dlefur"},"logo":{"@id":"https:\/\/secure.gravatar.com\/avatar\/4a9e17be136808c6597f28aa2b6c13126dab066fdc2198ff60090972c9b7fafc?s=96&d=mm&r=g"},"description":"Enseignant de math\u00e9matiques Lyc\u00e9e Pasteur S\u00e3o Paulo","sameAs":["http:\/\/wordpress.callac.online"]}]}},"_links":{"self":[{"href":"https:\/\/wordpress.callac.online\/index.php\/wp-json\/wp\/v2\/pages\/120","targetHints":{"allow":["GET"]}}],"collection":[{"href":"https:\/\/wordpress.callac.online\/index.php\/wp-json\/wp\/v2\/pages"}],"about":[{"href":"https:\/\/wordpress.callac.online\/index.php\/wp-json\/wp\/v2\/types\/page"}],"author":[{"embeddable":true,"href":"https:\/\/wordpress.callac.online\/index.php\/wp-json\/wp\/v2\/users\/1"}],"replies":[{"embeddable":true,"href":"https:\/\/wordpress.callac.online\/index.php\/wp-json\/wp\/v2\/comments?post=120"}],"version-history":[{"count":2,"href":"https:\/\/wordpress.callac.online\/index.php\/wp-json\/wp\/v2\/pages\/120\/revisions"}],"predecessor-version":[{"id":2609,"href":"https:\/\/wordpress.callac.online\/index.php\/wp-json\/wp\/v2\/pages\/120\/revisions\/2609"}],"up":[{"embeddable":true,"href":"https:\/\/wordpress.callac.online\/index.php\/wp-json\/wp\/v2\/pages\/2416"}],"wp:attachment":[{"href":"https:\/\/wordpress.callac.online\/index.php\/wp-json\/wp\/v2\/media?parent=120"}],"curies":[{"name":"wp","href":"https:\/\/api.w.org\/{rel}","templated":true}]}}