{"id":124,"date":"2007-10-05T22:58:48","date_gmt":"2007-10-05T20:58:48","guid":{"rendered":"http:\/\/wordpress.callac.online\/index.php\/exemples-de-graphes-avec-metapost\/"},"modified":"2023-10-14T20:12:48","modified_gmt":"2023-10-14T18:12:48","slug":"exemples-de-graphes-avec-metapost","status":"publish","type":"page","link":"https:\/\/wordpress.callac.online\/index.php\/edition-mathematique\/metapost\/les-graphes\/exemples-de-graphes-avec-metapost\/","title":{"rendered":"Exemples de graphes avec Metapost"},"content":{"rendered":"<p>Les exemples suivants utilisent des fichiers de configuration disponibles <a href=\"https:\/\/wordpress.callac.online\/index.php\/edition-mathematique\/metapost\/gedit-mon-editeur-metapost\/mes-fichiers-personnels-metapost\/\">ici<\/a> :<br \/>\n&#8211; dlf_tex.mp<br \/>\n&#8211; dlf_boxes.mp<\/p>\n<h2>Exemple 1<\/h2>\n<hr \/>\n<p><img loading=\"lazy\" decoding=\"async\" class=\" aligncenter size-full wp-image-636\" src=\"http:\/\/wordpress.callac.online\/wp-content\/uploads\/2007\/10\/jpg_graphe1.jpg\" alt=\"graphe1.jpg\" width=\"400\" height=\"319\" align=\"center\" srcset=\"https:\/\/wordpress.callac.online\/wp-content\/uploads\/2007\/10\/jpg_graphe1.jpg 400w, https:\/\/wordpress.callac.online\/wp-content\/uploads\/2007\/10\/jpg_graphe1-300x239.jpg 300w\" sizes=\"auto, (max-width: 400px) 100vw, 400px\" \/><\/p>\n<h2>Exemple 2<\/h2>\n<hr \/>\n<p><img loading=\"lazy\" decoding=\"async\" class=\" aligncenter size-full wp-image-637\" src=\"http:\/\/wordpress.callac.online\/wp-content\/uploads\/2007\/10\/jpg_graphe2.jpg\" alt=\"graphe2.jpg\" width=\"433\" height=\"285\" align=\"center\" srcset=\"https:\/\/wordpress.callac.online\/wp-content\/uploads\/2007\/10\/jpg_graphe2.jpg 433w, https:\/\/wordpress.callac.online\/wp-content\/uploads\/2007\/10\/jpg_graphe2-300x197.jpg 300w\" sizes=\"auto, (max-width: 433px) 100vw, 433px\" \/><\/p>\n<h2>Exemple 3<\/h2>\n<hr \/>\n<p><img loading=\"lazy\" decoding=\"async\" class=\" aligncenter size-full wp-image-638\" src=\"http:\/\/wordpress.callac.online\/wp-content\/uploads\/2007\/10\/jpg_graphe3.jpg\" alt=\"graphe3.jpg\" width=\"361\" height=\"237\" align=\"center\" srcset=\"https:\/\/wordpress.callac.online\/wp-content\/uploads\/2007\/10\/jpg_graphe3.jpg 361w, https:\/\/wordpress.callac.online\/wp-content\/uploads\/2007\/10\/jpg_graphe3-300x197.jpg 300w\" sizes=\"auto, (max-width: 361px) 100vw, 361px\" \/><\/p>\n<h2>Exemple 4<\/h2>\n<hr \/>\n<p><img loading=\"lazy\" decoding=\"async\" class=\" aligncenter size-full wp-image-639\" src=\"http:\/\/wordpress.callac.online\/wp-content\/uploads\/2007\/10\/jpg_graphe4.jpg\" alt=\"graphe4.jpg\" width=\"423\" height=\"228\" align=\"center\" srcset=\"https:\/\/wordpress.callac.online\/wp-content\/uploads\/2007\/10\/jpg_graphe4.jpg 423w, https:\/\/wordpress.callac.online\/wp-content\/uploads\/2007\/10\/jpg_graphe4-300x162.jpg 300w\" sizes=\"auto, (max-width: 423px) 100vw, 423px\" \/><\/p>\n<h2>Exemple 5<\/h2>\n<hr \/>\n<p><img loading=\"lazy\" decoding=\"async\" class=\" aligncenter size-full wp-image-640\" src=\"http:\/\/wordpress.callac.online\/wp-content\/uploads\/2007\/10\/jpg_graphe5.jpg\" alt=\"graphe5.jpg\" width=\"312\" height=\"229\" align=\"center\" srcset=\"https:\/\/wordpress.callac.online\/wp-content\/uploads\/2007\/10\/jpg_graphe5.jpg 312w, https:\/\/wordpress.callac.online\/wp-content\/uploads\/2007\/10\/jpg_graphe5-300x220.jpg 300w\" sizes=\"auto, (max-width: 312px) 100vw, 312px\" \/><\/p>\n<h2>Exemple 6<\/h2>\n<hr \/>\n<p><img loading=\"lazy\" decoding=\"async\" class=\" aligncenter size-full wp-image-641\" src=\"http:\/\/wordpress.callac.online\/wp-content\/uploads\/2007\/10\/jpg_graphe6.jpg\" alt=\"graphe6.jpg\" width=\"324\" height=\"292\" align=\"center\" srcset=\"https:\/\/wordpress.callac.online\/wp-content\/uploads\/2007\/10\/jpg_graphe6.jpg 324w, https:\/\/wordpress.callac.online\/wp-content\/uploads\/2007\/10\/jpg_graphe6-300x270.jpg 300w\" sizes=\"auto, (max-width: 324px) 100vw, 324px\" \/><\/p>\n<p>Voici les sources :<\/p>\n<pre class=\"EnlighterJSRAW\" data-enlighter-language=\"generic\">input geometriesyr16.mp ;\ninput dlf_tex.mp;\ninput dlf_boxes;\n\n\n%------------------------------------------------------------------------\n% Exercice 1\n%------------------------------------------------------------------------\n\nu:=1cm;\nfigure (-20u,-20u,20u,20u);\n\n\ncircleit.bb(TEX(\"{\\large $B$}\"));  %d\u00e9finition des noeuds\ncircleit.dd(TEX(\"{\\large $D$}\"));\ncircleit.ff(TEX(\"{\\large $F$}\"));\ncircleit.hh(TEX(\"{\\large $H$}\"));\ncircleit.kk(TEX(\"{\\large $K$}\"));\ncircleit.mm(TEX(\"{\\large $M$}\"));\ncircleit.nn(TEX(\"{\\large $N$}\"));\ncircleit.ss(TEX(\"{\\large $S$}\"));\n\n\nmm.c-ss.c=(4u,-2u);                % positionnement relatif des noeuds\nkk.c-ss.c=(-3u,-u);\nff.c-kk.c=(0,3u);\ndd.c-ff.c=(-2u,2u);\nbb.c-dd.c=(10u,0);\nbb.c-nn.c=(-u,4u);\nhh.c-ss.c=(0,7u);\n\n\n\ndrawboxed(bb,dd,ff,hh,kk,mm,nn,ss) ;  %dessin des noeuds.\n\n\n\nlabel(TEX(\"\\colorbox{white}{230}\"), aretec(ss,mm,0,0.5)) ;  %dessin des ar\u00eates\nlabel(TEX(\"\\colorbox{white}{210}\"), aretec(ss,nn,20,0.5)) ;\nlabel(TEX(\"\\colorbox{white}{630}\"), aretec(ss,bb,60,0.35)) ;\nlabel(TEX(\"\\colorbox{white}{650}\"), aretec(ss,hh,110,0.5)) ;\n\nlabel(TEX(\"\\colorbox{white}{580}\"), aretec(mm,bb,80,0.5)) ;\nlabel(TEX(\"\\colorbox{white}{780}\"), aretec(mm,hh,130,0.5)) ;\nlabel(TEX(\"\\colorbox{white}{600}\"), aretec(mm,dd,160,0.6)) ;\n\nlabel(TEX(\"\\colorbox{white}{600}\"), aretec(nn,hh,140,0.5)) ;\n\nlabel(TEX(\"\\colorbox{white}{490}\"), aretec(bb,dd,220,0.75)) ;\n\nlabel(TEX(\"\\colorbox{white}{490}\"), aretec(ff,hh,90,0.5)) ;\nlabel(TEX(\"\\colorbox{white}{120}\"), aretec(ff,kk,300,0.5)) ;\n\n\n\nfin;\n%-----------------------------------------------------------------------\n\n\n\n%------------------------------------------------------------------------\n% Exercice 2\n%------------------------------------------------------------------------\n\nu:=1cm;\nfigure (-20u,-20u,20u,20u);\n\n\ncircleit.gg(TEX(\"{\\large $G$}\"));  %d\u00e9finition des noeuds\ncircleit.aa(TEX(\"{\\large $A$}\"));\ncircleit.kk(TEX(\"{\\large $P$}\"));\ncircleit.rr(TEX(\"{\\large $R$}\"));\ncircleit.cc(TEX(\"{\\large $C$}\"));\ncircleit.qq(TEX(\"{\\large $Q$}\"));\ncircleit.ee(TEX(\"{\\large $E$}\"));\n\n\n\nkk.c-rr.c=(0,6u);                % positionnement relatif des noeuds\ngg.c-rr.c=(-4u,-u);\naa.c-gg.c=(0,6u);\ncc.c-aa.c=(9u,0);\nqq.c-cc.c=(2u,-2u);\nqq.c-ee.c=(u,3u);\n\n\ndrawboxed(gg,aa,kk,rr,cc,qq,ee) ;  %dessin des noeuds.\n\n\n\nlabel(TEX(\"\"), aretec(gg,aa,30,0.5)) ;  %dessin des ar\u00eates\nlabel(TEX(\"\"), aretec(aa,kk,350,0.5)) ;\nlabel(TEX(\"\"), aretec(kk,qq,280,0.5)) ;\nlabel(TEX(\"\"), aretec(kk,ee,270,0.5)) ;\nlabel(TEX(\"\"), aretec(gg,rr,70,0.5)) ;\nlabel(TEX(\"\"), aretec(rr,cc,80,0.5)) ;\nlabel(TEX(\"\"), aretec(aa,cc,50,0.5)) ;\nlabel(TEX(\"\"), aretec(aa,qq,40,0.5)) ;\nlabel(TEX(\"\"), aretec(ee,cc,120,0.5)) ;\nlabel(TEX(\"\"), aretec(ee,qq,120,0.5)) ;\n\n\nfin;\n%-----------------------------------------------------------------------\n\n\n%------------------------------------------------------------------------\n% Exercice 3\n%------------------------------------------------------------------------\n\nu:=1cm;\nfigure (-20u,-20u,20u,20u);\n\n\ncircleit.aa(TEX(\"{\\large $A$}\"));  %d\u00e9finition des noeuds\ncircleit.bb(TEX(\"{\\large $B$}\"));\ncircleit.cc(TEX(\"{\\large $C$}\"));\ncircleit.dd(TEX(\"{\\large $D$}\"));\ncircleit.ee(TEX(\"{\\large $E$}\"));\ncircleit.ff(TEX(\"{\\large $F$}\"));\n\n\n\n\naa.c-ee.c=(0,6u);                % positionnement relatif des noeuds\nff.c-aa.c=(-2u,-u);\nbb.c-ff.c=(8u,0);\ncc.c-bb.c=(2u,-2u);\ndd.c-ee.c=(5u,0);\n\n\n\ndrawboxed(aa,bb,cc,dd,ee,ff) ;  %dessin des noeuds.\n\n\n\nlabel(TEX(\"\"), areted(ee,aa,0.5)) ;  %dessin des ar\u00eates\nlabel(TEX(\"\"), areted(ee,bb,0.5)) ;\nlabel(TEX(\"\"), areted(ee,cc,0.5)) ;\nlabel(TEX(\"\"), areted(ee,dd,0.5)) ;\n\nlabel(TEX(\"\"), areted(dd,aa,0.5)) ;\nlabel(TEX(\"\"), areted(dd,ff,0.5)) ;\nlabel(TEX(\"\"), areted(dd,bb,0.5)) ;\n\nlabel(TEX(\"\"), areted(cc,bb,0.5)) ;\nlabel(TEX(\"\"), areted(ff,bb,0.5)) ;\nlabel(TEX(\"\"), areted(ff,aa,0.5)) ;\n\n\nfin;\n%-----------------------------------------------------------------------\n\n\n%------------------------------------------------------------------------\n% Exercice 4\n%------------------------------------------------------------------------\n\nu:=1cm;\nfigure (-20u,-20u,20u,20u);\n\n\ncircleit.aa(TEX(\"{\\large $A$}\"));  %d\u00e9finition des noeuds\ncircleit.bb(TEX(\"{\\large $B$}\"));\ncircleit.cc(TEX(\"{\\large $C$}\"));\ncircleit.dd(TEX(\"{\\large $D$}\"));\ncircleit.ee(TEX(\"{\\large $E$}\"));\ncircleit.ss(TEX(\"{\\large $S$}\"));\ncircleit.gg(TEX(\"{\\large $G$}\"));\n\n\n\n\naa.c-bb.c=(0,6u);                % positionnement relatif des noeuds\ncc.c-bb.c=(6u,0);\ndd.c-aa.c=(6u,0);\nee.c-bb.c=(-3u,3u);\ngg.c-cc.c=(3u,u);\nss.c-dd.c=(3u,-u);\n\n\n\ndrawboxed(aa,bb,cc,dd,ee,ss,gg) ;  %dessin des noeuds.\n\n\n\nlabel(TEX(\"\\colorbox{white}{7}\"), areted(bb,ee,0.5)) ;  %dessin des ar\u00eates\nlabel(TEX(\"\\colorbox{white}{2}\"), areted(bb,aa,0.5)) ;\nlabel(TEX(\"\\colorbox{white}{6}\"), areted(bb,dd,0.4)) ;\nlabel(TEX(\"\\colorbox{white}{5}\"), areted(bb,cc,0.5)) ;\n\nlabel(TEX(\"\\colorbox{white}{8}\"), areted(cc,aa,0.6)) ;\nlabel(TEX(\"\\colorbox{white}{3}\"), areted(cc,dd,0.5)) ;\nlabel(TEX(\"\\colorbox{white}{8}\"), areted(cc,ss,0.5)) ;\nlabel(TEX(\"\\colorbox{white}{4}\"), areted(cc,gg,0.5)) ;\n\nlabel(TEX(\"\\colorbox{white}{4}\"), areted(aa,ee,0.5)) ;\nlabel(TEX(\"\\colorbox{white}{9}\"), areted(aa,dd,0.5)) ;\n\nlabel(TEX(\"\\colorbox{white}{8}\"), areted(dd,ss,0.5)) ;\nlabel(TEX(\"\\colorbox{white}{5}\"), areted(dd,gg,0.5)) ;\n\nlabel(TEX(\"\\colorbox{white}{5}\"), areted(ss,gg,0.5)) ;\n\n\n\nfin;\n%-----------------------------------------------------------------------\n\n\n%------------------------------------------------------------------------\n% Exercice 5\n%------------------------------------------------------------------------\n\nu:=1cm;\nfigure (-20u,-20u,20u,20u);\n\n\ncircleit.aa(TEX(\"{\\large $A$}\"));  %d\u00e9finition des noeuds\ncircleit.bb(TEX(\"{\\large $B$}\"));\ncircleit.cc(TEX(\"{\\large $C$}\"));\ncircleit.dd(TEX(\"{\\large $D$}\"));\ncircleit.ee(TEX(\"{\\large $E$}\"));\ncircleit.ff(TEX(\"{\\large $F$}\"));\ncircleit.gg(TEX(\"{\\large $G$}\"));\n\n\n\n\nee.c-dd.c=(-3u,2u);                % positionnement relatif des noeuds\naa.c-dd.c=(-u,5u);\nff.c-dd.c=(2u,3u);\nbb.c-aa.c=(5u,u);\ncc.c-dd.c=(4u,u);\n\n\n\n\ndrawboxed(aa,bb,cc,dd,ee,ff) ;  %dessin des noeuds.\n\n\n\nlabel(TEX(\"\\colorbox{white}{4}\"), flechec(aa,ee,240,0.5)) ;  %dessin des ar\u00eates\n\nlabel(TEX(\"\\colorbox{white}{2}\"), flechec(bb,aa,200,0.5)) ;\nlabel(TEX(\"\\colorbox{white}{3}\"), flechec(bb,ff,200,0.5)) ;\n\nlabel(TEX(\"\\colorbox{white}{9}\"), flechec(cc,bb,120,0.5)) ;\nlabel(TEX(\"\\colorbox{white}{6}\"), flechec(cc,ff,100,0.5)) ;\nlabel(TEX(\"\\colorbox{white}{2}\"), flechec(cc,dd,170,0.5)) ;\n\nlabel(TEX(\"\\colorbox{white}{9}\"), flechec(dd,aa,90,0.5)) ;\nlabel(TEX(\"\\colorbox{white}{2}\"), flechec(dd,cc,0,0.5)) ;\nlabel(TEX(\"\\colorbox{white}{3}\"), flechec(dd,ff,30,0.5)) ;\n\nlabel(TEX(\"\\colorbox{white}{4}\"), flechec(ee,dd,0,0.5)) ;\n\nlabel(TEX(\"\\colorbox{white}{6}\"), flechec(ff,aa,130,0.5)) ;\nlabel(TEX(\"\\colorbox{white}{3}\"), flechec(ff,bb,50,0.5)) ;\nlabel(TEX(\"\\colorbox{white}{6}\"), flechec(ff,cc,280,0.5)) ;\n\n\n\nfin;\n%-----------------------------------------------------------------------\n\n\n%------------------------------------------------------------------------\n% Exercice 6\n%------------------------------------------------------------------------\n\nu:=1cm;\nfigure (-20u,-20u,20u,20u);\n\n\ncircleit.bb(TEX(\"{\\large $B$}\"));  %d\u00e9finition des noeuds\ncircleit.cc(TEX(\"{\\large $C$}\"));\ncircleit.dd(TEX(\"{\\large $D$}\"));\ncircleit.ll(TEX(\"{\\large $L$}\"));\ncircleit.mm(TEX(\"{\\large $M$}\"));\ncircleit.kk(TEX(\"{\\large $P$}\"));\n\n\n\n\nkk.c-mm.c=(-3u,2u);                % positionnement relatif des noeuds\nbb.c-mm.c=(u,6u);\ndd.c-bb.c=(4u,2u);\ncc.c-mm.c=(3u,3u);\nll.c-mm.c=(5u,u);\n\n\n\n\ndrawboxed(bb,cc,dd,ll,mm,kk) ;  %dessin des noeuds.\n\n\n\nlabel(TEX(\"\\colorbox{white}{4}\"), doubleflechec(mm,kk,160,0.5)) ;  %dessin des ar\u00eates\nlabel(TEX(\"\\colorbox{white}{5}\"), doubleflechec(mm,bb,100,0.5)) ;\nlabel(TEX(\"\\colorbox{white}{9}\"), doubleflechec(mm,cc,50,0.5)) ;\n\nlabel(TEX(\"\\colorbox{white}{10}\"), flechec(ll,mm,180,0.5)) ;\nlabel(TEX(\"\\colorbox{white}{4}\"), doubleflechec(ll,cc,130,0.5)) ;\nlabel(TEX(\"\\colorbox{white}{11}\"), doubleflechec(ll,dd,100,0.5)) ;\n\nlabel(TEX(\"\\colorbox{white}{3}\"), flechec(cc,bb,120,0.5)) ;\n\nlabel(TEX(\"\\colorbox{white}{5}\"), flechec(dd,cc,250,0.5)) ;\nlabel(TEX(\"\\colorbox{white}{9}\"), flechec(dd,bb,190,0.5)) ;\n\nlabel(TEX(\"\\colorbox{white}{10}\"), flechec(bb,kk,210,0.5)) ;\n\nfin;\n%-----------------------------------------------------------------------\n\n\n\n%-----------------------------------------------------------------------\nend ;\n<\/pre>\n","protected":false},"excerpt":{"rendered":"<p>Les exemples suivants utilisent des fichiers de configuration disponibles ici : &#8211; dlf_tex.mp &#8211; dlf_boxes.mp Exemple 1 Exemple 2 Exemple 3 Exemple 4 Exemple 5 Exemple 6 Voici les sources&hellip;<\/p>\n","protected":false},"author":1,"featured_media":0,"parent":2420,"menu_order":1,"comment_status":"closed","ping_status":"closed","template":"","meta":{"footnotes":""},"class_list":["post-124","page","type-page","status-publish","hentry"],"yoast_head":"<!-- This site is optimized with the Yoast SEO plugin v27.4 - https:\/\/yoast.com\/product\/yoast-seo-wordpress\/ -->\n<title>Exemples de graphes avec Metapost - Maths &amp; Num\u00e9rique<\/title>\n<meta name=\"robots\" content=\"index, follow, max-snippet:-1, max-image-preview:large, max-video-preview:-1\" \/>\n<link rel=\"canonical\" href=\"https:\/\/wordpress.callac.online\/index.php\/edition-mathematique\/metapost\/les-graphes\/exemples-de-graphes-avec-metapost\/\" \/>\n<meta property=\"og:locale\" content=\"fr_FR\" \/>\n<meta property=\"og:type\" content=\"article\" \/>\n<meta property=\"og:title\" content=\"Exemples de graphes avec Metapost - Maths &amp; Num\u00e9rique\" \/>\n<meta property=\"og:description\" content=\"Les exemples suivants utilisent des fichiers de configuration disponibles ici : &#8211; dlf_tex.mp &#8211; dlf_boxes.mp Exemple 1 Exemple 2 Exemple 3 Exemple 4 Exemple 5 Exemple 6 Voici les sources&hellip;\" \/>\n<meta property=\"og:url\" content=\"https:\/\/wordpress.callac.online\/index.php\/edition-mathematique\/metapost\/les-graphes\/exemples-de-graphes-avec-metapost\/\" \/>\n<meta property=\"og:site_name\" content=\"Maths &amp; Num\u00e9rique\" \/>\n<meta property=\"article:modified_time\" content=\"2023-10-14T18:12:48+00:00\" \/>\n<meta property=\"og:image\" content=\"http:\/\/wordpress.callac.online\/wp-content\/uploads\/2007\/10\/jpg_graphe1.jpg\" \/>\n<meta name=\"twitter:card\" content=\"summary_large_image\" \/>\n<meta name=\"twitter:label1\" content=\"Dur\u00e9e de lecture estim\u00e9e\" \/>\n\t<meta name=\"twitter:data1\" content=\"5 minutes\" \/>\n<script type=\"application\/ld+json\" class=\"yoast-schema-graph\">{\"@context\":\"https:\\\/\\\/schema.org\",\"@graph\":[{\"@type\":\"WebPage\",\"@id\":\"https:\\\/\\\/wordpress.callac.online\\\/index.php\\\/edition-mathematique\\\/metapost\\\/les-graphes\\\/exemples-de-graphes-avec-metapost\\\/\",\"url\":\"https:\\\/\\\/wordpress.callac.online\\\/index.php\\\/edition-mathematique\\\/metapost\\\/les-graphes\\\/exemples-de-graphes-avec-metapost\\\/\",\"name\":\"Exemples de graphes avec Metapost - Maths &amp; Num\u00e9rique\",\"isPartOf\":{\"@id\":\"https:\\\/\\\/wordpress.callac.online\\\/#website\"},\"primaryImageOfPage\":{\"@id\":\"https:\\\/\\\/wordpress.callac.online\\\/index.php\\\/edition-mathematique\\\/metapost\\\/les-graphes\\\/exemples-de-graphes-avec-metapost\\\/#primaryimage\"},\"image\":{\"@id\":\"https:\\\/\\\/wordpress.callac.online\\\/index.php\\\/edition-mathematique\\\/metapost\\\/les-graphes\\\/exemples-de-graphes-avec-metapost\\\/#primaryimage\"},\"thumbnailUrl\":\"http:\\\/\\\/wordpress.callac.online\\\/wp-content\\\/uploads\\\/2007\\\/10\\\/jpg_graphe1.jpg\",\"datePublished\":\"2007-10-05T20:58:48+00:00\",\"dateModified\":\"2023-10-14T18:12:48+00:00\",\"breadcrumb\":{\"@id\":\"https:\\\/\\\/wordpress.callac.online\\\/index.php\\\/edition-mathematique\\\/metapost\\\/les-graphes\\\/exemples-de-graphes-avec-metapost\\\/#breadcrumb\"},\"inLanguage\":\"fr-FR\",\"potentialAction\":[{\"@type\":\"ReadAction\",\"target\":[\"https:\\\/\\\/wordpress.callac.online\\\/index.php\\\/edition-mathematique\\\/metapost\\\/les-graphes\\\/exemples-de-graphes-avec-metapost\\\/\"]}]},{\"@type\":\"ImageObject\",\"inLanguage\":\"fr-FR\",\"@id\":\"https:\\\/\\\/wordpress.callac.online\\\/index.php\\\/edition-mathematique\\\/metapost\\\/les-graphes\\\/exemples-de-graphes-avec-metapost\\\/#primaryimage\",\"url\":\"https:\\\/\\\/wordpress.callac.online\\\/wp-content\\\/uploads\\\/2007\\\/10\\\/jpg_graphe1.jpg\",\"contentUrl\":\"https:\\\/\\\/wordpress.callac.online\\\/wp-content\\\/uploads\\\/2007\\\/10\\\/jpg_graphe1.jpg\",\"width\":400,\"height\":319,\"caption\":\"graphe1.jpg\"},{\"@type\":\"BreadcrumbList\",\"@id\":\"https:\\\/\\\/wordpress.callac.online\\\/index.php\\\/edition-mathematique\\\/metapost\\\/les-graphes\\\/exemples-de-graphes-avec-metapost\\\/#breadcrumb\",\"itemListElement\":[{\"@type\":\"ListItem\",\"position\":1,\"name\":\"Accueil\",\"item\":\"https:\\\/\\\/wordpress.callac.online\\\/\"},{\"@type\":\"ListItem\",\"position\":2,\"name\":\"\u00c9dition math\u00e9matique\",\"item\":\"https:\\\/\\\/wordpress.callac.online\\\/index.php\\\/edition-mathematique\\\/\"},{\"@type\":\"ListItem\",\"position\":3,\"name\":\"Metapost\",\"item\":\"https:\\\/\\\/wordpress.callac.online\\\/index.php\\\/edition-mathematique\\\/metapost\\\/\"},{\"@type\":\"ListItem\",\"position\":4,\"name\":\"Les graphes\",\"item\":\"https:\\\/\\\/wordpress.callac.online\\\/index.php\\\/edition-mathematique\\\/metapost\\\/les-graphes\\\/\"},{\"@type\":\"ListItem\",\"position\":5,\"name\":\"Exemples de graphes avec Metapost\"}]},{\"@type\":\"WebSite\",\"@id\":\"https:\\\/\\\/wordpress.callac.online\\\/#website\",\"url\":\"https:\\\/\\\/wordpress.callac.online\\\/\",\"name\":\"Maths & Num\u00e9rique\",\"description\":\"Des outils pour les enseignants de math\u00e9matiques et de num\u00e9rique\",\"publisher\":{\"@id\":\"https:\\\/\\\/wordpress.callac.online\\\/#\\\/schema\\\/person\\\/04061f1ca2c2c42039142a704be95940\"},\"potentialAction\":[{\"@type\":\"SearchAction\",\"target\":{\"@type\":\"EntryPoint\",\"urlTemplate\":\"https:\\\/\\\/wordpress.callac.online\\\/?s={search_term_string}\"},\"query-input\":{\"@type\":\"PropertyValueSpecification\",\"valueRequired\":true,\"valueName\":\"search_term_string\"}}],\"inLanguage\":\"fr-FR\"},{\"@type\":[\"Person\",\"Organization\"],\"@id\":\"https:\\\/\\\/wordpress.callac.online\\\/#\\\/schema\\\/person\\\/04061f1ca2c2c42039142a704be95940\",\"name\":\"dlefur\",\"image\":{\"@type\":\"ImageObject\",\"inLanguage\":\"fr-FR\",\"@id\":\"https:\\\/\\\/secure.gravatar.com\\\/avatar\\\/4a9e17be136808c6597f28aa2b6c13126dab066fdc2198ff60090972c9b7fafc?s=96&d=mm&r=g\",\"url\":\"https:\\\/\\\/secure.gravatar.com\\\/avatar\\\/4a9e17be136808c6597f28aa2b6c13126dab066fdc2198ff60090972c9b7fafc?s=96&d=mm&r=g\",\"contentUrl\":\"https:\\\/\\\/secure.gravatar.com\\\/avatar\\\/4a9e17be136808c6597f28aa2b6c13126dab066fdc2198ff60090972c9b7fafc?s=96&d=mm&r=g\",\"caption\":\"dlefur\"},\"logo\":{\"@id\":\"https:\\\/\\\/secure.gravatar.com\\\/avatar\\\/4a9e17be136808c6597f28aa2b6c13126dab066fdc2198ff60090972c9b7fafc?s=96&d=mm&r=g\"},\"description\":\"Enseignant de math\u00e9matiques Lyc\u00e9e Pasteur S\u00e3o Paulo\",\"sameAs\":[\"http:\\\/\\\/wordpress.callac.online\"]}]}<\/script>\n<!-- \/ Yoast SEO plugin. -->","yoast_head_json":{"title":"Exemples de graphes avec Metapost - Maths &amp; Num\u00e9rique","robots":{"index":"index","follow":"follow","max-snippet":"max-snippet:-1","max-image-preview":"max-image-preview:large","max-video-preview":"max-video-preview:-1"},"canonical":"https:\/\/wordpress.callac.online\/index.php\/edition-mathematique\/metapost\/les-graphes\/exemples-de-graphes-avec-metapost\/","og_locale":"fr_FR","og_type":"article","og_title":"Exemples de graphes avec Metapost - Maths &amp; Num\u00e9rique","og_description":"Les exemples suivants utilisent des fichiers de configuration disponibles ici : &#8211; dlf_tex.mp &#8211; dlf_boxes.mp Exemple 1 Exemple 2 Exemple 3 Exemple 4 Exemple 5 Exemple 6 Voici les sources&hellip;","og_url":"https:\/\/wordpress.callac.online\/index.php\/edition-mathematique\/metapost\/les-graphes\/exemples-de-graphes-avec-metapost\/","og_site_name":"Maths &amp; Num\u00e9rique","article_modified_time":"2023-10-14T18:12:48+00:00","og_image":[{"url":"http:\/\/wordpress.callac.online\/wp-content\/uploads\/2007\/10\/jpg_graphe1.jpg","type":"","width":"","height":""}],"twitter_card":"summary_large_image","twitter_misc":{"Dur\u00e9e de lecture estim\u00e9e":"5 minutes"},"schema":{"@context":"https:\/\/schema.org","@graph":[{"@type":"WebPage","@id":"https:\/\/wordpress.callac.online\/index.php\/edition-mathematique\/metapost\/les-graphes\/exemples-de-graphes-avec-metapost\/","url":"https:\/\/wordpress.callac.online\/index.php\/edition-mathematique\/metapost\/les-graphes\/exemples-de-graphes-avec-metapost\/","name":"Exemples de graphes avec Metapost - Maths &amp; Num\u00e9rique","isPartOf":{"@id":"https:\/\/wordpress.callac.online\/#website"},"primaryImageOfPage":{"@id":"https:\/\/wordpress.callac.online\/index.php\/edition-mathematique\/metapost\/les-graphes\/exemples-de-graphes-avec-metapost\/#primaryimage"},"image":{"@id":"https:\/\/wordpress.callac.online\/index.php\/edition-mathematique\/metapost\/les-graphes\/exemples-de-graphes-avec-metapost\/#primaryimage"},"thumbnailUrl":"http:\/\/wordpress.callac.online\/wp-content\/uploads\/2007\/10\/jpg_graphe1.jpg","datePublished":"2007-10-05T20:58:48+00:00","dateModified":"2023-10-14T18:12:48+00:00","breadcrumb":{"@id":"https:\/\/wordpress.callac.online\/index.php\/edition-mathematique\/metapost\/les-graphes\/exemples-de-graphes-avec-metapost\/#breadcrumb"},"inLanguage":"fr-FR","potentialAction":[{"@type":"ReadAction","target":["https:\/\/wordpress.callac.online\/index.php\/edition-mathematique\/metapost\/les-graphes\/exemples-de-graphes-avec-metapost\/"]}]},{"@type":"ImageObject","inLanguage":"fr-FR","@id":"https:\/\/wordpress.callac.online\/index.php\/edition-mathematique\/metapost\/les-graphes\/exemples-de-graphes-avec-metapost\/#primaryimage","url":"https:\/\/wordpress.callac.online\/wp-content\/uploads\/2007\/10\/jpg_graphe1.jpg","contentUrl":"https:\/\/wordpress.callac.online\/wp-content\/uploads\/2007\/10\/jpg_graphe1.jpg","width":400,"height":319,"caption":"graphe1.jpg"},{"@type":"BreadcrumbList","@id":"https:\/\/wordpress.callac.online\/index.php\/edition-mathematique\/metapost\/les-graphes\/exemples-de-graphes-avec-metapost\/#breadcrumb","itemListElement":[{"@type":"ListItem","position":1,"name":"Accueil","item":"https:\/\/wordpress.callac.online\/"},{"@type":"ListItem","position":2,"name":"\u00c9dition math\u00e9matique","item":"https:\/\/wordpress.callac.online\/index.php\/edition-mathematique\/"},{"@type":"ListItem","position":3,"name":"Metapost","item":"https:\/\/wordpress.callac.online\/index.php\/edition-mathematique\/metapost\/"},{"@type":"ListItem","position":4,"name":"Les graphes","item":"https:\/\/wordpress.callac.online\/index.php\/edition-mathematique\/metapost\/les-graphes\/"},{"@type":"ListItem","position":5,"name":"Exemples de graphes avec Metapost"}]},{"@type":"WebSite","@id":"https:\/\/wordpress.callac.online\/#website","url":"https:\/\/wordpress.callac.online\/","name":"Maths & Num\u00e9rique","description":"Des outils pour les enseignants de math\u00e9matiques et de num\u00e9rique","publisher":{"@id":"https:\/\/wordpress.callac.online\/#\/schema\/person\/04061f1ca2c2c42039142a704be95940"},"potentialAction":[{"@type":"SearchAction","target":{"@type":"EntryPoint","urlTemplate":"https:\/\/wordpress.callac.online\/?s={search_term_string}"},"query-input":{"@type":"PropertyValueSpecification","valueRequired":true,"valueName":"search_term_string"}}],"inLanguage":"fr-FR"},{"@type":["Person","Organization"],"@id":"https:\/\/wordpress.callac.online\/#\/schema\/person\/04061f1ca2c2c42039142a704be95940","name":"dlefur","image":{"@type":"ImageObject","inLanguage":"fr-FR","@id":"https:\/\/secure.gravatar.com\/avatar\/4a9e17be136808c6597f28aa2b6c13126dab066fdc2198ff60090972c9b7fafc?s=96&d=mm&r=g","url":"https:\/\/secure.gravatar.com\/avatar\/4a9e17be136808c6597f28aa2b6c13126dab066fdc2198ff60090972c9b7fafc?s=96&d=mm&r=g","contentUrl":"https:\/\/secure.gravatar.com\/avatar\/4a9e17be136808c6597f28aa2b6c13126dab066fdc2198ff60090972c9b7fafc?s=96&d=mm&r=g","caption":"dlefur"},"logo":{"@id":"https:\/\/secure.gravatar.com\/avatar\/4a9e17be136808c6597f28aa2b6c13126dab066fdc2198ff60090972c9b7fafc?s=96&d=mm&r=g"},"description":"Enseignant de math\u00e9matiques Lyc\u00e9e Pasteur S\u00e3o Paulo","sameAs":["http:\/\/wordpress.callac.online"]}]}},"_links":{"self":[{"href":"https:\/\/wordpress.callac.online\/index.php\/wp-json\/wp\/v2\/pages\/124","targetHints":{"allow":["GET"]}}],"collection":[{"href":"https:\/\/wordpress.callac.online\/index.php\/wp-json\/wp\/v2\/pages"}],"about":[{"href":"https:\/\/wordpress.callac.online\/index.php\/wp-json\/wp\/v2\/types\/page"}],"author":[{"embeddable":true,"href":"https:\/\/wordpress.callac.online\/index.php\/wp-json\/wp\/v2\/users\/1"}],"replies":[{"embeddable":true,"href":"https:\/\/wordpress.callac.online\/index.php\/wp-json\/wp\/v2\/comments?post=124"}],"version-history":[{"count":2,"href":"https:\/\/wordpress.callac.online\/index.php\/wp-json\/wp\/v2\/pages\/124\/revisions"}],"predecessor-version":[{"id":2469,"href":"https:\/\/wordpress.callac.online\/index.php\/wp-json\/wp\/v2\/pages\/124\/revisions\/2469"}],"up":[{"embeddable":true,"href":"https:\/\/wordpress.callac.online\/index.php\/wp-json\/wp\/v2\/pages\/2420"}],"wp:attachment":[{"href":"https:\/\/wordpress.callac.online\/index.php\/wp-json\/wp\/v2\/media?parent=124"}],"curies":[{"name":"wp","href":"https:\/\/api.w.org\/{rel}","templated":true}]}}