{"id":1643,"date":"2020-07-22T18:52:38","date_gmt":"2020-07-22T16:52:38","guid":{"rendered":"http:\/\/wordpress.callac.online\/?page_id=1643"},"modified":"2023-10-14T20:12:14","modified_gmt":"2023-10-14T18:12:14","slug":"professor","status":"publish","type":"page","link":"https:\/\/wordpress.callac.online\/index.php\/edition-mathematique\/professor\/","title":{"rendered":"Professor"},"content":{"rendered":"\n<div class=\"wp-block-image\"><figure class=\"alignright size-large\"><img loading=\"lazy\" decoding=\"async\" width=\"60\" height=\"55\" src=\"http:\/\/wordpress.callac.online\/wp-content\/uploads\/2020\/07\/iconeprofessor.png\" alt=\"\" class=\"wp-image-2772\"\/><\/figure><\/div>\n\n\n\n<p>Tout sur ce paquet con\u00e7u par moi et Guillaume Connan : installation, conseils d&rsquo;utilisations, d\u00e9tail des paquets, utilisation avec Gedit et Sublime Text, le tout sous Ubuntu.<\/p>\n\n\n\n<div id=\"ccchildpages-1\" class=\"ccchildpages ccflex  simple ccclearfix\"><ul class=\"ccchildpages_list ccclearfix\"><li class=\"page_item page-item-2251 page_item_has_children\"><a href=\"https:\/\/wordpress.callac.online\/index.php\/edition-mathematique\/professor\/generalites-sur-professor-sty\/\">G\u00e9n\u00e9ralit\u00e9s sur Professor.sty<\/a>\n<ul class='children'>\n\t<li class=\"page_item page-item-181\"><a href=\"https:\/\/wordpress.callac.online\/index.php\/edition-mathematique\/professor\/generalites-sur-professor-sty\/linstallation\/\">L&rsquo;installation<\/a><\/li>\n\t<li class=\"page_item page-item-192\"><a href=\"https:\/\/wordpress.callac.online\/index.php\/edition-mathematique\/professor\/generalites-sur-professor-sty\/les-parametres-graphiques-dans-professor\/\">Les param\u00e8tres graphiques dans Professor<\/a><\/li>\n\t<li class=\"page_item page-item-218\"><a href=\"https:\/\/wordpress.callac.online\/index.php\/edition-mathematique\/professor\/generalites-sur-professor-sty\/professor-et-asymptote\/\">Professor et Asymptote<\/a><\/li>\n\t<li class=\"page_item page-item-183\"><a href=\"https:\/\/wordpress.callac.online\/index.php\/edition-mathematique\/professor\/generalites-sur-professor-sty\/des-conseils-dutilisation\/\">Des conseils d&rsquo;utilisation<\/a><\/li>\n\t<li class=\"page_item page-item-182\"><a href=\"https:\/\/wordpress.callac.online\/index.php\/edition-mathematique\/professor\/generalites-sur-professor-sty\/des-problemes\/\">Des probl\u00e8mes ?<\/a><\/li>\n<\/ul>\n<\/li>\n<li class=\"page_item page-item-2247 page_item_has_children\"><a href=\"https:\/\/wordpress.callac.online\/index.php\/edition-mathematique\/professor\/les-paquets-de-professor-sty-2\/\">Les paquets de Professor.sty<\/a>\n<ul class='children'>\n\t<li class=\"page_item page-item-188\"><a href=\"https:\/\/wordpress.callac.online\/index.php\/edition-mathematique\/professor\/les-paquets-de-professor-sty-2\/le-paquet-pro-courbes\/\">Le paquet pro-courbes<\/a><\/li>\n\t<li class=\"page_item page-item-178\"><a href=\"https:\/\/wordpress.callac.online\/index.php\/edition-mathematique\/professor\/les-paquets-de-professor-sty-2\/le-paquet-pro-tablor-sty\/\">Le paquet pro-tablor.sty<\/a><\/li>\n\t<li class=\"page_item page-item-190\"><a href=\"https:\/\/wordpress.callac.online\/index.php\/edition-mathematique\/professor\/les-paquets-de-professor-sty-2\/le-paquet-pro-probas\/\">Le paquet pro-probas<\/a><\/li>\n\t<li class=\"page_item page-item-189\"><a href=\"https:\/\/wordpress.callac.online\/index.php\/edition-mathematique\/professor\/les-paquets-de-professor-sty-2\/le-paquet-pro-suites\/\">Le paquet pro-suites<\/a><\/li>\n\t<li class=\"page_item page-item-187\"><a href=\"https:\/\/wordpress.callac.online\/index.php\/edition-mathematique\/professor\/les-paquets-de-professor-sty-2\/le-paquet-pro-graphes\/\">Le paquet pro-graphes<\/a><\/li>\n\t<li class=\"page_item page-item-180\"><a href=\"https:\/\/wordpress.callac.online\/index.php\/edition-mathematique\/professor\/les-paquets-de-professor-sty-2\/le-paquet-pro-1varstat\/\">Le paquet pro-1varstat<\/a><\/li>\n\t<li class=\"page_item page-item-179\"><a href=\"https:\/\/wordpress.callac.online\/index.php\/edition-mathematique\/professor\/les-paquets-de-professor-sty-2\/le-paquet-pro-2varstat\/\">Le paquet pro-2varstat<\/a><\/li>\n\t<li class=\"page_item page-item-184\"><a href=\"https:\/\/wordpress.callac.online\/index.php\/edition-mathematique\/professor\/les-paquets-de-professor-sty-2\/le-paquet-pro-statdiv\/\">Le paquet pro-statdiv<\/a><\/li>\n\t<li class=\"page_item page-item-2249 page_item_has_children\"><a href=\"https:\/\/wordpress.callac.online\/index.php\/edition-mathematique\/professor\/les-paquets-de-professor-sty-2\/paquets-obsoletes\/\">Paquets obsol\u00e8tes ou moins importants<\/a><\/li>\n<\/ul>\n<\/li>\n<li class=\"page_item page-item-2254 page_item_has_children\"><a href=\"https:\/\/wordpress.callac.online\/index.php\/edition-mathematique\/professor\/les-galeries-de-professor-sty\/\">Les galeries de Professor.sty<\/a>\n<ul class='children'>\n\t<li class=\"page_item page-item-194\"><a href=\"https:\/\/wordpress.callac.online\/index.php\/edition-mathematique\/professor\/les-galeries-de-professor-sty\/des-courbes-realisees-avec-pro-courbemulti\/\">Des courbes r\u00e9alis\u00e9es avec pro-courbemulti<\/a><\/li>\n\t<li class=\"page_item page-item-193\"><a href=\"https:\/\/wordpress.callac.online\/index.php\/edition-mathematique\/professor\/les-galeries-de-professor-sty\/des-courbes-realisees-avec-pro-courbefn\/\">Des courbes r\u00e9alis\u00e9es avec pro-courbefn<\/a><\/li>\n\t<li class=\"page_item page-item-196\"><a href=\"https:\/\/wordpress.callac.online\/index.php\/edition-mathematique\/professor\/les-galeries-de-professor-sty\/des-courbes-realisees-avec-pro-courbesemilog\/\">Des courbes r\u00e9alis\u00e9es avec pro-courbesemilog<\/a><\/li>\n\t<li class=\"page_item page-item-195\"><a href=\"https:\/\/wordpress.callac.online\/index.php\/edition-mathematique\/professor\/les-galeries-de-professor-sty\/des-tableaux-de-valeurs-realises-avec-pro-tableval\/\">Des tableaux de valeurs r\u00e9alis\u00e9s avec pro-tableval<\/a><\/li>\n<\/ul>\n<\/li>\n<li class=\"page_item page-item-2256 page_item_has_children\"><a href=\"https:\/\/wordpress.callac.online\/index.php\/edition-mathematique\/professor\/professor-et-les-editeurs\/\">Professor et les \u00e9diteurs<\/a>\n<ul class='children'>\n\t<li class=\"page_item page-item-211\"><a href=\"https:\/\/wordpress.callac.online\/index.php\/edition-mathematique\/professor\/professor-et-les-editeurs\/professor-et-gedit\/\">Professor et Gedit<\/a><\/li>\n\t<li class=\"page_item page-item-212\"><a href=\"https:\/\/wordpress.callac.online\/index.php\/edition-mathematique\/professor\/professor-et-les-editeurs\/professor-tablor-et-emacs\/\">Professor, tablor et emacs<\/a><\/li>\n\t<li class=\"page_item page-item-219\"><a href=\"https:\/\/wordpress.callac.online\/index.php\/edition-mathematique\/professor\/professor-et-les-editeurs\/professor-et-texworks\/\">Professor et TeXworks<\/a><\/li>\n\t<li class=\"page_item page-item-210\"><a href=\"https:\/\/wordpress.callac.online\/index.php\/edition-mathematique\/professor\/professor-et-les-editeurs\/professor-et-texmacs\/\">Professor et TeXmacs<\/a><\/li>\n<\/ul>\n<\/li>\n<li class=\"page_item page-item-2258 page_item_has_children\"><a href=\"https:\/\/wordpress.callac.online\/index.php\/edition-mathematique\/professor\/professorgui\/\">ProfessorGUI<\/a>\n<ul class='children'>\n\t<li class=\"page_item page-item-226\"><a href=\"https:\/\/wordpress.callac.online\/index.php\/edition-mathematique\/professor\/professorgui\/professorgui-une-interface-pour-professor\/\">ProfessorGui : une interface pour Professor<\/a><\/li>\n\t<li class=\"page_item page-item-249\"><a href=\"https:\/\/wordpress.callac.online\/index.php\/edition-mathematique\/professor\/professorgui\/des-videos-de-presentation-de-professorgui-et-gedit\/\">Des vid\u00e9os de pr\u00e9sentation de ProfessorGUI et Gedit<\/a><\/li>\n<\/ul>\n<\/li><\/ul><\/div>\n","protected":false},"excerpt":{"rendered":"<p>Tout sur ce paquet con\u00e7u par moi et Guillaume Connan : installation, conseils d&rsquo;utilisations, d\u00e9tail des paquets, utilisation avec Gedit et Sublime Text, le tout sous Ubuntu.<\/p>\n","protected":false},"author":1,"featured_media":0,"parent":972,"menu_order":3,"comment_status":"closed","ping_status":"closed","template":"","meta":{"footnotes":""},"class_list":["post-1643","page","type-page","status-publish","hentry"],"yoast_head":"<!-- This site is optimized with the Yoast SEO plugin v27.1.1 - https:\/\/yoast.com\/product\/yoast-seo-wordpress\/ -->\n<title>Professor - Maths &amp; Num\u00e9rique<\/title>\n<meta name=\"robots\" content=\"index, follow, max-snippet:-1, max-image-preview:large, max-video-preview:-1\" \/>\n<link rel=\"canonical\" href=\"https:\/\/wordpress.callac.online\/index.php\/edition-mathematique\/professor\/\" \/>\n<meta property=\"og:locale\" content=\"fr_FR\" \/>\n<meta property=\"og:type\" content=\"article\" \/>\n<meta property=\"og:title\" content=\"Professor - Maths &amp; Num\u00e9rique\" \/>\n<meta property=\"og:description\" content=\"Tout sur ce paquet con\u00e7u par moi et Guillaume Connan : installation, conseils d&rsquo;utilisations, d\u00e9tail des paquets, utilisation avec Gedit et Sublime Text, le tout sous Ubuntu.\" \/>\n<meta property=\"og:url\" content=\"https:\/\/wordpress.callac.online\/index.php\/edition-mathematique\/professor\/\" \/>\n<meta property=\"og:site_name\" content=\"Maths &amp; Num\u00e9rique\" \/>\n<meta property=\"article:modified_time\" content=\"2023-10-14T18:12:14+00:00\" \/>\n<meta property=\"og:image\" content=\"http:\/\/wordpress.callac.online\/wp-content\/uploads\/2020\/07\/iconeprofessor.png\" \/>\n<meta name=\"twitter:card\" content=\"summary_large_image\" \/>\n<script type=\"application\/ld+json\" class=\"yoast-schema-graph\">{\"@context\":\"https:\/\/schema.org\",\"@graph\":[{\"@type\":\"WebPage\",\"@id\":\"https:\/\/wordpress.callac.online\/index.php\/edition-mathematique\/professor\/\",\"url\":\"https:\/\/wordpress.callac.online\/index.php\/edition-mathematique\/professor\/\",\"name\":\"Professor - Maths &amp; Num\u00e9rique\",\"isPartOf\":{\"@id\":\"https:\/\/wordpress.callac.online\/#website\"},\"primaryImageOfPage\":{\"@id\":\"https:\/\/wordpress.callac.online\/index.php\/edition-mathematique\/professor\/#primaryimage\"},\"image\":{\"@id\":\"https:\/\/wordpress.callac.online\/index.php\/edition-mathematique\/professor\/#primaryimage\"},\"thumbnailUrl\":\"http:\/\/wordpress.callac.online\/wp-content\/uploads\/2020\/07\/iconeprofessor.png\",\"datePublished\":\"2020-07-22T16:52:38+00:00\",\"dateModified\":\"2023-10-14T18:12:14+00:00\",\"breadcrumb\":{\"@id\":\"https:\/\/wordpress.callac.online\/index.php\/edition-mathematique\/professor\/#breadcrumb\"},\"inLanguage\":\"fr-FR\",\"potentialAction\":[{\"@type\":\"ReadAction\",\"target\":[\"https:\/\/wordpress.callac.online\/index.php\/edition-mathematique\/professor\/\"]}]},{\"@type\":\"ImageObject\",\"inLanguage\":\"fr-FR\",\"@id\":\"https:\/\/wordpress.callac.online\/index.php\/edition-mathematique\/professor\/#primaryimage\",\"url\":\"https:\/\/wordpress.callac.online\/wp-content\/uploads\/2020\/07\/iconeprofessor.png\",\"contentUrl\":\"https:\/\/wordpress.callac.online\/wp-content\/uploads\/2020\/07\/iconeprofessor.png\",\"width\":60,\"height\":55},{\"@type\":\"BreadcrumbList\",\"@id\":\"https:\/\/wordpress.callac.online\/index.php\/edition-mathematique\/professor\/#breadcrumb\",\"itemListElement\":[{\"@type\":\"ListItem\",\"position\":1,\"name\":\"Accueil\",\"item\":\"https:\/\/wordpress.callac.online\/\"},{\"@type\":\"ListItem\",\"position\":2,\"name\":\"\u00c9dition math\u00e9matique\",\"item\":\"https:\/\/wordpress.callac.online\/index.php\/edition-mathematique\/\"},{\"@type\":\"ListItem\",\"position\":3,\"name\":\"Professor\"}]},{\"@type\":\"WebSite\",\"@id\":\"https:\/\/wordpress.callac.online\/#website\",\"url\":\"https:\/\/wordpress.callac.online\/\",\"name\":\"Maths & Num\u00e9rique\",\"description\":\"Des outils pour les enseignants de math\u00e9matiques et de num\u00e9rique\",\"publisher\":{\"@id\":\"https:\/\/wordpress.callac.online\/#\/schema\/person\/04061f1ca2c2c42039142a704be95940\"},\"potentialAction\":[{\"@type\":\"SearchAction\",\"target\":{\"@type\":\"EntryPoint\",\"urlTemplate\":\"https:\/\/wordpress.callac.online\/?s={search_term_string}\"},\"query-input\":{\"@type\":\"PropertyValueSpecification\",\"valueRequired\":true,\"valueName\":\"search_term_string\"}}],\"inLanguage\":\"fr-FR\"},{\"@type\":[\"Person\",\"Organization\"],\"@id\":\"https:\/\/wordpress.callac.online\/#\/schema\/person\/04061f1ca2c2c42039142a704be95940\",\"name\":\"dlefur\",\"image\":{\"@type\":\"ImageObject\",\"inLanguage\":\"fr-FR\",\"@id\":\"https:\/\/wordpress.callac.online\/#\/schema\/person\/image\/\",\"url\":\"https:\/\/secure.gravatar.com\/avatar\/4a9e17be136808c6597f28aa2b6c13126dab066fdc2198ff60090972c9b7fafc?s=96&d=mm&r=g\",\"contentUrl\":\"https:\/\/secure.gravatar.com\/avatar\/4a9e17be136808c6597f28aa2b6c13126dab066fdc2198ff60090972c9b7fafc?s=96&d=mm&r=g\",\"caption\":\"dlefur\"},\"logo\":{\"@id\":\"https:\/\/wordpress.callac.online\/#\/schema\/person\/image\/\"},\"description\":\"Enseignant de math\u00e9matiques Lyc\u00e9e Pasteur S\u00e3o Paulo\",\"sameAs\":[\"http:\/\/wordpress.callac.online\"]}]}<\/script>\n<!-- \/ Yoast SEO plugin. -->","yoast_head_json":{"title":"Professor - Maths &amp; Num\u00e9rique","robots":{"index":"index","follow":"follow","max-snippet":"max-snippet:-1","max-image-preview":"max-image-preview:large","max-video-preview":"max-video-preview:-1"},"canonical":"https:\/\/wordpress.callac.online\/index.php\/edition-mathematique\/professor\/","og_locale":"fr_FR","og_type":"article","og_title":"Professor - Maths &amp; Num\u00e9rique","og_description":"Tout sur ce paquet con\u00e7u par moi et Guillaume Connan : installation, conseils d&rsquo;utilisations, d\u00e9tail des paquets, utilisation avec Gedit et Sublime Text, le tout sous Ubuntu.","og_url":"https:\/\/wordpress.callac.online\/index.php\/edition-mathematique\/professor\/","og_site_name":"Maths &amp; Num\u00e9rique","article_modified_time":"2023-10-14T18:12:14+00:00","og_image":[{"url":"http:\/\/wordpress.callac.online\/wp-content\/uploads\/2020\/07\/iconeprofessor.png","type":"","width":"","height":""}],"twitter_card":"summary_large_image","schema":{"@context":"https:\/\/schema.org","@graph":[{"@type":"WebPage","@id":"https:\/\/wordpress.callac.online\/index.php\/edition-mathematique\/professor\/","url":"https:\/\/wordpress.callac.online\/index.php\/edition-mathematique\/professor\/","name":"Professor - Maths &amp; Num\u00e9rique","isPartOf":{"@id":"https:\/\/wordpress.callac.online\/#website"},"primaryImageOfPage":{"@id":"https:\/\/wordpress.callac.online\/index.php\/edition-mathematique\/professor\/#primaryimage"},"image":{"@id":"https:\/\/wordpress.callac.online\/index.php\/edition-mathematique\/professor\/#primaryimage"},"thumbnailUrl":"http:\/\/wordpress.callac.online\/wp-content\/uploads\/2020\/07\/iconeprofessor.png","datePublished":"2020-07-22T16:52:38+00:00","dateModified":"2023-10-14T18:12:14+00:00","breadcrumb":{"@id":"https:\/\/wordpress.callac.online\/index.php\/edition-mathematique\/professor\/#breadcrumb"},"inLanguage":"fr-FR","potentialAction":[{"@type":"ReadAction","target":["https:\/\/wordpress.callac.online\/index.php\/edition-mathematique\/professor\/"]}]},{"@type":"ImageObject","inLanguage":"fr-FR","@id":"https:\/\/wordpress.callac.online\/index.php\/edition-mathematique\/professor\/#primaryimage","url":"https:\/\/wordpress.callac.online\/wp-content\/uploads\/2020\/07\/iconeprofessor.png","contentUrl":"https:\/\/wordpress.callac.online\/wp-content\/uploads\/2020\/07\/iconeprofessor.png","width":60,"height":55},{"@type":"BreadcrumbList","@id":"https:\/\/wordpress.callac.online\/index.php\/edition-mathematique\/professor\/#breadcrumb","itemListElement":[{"@type":"ListItem","position":1,"name":"Accueil","item":"https:\/\/wordpress.callac.online\/"},{"@type":"ListItem","position":2,"name":"\u00c9dition math\u00e9matique","item":"https:\/\/wordpress.callac.online\/index.php\/edition-mathematique\/"},{"@type":"ListItem","position":3,"name":"Professor"}]},{"@type":"WebSite","@id":"https:\/\/wordpress.callac.online\/#website","url":"https:\/\/wordpress.callac.online\/","name":"Maths & Num\u00e9rique","description":"Des outils pour les enseignants de math\u00e9matiques et de num\u00e9rique","publisher":{"@id":"https:\/\/wordpress.callac.online\/#\/schema\/person\/04061f1ca2c2c42039142a704be95940"},"potentialAction":[{"@type":"SearchAction","target":{"@type":"EntryPoint","urlTemplate":"https:\/\/wordpress.callac.online\/?s={search_term_string}"},"query-input":{"@type":"PropertyValueSpecification","valueRequired":true,"valueName":"search_term_string"}}],"inLanguage":"fr-FR"},{"@type":["Person","Organization"],"@id":"https:\/\/wordpress.callac.online\/#\/schema\/person\/04061f1ca2c2c42039142a704be95940","name":"dlefur","image":{"@type":"ImageObject","inLanguage":"fr-FR","@id":"https:\/\/wordpress.callac.online\/#\/schema\/person\/image\/","url":"https:\/\/secure.gravatar.com\/avatar\/4a9e17be136808c6597f28aa2b6c13126dab066fdc2198ff60090972c9b7fafc?s=96&d=mm&r=g","contentUrl":"https:\/\/secure.gravatar.com\/avatar\/4a9e17be136808c6597f28aa2b6c13126dab066fdc2198ff60090972c9b7fafc?s=96&d=mm&r=g","caption":"dlefur"},"logo":{"@id":"https:\/\/wordpress.callac.online\/#\/schema\/person\/image\/"},"description":"Enseignant de math\u00e9matiques Lyc\u00e9e Pasteur S\u00e3o Paulo","sameAs":["http:\/\/wordpress.callac.online"]}]}},"_links":{"self":[{"href":"https:\/\/wordpress.callac.online\/index.php\/wp-json\/wp\/v2\/pages\/1643","targetHints":{"allow":["GET"]}}],"collection":[{"href":"https:\/\/wordpress.callac.online\/index.php\/wp-json\/wp\/v2\/pages"}],"about":[{"href":"https:\/\/wordpress.callac.online\/index.php\/wp-json\/wp\/v2\/types\/page"}],"author":[{"embeddable":true,"href":"https:\/\/wordpress.callac.online\/index.php\/wp-json\/wp\/v2\/users\/1"}],"replies":[{"embeddable":true,"href":"https:\/\/wordpress.callac.online\/index.php\/wp-json\/wp\/v2\/comments?post=1643"}],"version-history":[{"count":4,"href":"https:\/\/wordpress.callac.online\/index.php\/wp-json\/wp\/v2\/pages\/1643\/revisions"}],"predecessor-version":[{"id":2820,"href":"https:\/\/wordpress.callac.online\/index.php\/wp-json\/wp\/v2\/pages\/1643\/revisions\/2820"}],"up":[{"embeddable":true,"href":"https:\/\/wordpress.callac.online\/index.php\/wp-json\/wp\/v2\/pages\/972"}],"wp:attachment":[{"href":"https:\/\/wordpress.callac.online\/index.php\/wp-json\/wp\/v2\/media?parent=1643"}],"curies":[{"name":"wp","href":"https:\/\/api.w.org\/{rel}","templated":true}]}}