{"id":169,"date":"2008-05-25T12:58:21","date_gmt":"2008-05-25T10:58:21","guid":{"rendered":"http:\/\/wordpress.callac.online\/index.php\/surface-et-lignes-de-niveaux-avec-xcas\/"},"modified":"2023-10-14T20:14:08","modified_gmt":"2023-10-14T18:14:08","slug":"surface-et-lignes-de-niveaux-avec-xcas","status":"publish","type":"page","link":"https:\/\/wordpress.callac.online\/index.php\/logiciels-mathematiques\/xcas\/surface-et-lignes-de-niveaux-avec-xcas\/","title":{"rendered":"Surface et lignes de niveaux avec Xcas"},"content":{"rendered":"<p><math>\nVoici comment on peut visualiser une surface et des lignes de niveaux avec Xcas.<\/p>\n<p>A noter que l&rsquo;on peut choisir de visualiser :\n&#8211; un plan $x=k$, $y=k$ ou $z=k$.\n&#8211; une ligne de niveau $x=k$, $y=k$ ou $z=k$.<\/p>\n<h2>Programme surface.xws<\/h2>\n<hr \/>\n<p><a href=\"http:\/\/wordpress.callac.online\/wp-content\/uploads\/2008\/05\/zip_surface.xws_.zip\">surface.xws.zip<\/a><\/p>\n<plain>\n\/* On rentre l&rsquo;expression de la fonction z=f(x,y).\n *\/\nf:=x^2+y^2 ;\n\/* On rentre les valeurs des bornes.\n *\/\nxmin:=-5 ;\nxmax:=5 ;\nymin:=-5 ;\nymax:=5 ;\n\/* Dans le module suivant, on peut choisir d&rsquo;afficher des plans de base et les lignes de niveaux associ\u00e9es. \nPour cela, il suffit de remplacer le \u00ab\u00a0:\u00a0\u00bb par un \u00ab\u00a0:=\u00a0\u00bb pour les plans ou les lignes voulus.\nNe pas oublier de relancer la ligne 1.\n *\/\ns:=plotfunc(f,[x=(xmin .. xmax),y=(ymin .. ymax)]) ;\npz:=plan(z=20,&rsquo;affichage&rsquo;=(bleu+rempli)) ;\nLz:=affichage(inter(s,pz),bleu+line_width_3) ;\npx:(plan(x=0.5,&rsquo;affichage&rsquo;=(vert+rempli))) ;\nLx:(affichage(inter(s,px),vert+line_width_3)) ;\np_y:(plan(y=0.5,&rsquo;affichage&rsquo;=(rouge+rempli))) ;\nL_y:(affichage(inter(s,p_y),rouge+line_width_3)) ;\nundef ;\n\/* Afffichage de lignes de niveaux z=constante.\n *\/\nplotcontour(f,[x=(xmin .. xmax),y=(ymin .. ymax)],[5,10,15],&rsquo;affichage&rsquo;=bleu) ;\n<\/plain>\n<h2>Les images<\/h2>\n<hr \/>\n<p><img loading=\"lazy\" decoding=\"async\" class=\" aligncenter size-full wp-image-674\" src=\"http:\/\/wordpress.callac.online\/wp-content\/uploads\/2008\/05\/jpg_surface.jpg\" alt=\"surface.jpg\" data-description=\"Surface avec une ligne de niveau z=constante.\" align=\"center\" width=\"406\" height=\"574\" srcset=\"https:\/\/wordpress.callac.online\/wp-content\/uploads\/2008\/05\/jpg_surface.jpg 406w, https:\/\/wordpress.callac.online\/wp-content\/uploads\/2008\/05\/jpg_surface-212x300.jpg 212w\" sizes=\"auto, (max-width: 406px) 100vw, 406px\" \/><\/p>\n<p><img loading=\"lazy\" decoding=\"async\" class=\" aligncenter size-full wp-image-675\" src=\"http:\/\/wordpress.callac.online\/wp-content\/uploads\/2008\/05\/jpg_lignes.jpg\" alt=\"lignes.jpg\" data-description=\"Lignes de niveaux z=constante.\" align=\"center\" width=\"400\" height=\"340\" srcset=\"https:\/\/wordpress.callac.online\/wp-content\/uploads\/2008\/05\/jpg_lignes.jpg 400w, https:\/\/wordpress.callac.online\/wp-content\/uploads\/2008\/05\/jpg_lignes-300x255.jpg 300w\" sizes=\"auto, (max-width: 400px) 100vw, 400px\" \/><\/p>\n<p><\/math><\/p>\n","protected":false},"excerpt":{"rendered":"<p>Voici comment on peut visualiser une surface et des lignes de niveaux avec Xcas. A noter que l&rsquo;on peut choisir de visualiser : &#8211; un plan $x=k$, $y=k$ ou $z=k$.&hellip;<\/p>\n","protected":false},"author":1,"featured_media":0,"parent":1637,"menu_order":7,"comment_status":"closed","ping_status":"closed","template":"","meta":{"footnotes":""},"class_list":["post-169","page","type-page","status-publish","hentry"],"yoast_head":"<!-- This site is optimized with the Yoast SEO plugin v27.1.1 - https:\/\/yoast.com\/product\/yoast-seo-wordpress\/ -->\n<title>Surface et lignes de niveaux avec Xcas - Maths &amp; Num\u00e9rique<\/title>\n<meta name=\"robots\" content=\"index, follow, max-snippet:-1, max-image-preview:large, max-video-preview:-1\" \/>\n<link rel=\"canonical\" href=\"https:\/\/wordpress.callac.online\/index.php\/logiciels-mathematiques\/xcas\/surface-et-lignes-de-niveaux-avec-xcas\/\" \/>\n<meta property=\"og:locale\" content=\"fr_FR\" \/>\n<meta property=\"og:type\" content=\"article\" \/>\n<meta property=\"og:title\" content=\"Surface et lignes de niveaux avec Xcas - Maths &amp; Num\u00e9rique\" \/>\n<meta property=\"og:description\" content=\"Voici comment on peut visualiser une surface et des lignes de niveaux avec Xcas. A noter que l&rsquo;on peut choisir de visualiser : &#8211; un plan $x=k$, $y=k$ ou $z=k$.&hellip;\" \/>\n<meta property=\"og:url\" content=\"https:\/\/wordpress.callac.online\/index.php\/logiciels-mathematiques\/xcas\/surface-et-lignes-de-niveaux-avec-xcas\/\" \/>\n<meta property=\"og:site_name\" content=\"Maths &amp; Num\u00e9rique\" \/>\n<meta property=\"article:modified_time\" content=\"2023-10-14T18:14:08+00:00\" \/>\n<meta property=\"og:image\" content=\"http:\/\/wordpress.callac.online\/wp-content\/uploads\/2008\/05\/jpg_surface.jpg\" \/>\n<meta name=\"twitter:card\" content=\"summary_large_image\" \/>\n<meta name=\"twitter:label1\" content=\"Dur\u00e9e de lecture estim\u00e9e\" \/>\n\t<meta name=\"twitter:data1\" content=\"1 minute\" \/>\n<script type=\"application\/ld+json\" class=\"yoast-schema-graph\">{\"@context\":\"https:\/\/schema.org\",\"@graph\":[{\"@type\":\"WebPage\",\"@id\":\"https:\/\/wordpress.callac.online\/index.php\/logiciels-mathematiques\/xcas\/surface-et-lignes-de-niveaux-avec-xcas\/\",\"url\":\"https:\/\/wordpress.callac.online\/index.php\/logiciels-mathematiques\/xcas\/surface-et-lignes-de-niveaux-avec-xcas\/\",\"name\":\"Surface et lignes de niveaux avec Xcas - Maths &amp; Num\u00e9rique\",\"isPartOf\":{\"@id\":\"https:\/\/wordpress.callac.online\/#website\"},\"primaryImageOfPage\":{\"@id\":\"https:\/\/wordpress.callac.online\/index.php\/logiciels-mathematiques\/xcas\/surface-et-lignes-de-niveaux-avec-xcas\/#primaryimage\"},\"image\":{\"@id\":\"https:\/\/wordpress.callac.online\/index.php\/logiciels-mathematiques\/xcas\/surface-et-lignes-de-niveaux-avec-xcas\/#primaryimage\"},\"thumbnailUrl\":\"http:\/\/wordpress.callac.online\/wp-content\/uploads\/2008\/05\/jpg_surface.jpg\",\"datePublished\":\"2008-05-25T10:58:21+00:00\",\"dateModified\":\"2023-10-14T18:14:08+00:00\",\"breadcrumb\":{\"@id\":\"https:\/\/wordpress.callac.online\/index.php\/logiciels-mathematiques\/xcas\/surface-et-lignes-de-niveaux-avec-xcas\/#breadcrumb\"},\"inLanguage\":\"fr-FR\",\"potentialAction\":[{\"@type\":\"ReadAction\",\"target\":[\"https:\/\/wordpress.callac.online\/index.php\/logiciels-mathematiques\/xcas\/surface-et-lignes-de-niveaux-avec-xcas\/\"]}]},{\"@type\":\"ImageObject\",\"inLanguage\":\"fr-FR\",\"@id\":\"https:\/\/wordpress.callac.online\/index.php\/logiciels-mathematiques\/xcas\/surface-et-lignes-de-niveaux-avec-xcas\/#primaryimage\",\"url\":\"https:\/\/wordpress.callac.online\/wp-content\/uploads\/2008\/05\/jpg_surface.jpg\",\"contentUrl\":\"https:\/\/wordpress.callac.online\/wp-content\/uploads\/2008\/05\/jpg_surface.jpg\",\"width\":406,\"height\":574,\"caption\":\"surface.jpg\"},{\"@type\":\"BreadcrumbList\",\"@id\":\"https:\/\/wordpress.callac.online\/index.php\/logiciels-mathematiques\/xcas\/surface-et-lignes-de-niveaux-avec-xcas\/#breadcrumb\",\"itemListElement\":[{\"@type\":\"ListItem\",\"position\":1,\"name\":\"Accueil\",\"item\":\"https:\/\/wordpress.callac.online\/\"},{\"@type\":\"ListItem\",\"position\":2,\"name\":\"Logiciels math\u00e9matiques\",\"item\":\"https:\/\/wordpress.callac.online\/index.php\/logiciels-mathematiques\/\"},{\"@type\":\"ListItem\",\"position\":3,\"name\":\"Xcas\",\"item\":\"https:\/\/wordpress.callac.online\/index.php\/logiciels-mathematiques\/xcas\/\"},{\"@type\":\"ListItem\",\"position\":4,\"name\":\"Surface et lignes de niveaux avec Xcas\"}]},{\"@type\":\"WebSite\",\"@id\":\"https:\/\/wordpress.callac.online\/#website\",\"url\":\"https:\/\/wordpress.callac.online\/\",\"name\":\"Maths & Num\u00e9rique\",\"description\":\"Des outils pour les enseignants de math\u00e9matiques et de num\u00e9rique\",\"publisher\":{\"@id\":\"https:\/\/wordpress.callac.online\/#\/schema\/person\/04061f1ca2c2c42039142a704be95940\"},\"potentialAction\":[{\"@type\":\"SearchAction\",\"target\":{\"@type\":\"EntryPoint\",\"urlTemplate\":\"https:\/\/wordpress.callac.online\/?s={search_term_string}\"},\"query-input\":{\"@type\":\"PropertyValueSpecification\",\"valueRequired\":true,\"valueName\":\"search_term_string\"}}],\"inLanguage\":\"fr-FR\"},{\"@type\":[\"Person\",\"Organization\"],\"@id\":\"https:\/\/wordpress.callac.online\/#\/schema\/person\/04061f1ca2c2c42039142a704be95940\",\"name\":\"dlefur\",\"image\":{\"@type\":\"ImageObject\",\"inLanguage\":\"fr-FR\",\"@id\":\"https:\/\/wordpress.callac.online\/#\/schema\/person\/image\/\",\"url\":\"https:\/\/secure.gravatar.com\/avatar\/4a9e17be136808c6597f28aa2b6c13126dab066fdc2198ff60090972c9b7fafc?s=96&d=mm&r=g\",\"contentUrl\":\"https:\/\/secure.gravatar.com\/avatar\/4a9e17be136808c6597f28aa2b6c13126dab066fdc2198ff60090972c9b7fafc?s=96&d=mm&r=g\",\"caption\":\"dlefur\"},\"logo\":{\"@id\":\"https:\/\/wordpress.callac.online\/#\/schema\/person\/image\/\"},\"description\":\"Enseignant de math\u00e9matiques Lyc\u00e9e Pasteur S\u00e3o Paulo\",\"sameAs\":[\"http:\/\/wordpress.callac.online\"]}]}<\/script>\n<!-- \/ Yoast SEO plugin. -->","yoast_head_json":{"title":"Surface et lignes de niveaux avec Xcas - Maths &amp; Num\u00e9rique","robots":{"index":"index","follow":"follow","max-snippet":"max-snippet:-1","max-image-preview":"max-image-preview:large","max-video-preview":"max-video-preview:-1"},"canonical":"https:\/\/wordpress.callac.online\/index.php\/logiciels-mathematiques\/xcas\/surface-et-lignes-de-niveaux-avec-xcas\/","og_locale":"fr_FR","og_type":"article","og_title":"Surface et lignes de niveaux avec Xcas - Maths &amp; Num\u00e9rique","og_description":"Voici comment on peut visualiser une surface et des lignes de niveaux avec Xcas. A noter que l&rsquo;on peut choisir de visualiser : &#8211; un plan $x=k$, $y=k$ ou $z=k$.&hellip;","og_url":"https:\/\/wordpress.callac.online\/index.php\/logiciels-mathematiques\/xcas\/surface-et-lignes-de-niveaux-avec-xcas\/","og_site_name":"Maths &amp; Num\u00e9rique","article_modified_time":"2023-10-14T18:14:08+00:00","og_image":[{"url":"http:\/\/wordpress.callac.online\/wp-content\/uploads\/2008\/05\/jpg_surface.jpg","type":"","width":"","height":""}],"twitter_card":"summary_large_image","twitter_misc":{"Dur\u00e9e de lecture estim\u00e9e":"1 minute"},"schema":{"@context":"https:\/\/schema.org","@graph":[{"@type":"WebPage","@id":"https:\/\/wordpress.callac.online\/index.php\/logiciels-mathematiques\/xcas\/surface-et-lignes-de-niveaux-avec-xcas\/","url":"https:\/\/wordpress.callac.online\/index.php\/logiciels-mathematiques\/xcas\/surface-et-lignes-de-niveaux-avec-xcas\/","name":"Surface et lignes de niveaux avec Xcas - Maths &amp; Num\u00e9rique","isPartOf":{"@id":"https:\/\/wordpress.callac.online\/#website"},"primaryImageOfPage":{"@id":"https:\/\/wordpress.callac.online\/index.php\/logiciels-mathematiques\/xcas\/surface-et-lignes-de-niveaux-avec-xcas\/#primaryimage"},"image":{"@id":"https:\/\/wordpress.callac.online\/index.php\/logiciels-mathematiques\/xcas\/surface-et-lignes-de-niveaux-avec-xcas\/#primaryimage"},"thumbnailUrl":"http:\/\/wordpress.callac.online\/wp-content\/uploads\/2008\/05\/jpg_surface.jpg","datePublished":"2008-05-25T10:58:21+00:00","dateModified":"2023-10-14T18:14:08+00:00","breadcrumb":{"@id":"https:\/\/wordpress.callac.online\/index.php\/logiciels-mathematiques\/xcas\/surface-et-lignes-de-niveaux-avec-xcas\/#breadcrumb"},"inLanguage":"fr-FR","potentialAction":[{"@type":"ReadAction","target":["https:\/\/wordpress.callac.online\/index.php\/logiciels-mathematiques\/xcas\/surface-et-lignes-de-niveaux-avec-xcas\/"]}]},{"@type":"ImageObject","inLanguage":"fr-FR","@id":"https:\/\/wordpress.callac.online\/index.php\/logiciels-mathematiques\/xcas\/surface-et-lignes-de-niveaux-avec-xcas\/#primaryimage","url":"https:\/\/wordpress.callac.online\/wp-content\/uploads\/2008\/05\/jpg_surface.jpg","contentUrl":"https:\/\/wordpress.callac.online\/wp-content\/uploads\/2008\/05\/jpg_surface.jpg","width":406,"height":574,"caption":"surface.jpg"},{"@type":"BreadcrumbList","@id":"https:\/\/wordpress.callac.online\/index.php\/logiciels-mathematiques\/xcas\/surface-et-lignes-de-niveaux-avec-xcas\/#breadcrumb","itemListElement":[{"@type":"ListItem","position":1,"name":"Accueil","item":"https:\/\/wordpress.callac.online\/"},{"@type":"ListItem","position":2,"name":"Logiciels math\u00e9matiques","item":"https:\/\/wordpress.callac.online\/index.php\/logiciels-mathematiques\/"},{"@type":"ListItem","position":3,"name":"Xcas","item":"https:\/\/wordpress.callac.online\/index.php\/logiciels-mathematiques\/xcas\/"},{"@type":"ListItem","position":4,"name":"Surface et lignes de niveaux avec Xcas"}]},{"@type":"WebSite","@id":"https:\/\/wordpress.callac.online\/#website","url":"https:\/\/wordpress.callac.online\/","name":"Maths & Num\u00e9rique","description":"Des outils pour les enseignants de math\u00e9matiques et de num\u00e9rique","publisher":{"@id":"https:\/\/wordpress.callac.online\/#\/schema\/person\/04061f1ca2c2c42039142a704be95940"},"potentialAction":[{"@type":"SearchAction","target":{"@type":"EntryPoint","urlTemplate":"https:\/\/wordpress.callac.online\/?s={search_term_string}"},"query-input":{"@type":"PropertyValueSpecification","valueRequired":true,"valueName":"search_term_string"}}],"inLanguage":"fr-FR"},{"@type":["Person","Organization"],"@id":"https:\/\/wordpress.callac.online\/#\/schema\/person\/04061f1ca2c2c42039142a704be95940","name":"dlefur","image":{"@type":"ImageObject","inLanguage":"fr-FR","@id":"https:\/\/wordpress.callac.online\/#\/schema\/person\/image\/","url":"https:\/\/secure.gravatar.com\/avatar\/4a9e17be136808c6597f28aa2b6c13126dab066fdc2198ff60090972c9b7fafc?s=96&d=mm&r=g","contentUrl":"https:\/\/secure.gravatar.com\/avatar\/4a9e17be136808c6597f28aa2b6c13126dab066fdc2198ff60090972c9b7fafc?s=96&d=mm&r=g","caption":"dlefur"},"logo":{"@id":"https:\/\/wordpress.callac.online\/#\/schema\/person\/image\/"},"description":"Enseignant de math\u00e9matiques Lyc\u00e9e Pasteur S\u00e3o Paulo","sameAs":["http:\/\/wordpress.callac.online"]}]}},"_links":{"self":[{"href":"https:\/\/wordpress.callac.online\/index.php\/wp-json\/wp\/v2\/pages\/169","targetHints":{"allow":["GET"]}}],"collection":[{"href":"https:\/\/wordpress.callac.online\/index.php\/wp-json\/wp\/v2\/pages"}],"about":[{"href":"https:\/\/wordpress.callac.online\/index.php\/wp-json\/wp\/v2\/types\/page"}],"author":[{"embeddable":true,"href":"https:\/\/wordpress.callac.online\/index.php\/wp-json\/wp\/v2\/users\/1"}],"replies":[{"embeddable":true,"href":"https:\/\/wordpress.callac.online\/index.php\/wp-json\/wp\/v2\/comments?post=169"}],"version-history":[{"count":1,"href":"https:\/\/wordpress.callac.online\/index.php\/wp-json\/wp\/v2\/pages\/169\/revisions"}],"predecessor-version":[{"id":1577,"href":"https:\/\/wordpress.callac.online\/index.php\/wp-json\/wp\/v2\/pages\/169\/revisions\/1577"}],"up":[{"embeddable":true,"href":"https:\/\/wordpress.callac.online\/index.php\/wp-json\/wp\/v2\/pages\/1637"}],"wp:attachment":[{"href":"https:\/\/wordpress.callac.online\/index.php\/wp-json\/wp\/v2\/media?parent=169"}],"curies":[{"name":"wp","href":"https:\/\/api.w.org\/{rel}","templated":true}]}}