{"id":189,"date":"2008-08-01T20:25:23","date_gmt":"2008-08-01T18:25:23","guid":{"rendered":"http:\/\/wordpress.callac.online\/index.php\/le-paquet-pro-suites\/"},"modified":"2023-10-14T20:12:21","modified_gmt":"2023-10-14T18:12:21","slug":"le-paquet-pro-suites","status":"publish","type":"page","link":"https:\/\/wordpress.callac.online\/index.php\/edition-mathematique\/professor\/les-paquets-de-professor-sty-2\/le-paquet-pro-suites\/","title":{"rendered":"Le paquet pro-suites"},"content":{"rendered":"<p>Cet outil a pour but de faciliter la cr\u00e9ation de graphiques sur les <strong>suites<\/strong>.<\/p>\n<h2>Dans le pr\u00e9ambule<\/h2>\n<hr \/>\n<p>On rajoute ceci :<\/p>\n<p><code>\\usepackage[xcas]{pro-suites}<\/code><\/p>\n<h2>pro-suiterec<\/h2>\n<hr \/>\n<p>Cet environnement sert \u00e0 visualiser les premiers termes d&rsquo;une suite d\u00e9finie par r\u00e9currence.<\/p>\n<p>Voici un premier exemple dans lequel les noms sont cach\u00e9s :<\/p>\n<pre class=\"EnlighterJSRAW\" data-enlighter-language=\"latex\">\\begin{pro-suiterec}{1}\n[\"u\",1,1],          \/\/ nom,indice debut,valeur debut\n[3,\"rouge\",\"cache\"],\/\/ nb termes,couleur,optionel(noms caches)\n[0.25x+3,\"bleu\"],   \/\/ expression,couleur,optionnel(intervalle, bornes)\n-1,5,-1,5,          \/\/xmin,xmax,ymin,ymax,\n0.5,0.5,1,1,0.5,0.5,\/\/ux,uy,cx,cy,gx,gy,\n\/\/ ----------------- debut des options\n[\n[\"base\"],\n[\"texte-courbe\",-0.5,\"$({@cal C}_f)$\",\"ulft\",\"bleu\"],\n[\"titre-droite\",\"$({@cal C}_f) : y=0,25x+3$\"],\n[\"point-courbe\",4,\"$A$\",\"top\",\"noir\"],\n[\"titre-gauche\",\"$u_{n+1}=f(u_n)$ avec $u_1=1$\"]\n]\n\/\/ ----------------- fin des options\n\\end{pro-suiterec}<\/pre>\n<p>On obtient :<\/p>\n<p><img loading=\"lazy\" decoding=\"async\" class=\" aligncenter size-full wp-image-767\" src=\"http:\/\/wordpress.callac.online\/wp-content\/uploads\/2008\/08\/jpg_suite1.jpg\" alt=\"suite1.jpg\" width=\"635\" height=\"688\" align=\"center\" srcset=\"https:\/\/wordpress.callac.online\/wp-content\/uploads\/2008\/08\/jpg_suite1.jpg 635w, https:\/\/wordpress.callac.online\/wp-content\/uploads\/2008\/08\/jpg_suite1-277x300.jpg 277w\" sizes=\"auto, (max-width: 635px) 100vw, 635px\" \/><\/p>\n<p><span style=\"color: red;\"><br \/>\n<em>NB : le code source correspondant est enregistr\u00e9 dans le fichier : <\/em><\/span><\/p>\n<p><span style=\"color: red;\"><em>nomfichier_suiterec i.mp, la valeur i \u00e9tant donn\u00e9e en argument.<\/em><br \/>\n<\/span><\/p>\n<hr \/>\n<p>Voici un deuxi\u00e8me exemple dans lequel les noms apparaissent :<\/p>\n<pre class=\"EnlighterJSRAW\" data-enlighter-language=\"latex\">\\begin{pro-suiterec}{2}\n[\"v\",0,1],          \/\/ nom,indice debut,valeur debut\n[7,\"rouge\"],        \/\/ nb termes,couleur,optionel(noms caches)\n[-0.75x+4,\"bleu\"],  \/\/ expression,couleur,optionnel(intervalle, bornes)\n-1,5,-1,5,          \/\/xmin,xmax,ymin,ymax,\n0.5,0.5,1,1,0.5,0.5,\/\/ux,uy,cx,cy,gx,gy,\n\/\/ ----------------- debut des options\n[\n[\"base\"],\n[\"texte-courbe\",4,\"$({@cal C}_f)$\",\"urt\",\"bleu\"],\n[\"titre-droite\",\"$({@cal C}_f) : y=-0,75x+4$\"],\n[\"point-courbe\",16\/7,\"$A$\",\"top\",\"noir\"],\n[\"titre-gauche\",\"$v_{n+1}=f(v_n)$ avec $v_0=1$\"]\n]\n\/\/ ----------------- fin des options\n\\end{pro-suiterec}<\/pre>\n<p>On obtient :<\/p>\n<p><img loading=\"lazy\" decoding=\"async\" class=\" aligncenter size-full wp-image-768\" src=\"http:\/\/wordpress.callac.online\/wp-content\/uploads\/2008\/08\/jpg_suite2.jpg\" alt=\"suite2.jpg\" width=\"644\" height=\"687\" align=\"center\" srcset=\"https:\/\/wordpress.callac.online\/wp-content\/uploads\/2008\/08\/jpg_suite2.jpg 644w, https:\/\/wordpress.callac.online\/wp-content\/uploads\/2008\/08\/jpg_suite2-281x300.jpg 281w\" sizes=\"auto, (max-width: 644px) 100vw, 644px\" \/><\/p>\n<h2>pro-suitefn<\/h2>\n<hr \/>\n<p>Cet environnement sert \u00e0 visualiser les premiers termes d&rsquo;une suite d\u00e9finie par son terme g\u00e9n\u00e9ral.<\/p>\n<p>Voici un premier exemple dans lequel les noms apparaissent :<\/p>\n<pre class=\"EnlighterJSRAW\" data-enlighter-language=\"latex\">\\begin{pro-suitefn}{1}\n[\"v\",1],              \/\/ nom,indice debut\n[4,\"rouge\"],          \/\/ nb termes,couleur,optionel(noms caches)\n[1\/x,\"bleu\"],         \/\/ expression,couleur,optionnel(intervalle, bornes)\n-1,10,-0.5,1.5,       \/\/xmin,xmax,ymin,ymax,\n1,0.25,1,0.5,0.5,0.25,\/\/ux,uy,cx,cy,gx,gy,\n\/\/ ----------------- debut des options\n[\n[\"base\"],\n[\"texte-courbe\",0.9,\"$({@cal C}_f)$\",\"urt\",\"bleu\"],\n[\"titre-droite\",\"$({@cal C}_f) : y=@dfrac{1}{x}$\"],\n[\"titre-gauche\",\"$v_n=f(n)$ \u00e0 partir de $n=1$\"]\n]\n\/\/ ----------------- fin des options\n\\end{pro-suitefn}<\/pre>\n<p>On obtient :<\/p>\n<p><img loading=\"lazy\" decoding=\"async\" class=\" aligncenter size-full wp-image-769\" src=\"http:\/\/wordpress.callac.online\/wp-content\/uploads\/2008\/08\/jpg_suite3.jpg\" alt=\"suite3.jpg\" width=\"614\" height=\"509\" align=\"center\" srcset=\"https:\/\/wordpress.callac.online\/wp-content\/uploads\/2008\/08\/jpg_suite3.jpg 614w, https:\/\/wordpress.callac.online\/wp-content\/uploads\/2008\/08\/jpg_suite3-300x249.jpg 300w\" sizes=\"auto, (max-width: 614px) 100vw, 614px\" \/><\/p>\n<p><span style=\"color: red;\"><br \/>\n<em>NB : le code source correspondant est enregistr\u00e9 dans le fichier : <\/em><\/span><\/p>\n<p><span style=\"color: red;\"><em>nomfichier_suitefn i.mp, la valeur i \u00e9tant donn\u00e9e en argument.<\/em><br \/>\n<\/span><\/p>\n<hr \/>\n<p>Voici un deuxi\u00e8me exemple dans lequel les noms sont cach\u00e9s :<\/p>\n<pre class=\"EnlighterJSRAW\" data-enlighter-language=\"latex\">\\begin{pro-suitefn}{2}\n[\"v\",1],              \/\/ nom,indice debut\n[9,\"rouge\",\"cache\"],  \/\/ nb termes,couleur,optionel(noms caches)\n[sin(x)\/x,\"bleu\"],    \/\/ expression,couleur,optionnel(intervalle, bornes)\n-1,10,-0.5,1.5,       \/\/xmin,xmax,ymin,ymax,\n1,0.25,1,0.5,0.5,0.25,\/\/ux,uy,cx,cy,gx,gy,\n\/\/ ----------------- debut des options\n[\n[\"base\"],\n[\"texte-courbe\",8,\"$({@cal C}_f)$\",\"urt\",\"bleu\"],\n[\"titre-droite\",\"$({@cal C}_f) : y=@dfrac{@sin x}{x}$\"],\n[\"titre-gauche\",\"$v_n=f(n)$ a partir de $n=1$\"]\n ]\n \/\/ ----------------- fin des options\n\\end{pro-suitefn}<\/pre>\n<p>On obtient :<\/p>\n<p><img loading=\"lazy\" decoding=\"async\" class=\" aligncenter size-full wp-image-770\" src=\"http:\/\/wordpress.callac.online\/wp-content\/uploads\/2008\/08\/jpg_suite4.jpg\" alt=\"suite4.jpg\" width=\"632\" height=\"531\" align=\"center\" srcset=\"https:\/\/wordpress.callac.online\/wp-content\/uploads\/2008\/08\/jpg_suite4.jpg 632w, https:\/\/wordpress.callac.online\/wp-content\/uploads\/2008\/08\/jpg_suite4-300x252.jpg 300w\" sizes=\"auto, (max-width: 632px) 100vw, 632px\" \/><\/p>\n","protected":false},"excerpt":{"rendered":"<p>Cet outil a pour but de faciliter la cr\u00e9ation de graphiques sur les suites. Dans le pr\u00e9ambule On rajoute ceci : \\usepackage[xcas]{pro-suites} pro-suiterec Cet environnement sert \u00e0 visualiser les premiers&hellip;<\/p>\n","protected":false},"author":1,"featured_media":0,"parent":2247,"menu_order":3,"comment_status":"closed","ping_status":"closed","template":"","meta":{"footnotes":""},"class_list":["post-189","page","type-page","status-publish","hentry"],"yoast_head":"<!-- This site is optimized with the Yoast SEO plugin v27.1.1 - https:\/\/yoast.com\/product\/yoast-seo-wordpress\/ -->\n<title>Le paquet pro-suites - Maths &amp; Num\u00e9rique<\/title>\n<meta name=\"robots\" content=\"index, follow, max-snippet:-1, max-image-preview:large, max-video-preview:-1\" \/>\n<link rel=\"canonical\" href=\"https:\/\/wordpress.callac.online\/index.php\/edition-mathematique\/professor\/les-paquets-de-professor-sty-2\/le-paquet-pro-suites\/\" \/>\n<meta property=\"og:locale\" content=\"fr_FR\" \/>\n<meta property=\"og:type\" content=\"article\" \/>\n<meta property=\"og:title\" content=\"Le paquet pro-suites - Maths &amp; Num\u00e9rique\" \/>\n<meta property=\"og:description\" content=\"Cet outil a pour but de faciliter la cr\u00e9ation de graphiques sur les suites. Dans le pr\u00e9ambule On rajoute ceci : usepackage[xcas]{pro-suites} pro-suiterec Cet environnement sert \u00e0 visualiser les premiers&hellip;\" \/>\n<meta property=\"og:url\" content=\"https:\/\/wordpress.callac.online\/index.php\/edition-mathematique\/professor\/les-paquets-de-professor-sty-2\/le-paquet-pro-suites\/\" \/>\n<meta property=\"og:site_name\" content=\"Maths &amp; Num\u00e9rique\" \/>\n<meta property=\"article:modified_time\" content=\"2023-10-14T18:12:21+00:00\" \/>\n<meta property=\"og:image\" content=\"http:\/\/wordpress.callac.online\/wp-content\/uploads\/2008\/08\/jpg_suite1.jpg\" \/>\n<meta name=\"twitter:card\" content=\"summary_large_image\" \/>\n<meta name=\"twitter:label1\" content=\"Dur\u00e9e de lecture estim\u00e9e\" \/>\n\t<meta name=\"twitter:data1\" content=\"2 minutes\" \/>\n<script type=\"application\/ld+json\" class=\"yoast-schema-graph\">{\"@context\":\"https:\/\/schema.org\",\"@graph\":[{\"@type\":\"WebPage\",\"@id\":\"https:\/\/wordpress.callac.online\/index.php\/edition-mathematique\/professor\/les-paquets-de-professor-sty-2\/le-paquet-pro-suites\/\",\"url\":\"https:\/\/wordpress.callac.online\/index.php\/edition-mathematique\/professor\/les-paquets-de-professor-sty-2\/le-paquet-pro-suites\/\",\"name\":\"Le paquet pro-suites - Maths &amp; Num\u00e9rique\",\"isPartOf\":{\"@id\":\"https:\/\/wordpress.callac.online\/#website\"},\"primaryImageOfPage\":{\"@id\":\"https:\/\/wordpress.callac.online\/index.php\/edition-mathematique\/professor\/les-paquets-de-professor-sty-2\/le-paquet-pro-suites\/#primaryimage\"},\"image\":{\"@id\":\"https:\/\/wordpress.callac.online\/index.php\/edition-mathematique\/professor\/les-paquets-de-professor-sty-2\/le-paquet-pro-suites\/#primaryimage\"},\"thumbnailUrl\":\"http:\/\/wordpress.callac.online\/wp-content\/uploads\/2008\/08\/jpg_suite1.jpg\",\"datePublished\":\"2008-08-01T18:25:23+00:00\",\"dateModified\":\"2023-10-14T18:12:21+00:00\",\"breadcrumb\":{\"@id\":\"https:\/\/wordpress.callac.online\/index.php\/edition-mathematique\/professor\/les-paquets-de-professor-sty-2\/le-paquet-pro-suites\/#breadcrumb\"},\"inLanguage\":\"fr-FR\",\"potentialAction\":[{\"@type\":\"ReadAction\",\"target\":[\"https:\/\/wordpress.callac.online\/index.php\/edition-mathematique\/professor\/les-paquets-de-professor-sty-2\/le-paquet-pro-suites\/\"]}]},{\"@type\":\"ImageObject\",\"inLanguage\":\"fr-FR\",\"@id\":\"https:\/\/wordpress.callac.online\/index.php\/edition-mathematique\/professor\/les-paquets-de-professor-sty-2\/le-paquet-pro-suites\/#primaryimage\",\"url\":\"https:\/\/wordpress.callac.online\/wp-content\/uploads\/2008\/08\/jpg_suite1.jpg\",\"contentUrl\":\"https:\/\/wordpress.callac.online\/wp-content\/uploads\/2008\/08\/jpg_suite1.jpg\",\"width\":635,\"height\":688,\"caption\":\"suite1.jpg\"},{\"@type\":\"BreadcrumbList\",\"@id\":\"https:\/\/wordpress.callac.online\/index.php\/edition-mathematique\/professor\/les-paquets-de-professor-sty-2\/le-paquet-pro-suites\/#breadcrumb\",\"itemListElement\":[{\"@type\":\"ListItem\",\"position\":1,\"name\":\"Accueil\",\"item\":\"https:\/\/wordpress.callac.online\/\"},{\"@type\":\"ListItem\",\"position\":2,\"name\":\"\u00c9dition math\u00e9matique\",\"item\":\"https:\/\/wordpress.callac.online\/index.php\/edition-mathematique\/\"},{\"@type\":\"ListItem\",\"position\":3,\"name\":\"Professor\",\"item\":\"https:\/\/wordpress.callac.online\/index.php\/edition-mathematique\/professor\/\"},{\"@type\":\"ListItem\",\"position\":4,\"name\":\"Les paquets de Professor.sty\",\"item\":\"https:\/\/wordpress.callac.online\/index.php\/edition-mathematique\/professor\/les-paquets-de-professor-sty-2\/\"},{\"@type\":\"ListItem\",\"position\":5,\"name\":\"Le paquet pro-suites\"}]},{\"@type\":\"WebSite\",\"@id\":\"https:\/\/wordpress.callac.online\/#website\",\"url\":\"https:\/\/wordpress.callac.online\/\",\"name\":\"Maths & Num\u00e9rique\",\"description\":\"Des outils pour les enseignants de math\u00e9matiques et de num\u00e9rique\",\"publisher\":{\"@id\":\"https:\/\/wordpress.callac.online\/#\/schema\/person\/04061f1ca2c2c42039142a704be95940\"},\"potentialAction\":[{\"@type\":\"SearchAction\",\"target\":{\"@type\":\"EntryPoint\",\"urlTemplate\":\"https:\/\/wordpress.callac.online\/?s={search_term_string}\"},\"query-input\":{\"@type\":\"PropertyValueSpecification\",\"valueRequired\":true,\"valueName\":\"search_term_string\"}}],\"inLanguage\":\"fr-FR\"},{\"@type\":[\"Person\",\"Organization\"],\"@id\":\"https:\/\/wordpress.callac.online\/#\/schema\/person\/04061f1ca2c2c42039142a704be95940\",\"name\":\"dlefur\",\"image\":{\"@type\":\"ImageObject\",\"inLanguage\":\"fr-FR\",\"@id\":\"https:\/\/wordpress.callac.online\/#\/schema\/person\/image\/\",\"url\":\"https:\/\/secure.gravatar.com\/avatar\/4a9e17be136808c6597f28aa2b6c13126dab066fdc2198ff60090972c9b7fafc?s=96&d=mm&r=g\",\"contentUrl\":\"https:\/\/secure.gravatar.com\/avatar\/4a9e17be136808c6597f28aa2b6c13126dab066fdc2198ff60090972c9b7fafc?s=96&d=mm&r=g\",\"caption\":\"dlefur\"},\"logo\":{\"@id\":\"https:\/\/wordpress.callac.online\/#\/schema\/person\/image\/\"},\"description\":\"Enseignant de math\u00e9matiques Lyc\u00e9e Pasteur S\u00e3o Paulo\",\"sameAs\":[\"http:\/\/wordpress.callac.online\"]}]}<\/script>\n<!-- \/ Yoast SEO plugin. -->","yoast_head_json":{"title":"Le paquet pro-suites - Maths &amp; Num\u00e9rique","robots":{"index":"index","follow":"follow","max-snippet":"max-snippet:-1","max-image-preview":"max-image-preview:large","max-video-preview":"max-video-preview:-1"},"canonical":"https:\/\/wordpress.callac.online\/index.php\/edition-mathematique\/professor\/les-paquets-de-professor-sty-2\/le-paquet-pro-suites\/","og_locale":"fr_FR","og_type":"article","og_title":"Le paquet pro-suites - Maths &amp; Num\u00e9rique","og_description":"Cet outil a pour but de faciliter la cr\u00e9ation de graphiques sur les suites. Dans le pr\u00e9ambule On rajoute ceci : usepackage[xcas]{pro-suites} pro-suiterec Cet environnement sert \u00e0 visualiser les premiers&hellip;","og_url":"https:\/\/wordpress.callac.online\/index.php\/edition-mathematique\/professor\/les-paquets-de-professor-sty-2\/le-paquet-pro-suites\/","og_site_name":"Maths &amp; Num\u00e9rique","article_modified_time":"2023-10-14T18:12:21+00:00","og_image":[{"url":"http:\/\/wordpress.callac.online\/wp-content\/uploads\/2008\/08\/jpg_suite1.jpg","type":"","width":"","height":""}],"twitter_card":"summary_large_image","twitter_misc":{"Dur\u00e9e de lecture estim\u00e9e":"2 minutes"},"schema":{"@context":"https:\/\/schema.org","@graph":[{"@type":"WebPage","@id":"https:\/\/wordpress.callac.online\/index.php\/edition-mathematique\/professor\/les-paquets-de-professor-sty-2\/le-paquet-pro-suites\/","url":"https:\/\/wordpress.callac.online\/index.php\/edition-mathematique\/professor\/les-paquets-de-professor-sty-2\/le-paquet-pro-suites\/","name":"Le paquet pro-suites - Maths &amp; Num\u00e9rique","isPartOf":{"@id":"https:\/\/wordpress.callac.online\/#website"},"primaryImageOfPage":{"@id":"https:\/\/wordpress.callac.online\/index.php\/edition-mathematique\/professor\/les-paquets-de-professor-sty-2\/le-paquet-pro-suites\/#primaryimage"},"image":{"@id":"https:\/\/wordpress.callac.online\/index.php\/edition-mathematique\/professor\/les-paquets-de-professor-sty-2\/le-paquet-pro-suites\/#primaryimage"},"thumbnailUrl":"http:\/\/wordpress.callac.online\/wp-content\/uploads\/2008\/08\/jpg_suite1.jpg","datePublished":"2008-08-01T18:25:23+00:00","dateModified":"2023-10-14T18:12:21+00:00","breadcrumb":{"@id":"https:\/\/wordpress.callac.online\/index.php\/edition-mathematique\/professor\/les-paquets-de-professor-sty-2\/le-paquet-pro-suites\/#breadcrumb"},"inLanguage":"fr-FR","potentialAction":[{"@type":"ReadAction","target":["https:\/\/wordpress.callac.online\/index.php\/edition-mathematique\/professor\/les-paquets-de-professor-sty-2\/le-paquet-pro-suites\/"]}]},{"@type":"ImageObject","inLanguage":"fr-FR","@id":"https:\/\/wordpress.callac.online\/index.php\/edition-mathematique\/professor\/les-paquets-de-professor-sty-2\/le-paquet-pro-suites\/#primaryimage","url":"https:\/\/wordpress.callac.online\/wp-content\/uploads\/2008\/08\/jpg_suite1.jpg","contentUrl":"https:\/\/wordpress.callac.online\/wp-content\/uploads\/2008\/08\/jpg_suite1.jpg","width":635,"height":688,"caption":"suite1.jpg"},{"@type":"BreadcrumbList","@id":"https:\/\/wordpress.callac.online\/index.php\/edition-mathematique\/professor\/les-paquets-de-professor-sty-2\/le-paquet-pro-suites\/#breadcrumb","itemListElement":[{"@type":"ListItem","position":1,"name":"Accueil","item":"https:\/\/wordpress.callac.online\/"},{"@type":"ListItem","position":2,"name":"\u00c9dition math\u00e9matique","item":"https:\/\/wordpress.callac.online\/index.php\/edition-mathematique\/"},{"@type":"ListItem","position":3,"name":"Professor","item":"https:\/\/wordpress.callac.online\/index.php\/edition-mathematique\/professor\/"},{"@type":"ListItem","position":4,"name":"Les paquets de Professor.sty","item":"https:\/\/wordpress.callac.online\/index.php\/edition-mathematique\/professor\/les-paquets-de-professor-sty-2\/"},{"@type":"ListItem","position":5,"name":"Le paquet pro-suites"}]},{"@type":"WebSite","@id":"https:\/\/wordpress.callac.online\/#website","url":"https:\/\/wordpress.callac.online\/","name":"Maths & Num\u00e9rique","description":"Des outils pour les enseignants de math\u00e9matiques et de num\u00e9rique","publisher":{"@id":"https:\/\/wordpress.callac.online\/#\/schema\/person\/04061f1ca2c2c42039142a704be95940"},"potentialAction":[{"@type":"SearchAction","target":{"@type":"EntryPoint","urlTemplate":"https:\/\/wordpress.callac.online\/?s={search_term_string}"},"query-input":{"@type":"PropertyValueSpecification","valueRequired":true,"valueName":"search_term_string"}}],"inLanguage":"fr-FR"},{"@type":["Person","Organization"],"@id":"https:\/\/wordpress.callac.online\/#\/schema\/person\/04061f1ca2c2c42039142a704be95940","name":"dlefur","image":{"@type":"ImageObject","inLanguage":"fr-FR","@id":"https:\/\/wordpress.callac.online\/#\/schema\/person\/image\/","url":"https:\/\/secure.gravatar.com\/avatar\/4a9e17be136808c6597f28aa2b6c13126dab066fdc2198ff60090972c9b7fafc?s=96&d=mm&r=g","contentUrl":"https:\/\/secure.gravatar.com\/avatar\/4a9e17be136808c6597f28aa2b6c13126dab066fdc2198ff60090972c9b7fafc?s=96&d=mm&r=g","caption":"dlefur"},"logo":{"@id":"https:\/\/wordpress.callac.online\/#\/schema\/person\/image\/"},"description":"Enseignant de math\u00e9matiques Lyc\u00e9e Pasteur S\u00e3o Paulo","sameAs":["http:\/\/wordpress.callac.online"]}]}},"_links":{"self":[{"href":"https:\/\/wordpress.callac.online\/index.php\/wp-json\/wp\/v2\/pages\/189","targetHints":{"allow":["GET"]}}],"collection":[{"href":"https:\/\/wordpress.callac.online\/index.php\/wp-json\/wp\/v2\/pages"}],"about":[{"href":"https:\/\/wordpress.callac.online\/index.php\/wp-json\/wp\/v2\/types\/page"}],"author":[{"embeddable":true,"href":"https:\/\/wordpress.callac.online\/index.php\/wp-json\/wp\/v2\/users\/1"}],"replies":[{"embeddable":true,"href":"https:\/\/wordpress.callac.online\/index.php\/wp-json\/wp\/v2\/comments?post=189"}],"version-history":[{"count":3,"href":"https:\/\/wordpress.callac.online\/index.php\/wp-json\/wp\/v2\/pages\/189\/revisions"}],"predecessor-version":[{"id":2306,"href":"https:\/\/wordpress.callac.online\/index.php\/wp-json\/wp\/v2\/pages\/189\/revisions\/2306"}],"up":[{"embeddable":true,"href":"https:\/\/wordpress.callac.online\/index.php\/wp-json\/wp\/v2\/pages\/2247"}],"wp:attachment":[{"href":"https:\/\/wordpress.callac.online\/index.php\/wp-json\/wp\/v2\/media?parent=189"}],"curies":[{"name":"wp","href":"https:\/\/api.w.org\/{rel}","templated":true}]}}