{"id":2185,"date":"2020-07-24T19:20:44","date_gmt":"2020-07-24T17:20:44","guid":{"rendered":"http:\/\/wordpress.callac.online\/?page_id=2185"},"modified":"2023-10-14T20:13:14","modified_gmt":"2023-10-14T18:13:14","slug":"transformations-geometriques-avec-geogebra","status":"publish","type":"page","link":"https:\/\/wordpress.callac.online\/index.php\/logiciels-mathematiques\/geogebra\/geometrie-avec-geogebra\/transformations-geometriques-avec-geogebra\/","title":{"rendered":"Transformations g\u00e9om\u00e9triques avec Geogebra"},"content":{"rendered":"\n<h4 class=\"wp-block-heading\">Sym\u00e9trie axiale<\/h4>\n\n\n\n<figure><iframe loading=\"lazy\" src=\"https:\/\/www.geogebra.org\/classic\/mnkjaxhu?embed\" width=\"800\" height=\"600\" allowfullscreen=\"\"><\/iframe><\/figure>\n\n\n\n<figure><iframe loading=\"lazy\" src=\"https:\/\/www.geogebra.org\/classic\/sqsysfqc?embed\" width=\"800\" height=\"600\" allowfullscreen=\"\"><\/iframe><\/figure>\n\n\n\n<h4 class=\"wp-block-heading\">Sym\u00e9trie centrale<\/h4>\n\n\n\n<figure><iframe loading=\"lazy\" src=\"https:\/\/www.geogebra.org\/classic\/wkfsm5qs?embed\" width=\"800\" height=\"600\" allowfullscreen=\"\"><\/iframe><\/figure>\n\n\n\n<figure><iframe loading=\"lazy\" src=\"https:\/\/www.geogebra.org\/classic\/zpjzhp2f?embed\" width=\"800\" height=\"600\" allowfullscreen=\"\"><\/iframe><\/figure>\n\n\n\n<h4 class=\"wp-block-heading\">Rotation<\/h4>\n\n\n\n<figure><iframe loading=\"lazy\" src=\"https:\/\/www.geogebra.org\/classic\/ntnrqsg2?embed\" width=\"800\" height=\"600\" allowfullscreen=\"\"><\/iframe><\/figure>\n\n\n\n<figure><iframe loading=\"lazy\" src=\"https:\/\/www.geogebra.org\/classic\/qgatncpb?embed\" width=\"800\" height=\"600\" allowfullscreen=\"\"><\/iframe><\/figure>\n\n\n\n<h4 class=\"wp-block-heading\">Translation<\/h4>\n\n\n\n<figure><iframe loading=\"lazy\" src=\"https:\/\/www.geogebra.org\/classic\/h2fqvahn?embed\" width=\"800\" height=\"600\" allowfullscreen=\"\"><\/iframe><\/figure>\n\n\n\n<figure><iframe loading=\"lazy\" src=\"https:\/\/www.geogebra.org\/classic\/p8smpxhe?embed\" width=\"800\" height=\"600\" allowfullscreen=\"\"><\/iframe><\/figure>\n\n\n\n<h4 class=\"wp-block-heading\">Homoth\u00e9tie<\/h4>\n\n\n\n<figure><iframe loading=\"lazy\" src=\"https:\/\/www.geogebra.org\/classic\/ash9ksjm?embed\" width=\"800\" height=\"600\" allowfullscreen=\"\"><\/iframe><\/figure>\n\n\n\n<figure><iframe loading=\"lazy\" src=\"https:\/\/www.geogebra.org\/classic\/y76nmbwy?embed\" width=\"800\" height=\"600\" allowfullscreen=\"\"><\/iframe><\/figure>\n","protected":false},"excerpt":{"rendered":"<p>Sym\u00e9trie axiale Sym\u00e9trie centrale Rotation Translation Homoth\u00e9tie<\/p>\n","protected":false},"author":1,"featured_media":0,"parent":2218,"menu_order":1,"comment_status":"closed","ping_status":"closed","template":"","meta":{"footnotes":""},"class_list":["post-2185","page","type-page","status-publish","hentry"],"yoast_head":"<!-- This site is optimized with the Yoast SEO plugin v27.1.1 - https:\/\/yoast.com\/product\/yoast-seo-wordpress\/ -->\n<title>Transformations g\u00e9om\u00e9triques avec Geogebra - Maths &amp; Num\u00e9rique<\/title>\n<meta name=\"robots\" content=\"index, follow, max-snippet:-1, max-image-preview:large, max-video-preview:-1\" \/>\n<link rel=\"canonical\" href=\"https:\/\/wordpress.callac.online\/index.php\/logiciels-mathematiques\/geogebra\/geometrie-avec-geogebra\/transformations-geometriques-avec-geogebra\/\" \/>\n<meta property=\"og:locale\" content=\"fr_FR\" \/>\n<meta property=\"og:type\" content=\"article\" \/>\n<meta property=\"og:title\" content=\"Transformations g\u00e9om\u00e9triques avec Geogebra - Maths &amp; Num\u00e9rique\" \/>\n<meta property=\"og:description\" content=\"Sym\u00e9trie axiale Sym\u00e9trie centrale Rotation Translation Homoth\u00e9tie\" \/>\n<meta property=\"og:url\" content=\"https:\/\/wordpress.callac.online\/index.php\/logiciels-mathematiques\/geogebra\/geometrie-avec-geogebra\/transformations-geometriques-avec-geogebra\/\" \/>\n<meta property=\"og:site_name\" content=\"Maths &amp; Num\u00e9rique\" \/>\n<meta property=\"article:modified_time\" content=\"2023-10-14T18:13:14+00:00\" \/>\n<meta name=\"twitter:card\" content=\"summary_large_image\" \/>\n<script type=\"application\/ld+json\" class=\"yoast-schema-graph\">{\"@context\":\"https:\/\/schema.org\",\"@graph\":[{\"@type\":\"WebPage\",\"@id\":\"https:\/\/wordpress.callac.online\/index.php\/logiciels-mathematiques\/geogebra\/geometrie-avec-geogebra\/transformations-geometriques-avec-geogebra\/\",\"url\":\"https:\/\/wordpress.callac.online\/index.php\/logiciels-mathematiques\/geogebra\/geometrie-avec-geogebra\/transformations-geometriques-avec-geogebra\/\",\"name\":\"Transformations g\u00e9om\u00e9triques avec Geogebra - Maths &amp; Num\u00e9rique\",\"isPartOf\":{\"@id\":\"https:\/\/wordpress.callac.online\/#website\"},\"datePublished\":\"2020-07-24T17:20:44+00:00\",\"dateModified\":\"2023-10-14T18:13:14+00:00\",\"breadcrumb\":{\"@id\":\"https:\/\/wordpress.callac.online\/index.php\/logiciels-mathematiques\/geogebra\/geometrie-avec-geogebra\/transformations-geometriques-avec-geogebra\/#breadcrumb\"},\"inLanguage\":\"fr-FR\",\"potentialAction\":[{\"@type\":\"ReadAction\",\"target\":[\"https:\/\/wordpress.callac.online\/index.php\/logiciels-mathematiques\/geogebra\/geometrie-avec-geogebra\/transformations-geometriques-avec-geogebra\/\"]}]},{\"@type\":\"BreadcrumbList\",\"@id\":\"https:\/\/wordpress.callac.online\/index.php\/logiciels-mathematiques\/geogebra\/geometrie-avec-geogebra\/transformations-geometriques-avec-geogebra\/#breadcrumb\",\"itemListElement\":[{\"@type\":\"ListItem\",\"position\":1,\"name\":\"Accueil\",\"item\":\"https:\/\/wordpress.callac.online\/\"},{\"@type\":\"ListItem\",\"position\":2,\"name\":\"Logiciels math\u00e9matiques\",\"item\":\"https:\/\/wordpress.callac.online\/index.php\/logiciels-mathematiques\/\"},{\"@type\":\"ListItem\",\"position\":3,\"name\":\"Geogebra\",\"item\":\"https:\/\/wordpress.callac.online\/index.php\/logiciels-mathematiques\/geogebra\/\"},{\"@type\":\"ListItem\",\"position\":4,\"name\":\"G\u00e9om\u00e9trie avec Geogebra\",\"item\":\"https:\/\/wordpress.callac.online\/index.php\/logiciels-mathematiques\/geogebra\/geometrie-avec-geogebra\/\"},{\"@type\":\"ListItem\",\"position\":5,\"name\":\"Transformations g\u00e9om\u00e9triques avec Geogebra\"}]},{\"@type\":\"WebSite\",\"@id\":\"https:\/\/wordpress.callac.online\/#website\",\"url\":\"https:\/\/wordpress.callac.online\/\",\"name\":\"Maths & Num\u00e9rique\",\"description\":\"Des outils pour les enseignants de math\u00e9matiques et de num\u00e9rique\",\"publisher\":{\"@id\":\"https:\/\/wordpress.callac.online\/#\/schema\/person\/04061f1ca2c2c42039142a704be95940\"},\"potentialAction\":[{\"@type\":\"SearchAction\",\"target\":{\"@type\":\"EntryPoint\",\"urlTemplate\":\"https:\/\/wordpress.callac.online\/?s={search_term_string}\"},\"query-input\":{\"@type\":\"PropertyValueSpecification\",\"valueRequired\":true,\"valueName\":\"search_term_string\"}}],\"inLanguage\":\"fr-FR\"},{\"@type\":[\"Person\",\"Organization\"],\"@id\":\"https:\/\/wordpress.callac.online\/#\/schema\/person\/04061f1ca2c2c42039142a704be95940\",\"name\":\"dlefur\",\"image\":{\"@type\":\"ImageObject\",\"inLanguage\":\"fr-FR\",\"@id\":\"https:\/\/wordpress.callac.online\/#\/schema\/person\/image\/\",\"url\":\"https:\/\/secure.gravatar.com\/avatar\/4a9e17be136808c6597f28aa2b6c13126dab066fdc2198ff60090972c9b7fafc?s=96&d=mm&r=g\",\"contentUrl\":\"https:\/\/secure.gravatar.com\/avatar\/4a9e17be136808c6597f28aa2b6c13126dab066fdc2198ff60090972c9b7fafc?s=96&d=mm&r=g\",\"caption\":\"dlefur\"},\"logo\":{\"@id\":\"https:\/\/wordpress.callac.online\/#\/schema\/person\/image\/\"},\"description\":\"Enseignant de math\u00e9matiques Lyc\u00e9e Pasteur S\u00e3o Paulo\",\"sameAs\":[\"http:\/\/wordpress.callac.online\"]}]}<\/script>\n<!-- \/ Yoast SEO plugin. -->","yoast_head_json":{"title":"Transformations g\u00e9om\u00e9triques avec Geogebra - Maths &amp; Num\u00e9rique","robots":{"index":"index","follow":"follow","max-snippet":"max-snippet:-1","max-image-preview":"max-image-preview:large","max-video-preview":"max-video-preview:-1"},"canonical":"https:\/\/wordpress.callac.online\/index.php\/logiciels-mathematiques\/geogebra\/geometrie-avec-geogebra\/transformations-geometriques-avec-geogebra\/","og_locale":"fr_FR","og_type":"article","og_title":"Transformations g\u00e9om\u00e9triques avec Geogebra - Maths &amp; Num\u00e9rique","og_description":"Sym\u00e9trie axiale Sym\u00e9trie centrale Rotation Translation Homoth\u00e9tie","og_url":"https:\/\/wordpress.callac.online\/index.php\/logiciels-mathematiques\/geogebra\/geometrie-avec-geogebra\/transformations-geometriques-avec-geogebra\/","og_site_name":"Maths &amp; Num\u00e9rique","article_modified_time":"2023-10-14T18:13:14+00:00","twitter_card":"summary_large_image","schema":{"@context":"https:\/\/schema.org","@graph":[{"@type":"WebPage","@id":"https:\/\/wordpress.callac.online\/index.php\/logiciels-mathematiques\/geogebra\/geometrie-avec-geogebra\/transformations-geometriques-avec-geogebra\/","url":"https:\/\/wordpress.callac.online\/index.php\/logiciels-mathematiques\/geogebra\/geometrie-avec-geogebra\/transformations-geometriques-avec-geogebra\/","name":"Transformations g\u00e9om\u00e9triques avec Geogebra - Maths &amp; Num\u00e9rique","isPartOf":{"@id":"https:\/\/wordpress.callac.online\/#website"},"datePublished":"2020-07-24T17:20:44+00:00","dateModified":"2023-10-14T18:13:14+00:00","breadcrumb":{"@id":"https:\/\/wordpress.callac.online\/index.php\/logiciels-mathematiques\/geogebra\/geometrie-avec-geogebra\/transformations-geometriques-avec-geogebra\/#breadcrumb"},"inLanguage":"fr-FR","potentialAction":[{"@type":"ReadAction","target":["https:\/\/wordpress.callac.online\/index.php\/logiciels-mathematiques\/geogebra\/geometrie-avec-geogebra\/transformations-geometriques-avec-geogebra\/"]}]},{"@type":"BreadcrumbList","@id":"https:\/\/wordpress.callac.online\/index.php\/logiciels-mathematiques\/geogebra\/geometrie-avec-geogebra\/transformations-geometriques-avec-geogebra\/#breadcrumb","itemListElement":[{"@type":"ListItem","position":1,"name":"Accueil","item":"https:\/\/wordpress.callac.online\/"},{"@type":"ListItem","position":2,"name":"Logiciels math\u00e9matiques","item":"https:\/\/wordpress.callac.online\/index.php\/logiciels-mathematiques\/"},{"@type":"ListItem","position":3,"name":"Geogebra","item":"https:\/\/wordpress.callac.online\/index.php\/logiciels-mathematiques\/geogebra\/"},{"@type":"ListItem","position":4,"name":"G\u00e9om\u00e9trie avec Geogebra","item":"https:\/\/wordpress.callac.online\/index.php\/logiciels-mathematiques\/geogebra\/geometrie-avec-geogebra\/"},{"@type":"ListItem","position":5,"name":"Transformations g\u00e9om\u00e9triques avec Geogebra"}]},{"@type":"WebSite","@id":"https:\/\/wordpress.callac.online\/#website","url":"https:\/\/wordpress.callac.online\/","name":"Maths & Num\u00e9rique","description":"Des outils pour les enseignants de math\u00e9matiques et de num\u00e9rique","publisher":{"@id":"https:\/\/wordpress.callac.online\/#\/schema\/person\/04061f1ca2c2c42039142a704be95940"},"potentialAction":[{"@type":"SearchAction","target":{"@type":"EntryPoint","urlTemplate":"https:\/\/wordpress.callac.online\/?s={search_term_string}"},"query-input":{"@type":"PropertyValueSpecification","valueRequired":true,"valueName":"search_term_string"}}],"inLanguage":"fr-FR"},{"@type":["Person","Organization"],"@id":"https:\/\/wordpress.callac.online\/#\/schema\/person\/04061f1ca2c2c42039142a704be95940","name":"dlefur","image":{"@type":"ImageObject","inLanguage":"fr-FR","@id":"https:\/\/wordpress.callac.online\/#\/schema\/person\/image\/","url":"https:\/\/secure.gravatar.com\/avatar\/4a9e17be136808c6597f28aa2b6c13126dab066fdc2198ff60090972c9b7fafc?s=96&d=mm&r=g","contentUrl":"https:\/\/secure.gravatar.com\/avatar\/4a9e17be136808c6597f28aa2b6c13126dab066fdc2198ff60090972c9b7fafc?s=96&d=mm&r=g","caption":"dlefur"},"logo":{"@id":"https:\/\/wordpress.callac.online\/#\/schema\/person\/image\/"},"description":"Enseignant de math\u00e9matiques Lyc\u00e9e Pasteur S\u00e3o Paulo","sameAs":["http:\/\/wordpress.callac.online"]}]}},"_links":{"self":[{"href":"https:\/\/wordpress.callac.online\/index.php\/wp-json\/wp\/v2\/pages\/2185","targetHints":{"allow":["GET"]}}],"collection":[{"href":"https:\/\/wordpress.callac.online\/index.php\/wp-json\/wp\/v2\/pages"}],"about":[{"href":"https:\/\/wordpress.callac.online\/index.php\/wp-json\/wp\/v2\/types\/page"}],"author":[{"embeddable":true,"href":"https:\/\/wordpress.callac.online\/index.php\/wp-json\/wp\/v2\/users\/1"}],"replies":[{"embeddable":true,"href":"https:\/\/wordpress.callac.online\/index.php\/wp-json\/wp\/v2\/comments?post=2185"}],"version-history":[{"count":1,"href":"https:\/\/wordpress.callac.online\/index.php\/wp-json\/wp\/v2\/pages\/2185\/revisions"}],"predecessor-version":[{"id":2186,"href":"https:\/\/wordpress.callac.online\/index.php\/wp-json\/wp\/v2\/pages\/2185\/revisions\/2186"}],"up":[{"embeddable":true,"href":"https:\/\/wordpress.callac.online\/index.php\/wp-json\/wp\/v2\/pages\/2218"}],"wp:attachment":[{"href":"https:\/\/wordpress.callac.online\/index.php\/wp-json\/wp\/v2\/media?parent=2185"}],"curies":[{"name":"wp","href":"https:\/\/api.w.org\/{rel}","templated":true}]}}