{"id":229,"date":"2010-07-28T21:25:51","date_gmt":"2010-07-28T19:25:51","guid":{"rendered":"http:\/\/wordpress.callac.online\/index.php\/la-boucle-for-en-python\/"},"modified":"2022-01-05T22:41:54","modified_gmt":"2022-01-05T21:41:54","slug":"la-boucle-for-en-python","status":"publish","type":"page","link":"https:\/\/wordpress.callac.online\/index.php\/python\/generalites-sur-python\/la-boucle-for-en-python\/","title":{"rendered":"La boucle for (en Python)"},"content":{"rendered":"\n<h2 class=\"wp-block-heading\">Le sch\u00e9ma classique<\/h2>\n\n\n\n<hr class=\"wp-block-separator\"\/>\n\n\n\n<p>Le but de la boucle <em>for<\/em> est de r\u00e9p\u00e9ter certaines instructions pour chaque \u00e9l\u00e9ment d&rsquo;une liste.<\/p>\n\n\n\n<p>Contrairement \u00e0 d&rsquo;autres langages, l&rsquo;usage d&rsquo;une liste est donc n\u00e9cessaire !<\/p>\n\n\n\n<pre class=\"EnlighterJSRAW\" data-enlighter-language=\"python\" data-enlighter-theme=\"\" data-enlighter-highlight=\"\" data-enlighter-linenumbers=\"\" data-enlighter-lineoffset=\"\" data-enlighter-title=\"\" data-enlighter-group=\"\">instruction normale\ninstruction normale\ninstruction normale\ninstruction normale\n...\n\nfor variable in liste_valeurs :\n    instruction de la boucle\n    instruction de la boucle\n    instruction de la boucle\n    ...\n\ninstruction normale\ninstruction normale\ninstruction normale\n...<\/pre>\n\n\n\n<h2 class=\"wp-block-heading\">Un exemple minimal<\/h2>\n\n\n\n<hr class=\"wp-block-separator\"\/>\n\n\n\n<pre class=\"EnlighterJSRAW\" data-enlighter-language=\"python\" data-enlighter-theme=\"\" data-enlighter-highlight=\"\" data-enlighter-linenumbers=\"\" data-enlighter-lineoffset=\"\" data-enlighter-title=\"\" data-enlighter-group=\"\"># -*- coding:utf-8 -*-\n\nprint(\"Tous en choeur !!!\")\n\nfor i in range(1,4) :\n    print(\"Et \"+str(i)+\"!\")\n\n    \n    \nprint(\"Z\u00e9ro!\")\n\ninput(\"Appuyer sur ENTER pour terminer le programme. \")<\/pre>\n\n\n\n<p><strong>*l.1 \u00e0 l.4 : &#8212;&#8212;- avant la boucle &#8212;&#8212;-<\/strong><\/p>\n\n\n\n<p>Juste un petit message &#8230;<\/p>\n\n\n\n<p><strong>*l.5 \u00e0 l.7 : &#8212;&#8212;- la boucle &#8212;&#8212;-<\/strong><\/p>\n\n\n\n<p>&#8211; <strong>*l.5<\/strong><br>&#8211; Pour tous les \u00e9l\u00e9ments <em>i<\/em> de la liste, on va effectuer les instructions de la boucle.<br>&#8211; \u00ab\u00a0range(1,4)\u00a0\u00bb est une liste \u00e9gale \u00e0 \u00ab\u00a0[1,2,3]\u00a0\u00bb.<br>&#8211; Ne pas oublier le \u00ab\u00a0:\u00a0\u00bb en fin de ligne.<br>&#8211; <strong>*l.6<\/strong> Voici l&rsquo;instruction de la boucle.<br>&#8211; Pour diff\u00e9rencier ces instructions de la suite du programme, on a tap\u00e9 au d\u00e9but une tabulation (de plus), cette indentation (ce d\u00e9calage) est indispensable.<\/p>\n\n\n\n<p><strong>*l.8 \u00e0 l.12 : &#8212;&#8212;- apr\u00e8s la boucle &#8212;&#8212;-<\/strong><\/p>\n\n\n\n<p>La fin de programme &#8230;<\/p>\n\n\n\n<h2 class=\"wp-block-heading\">Comment cr\u00e9er une liste<\/h2>\n\n\n\n<hr class=\"wp-block-separator\"\/>\n\n\n\n<p>Une page sp\u00e9cifique explique <a href=\"314\">la cr\u00e9ation de listes<\/a>. les exemples ci-dessous permettent de d\u00e9buter.<\/p>\n\n\n\n<p>Avec Python, on dispose de plusieurs moyens de cr\u00e9er une liste.<\/p>\n\n\n\n<p><strong>* On donne tous ces \u00e9l\u00e9ments<\/strong><\/p>\n\n\n\n<pre class=\"EnlighterJSRAW\" data-enlighter-language=\"python\" data-enlighter-theme=\"\" data-enlighter-highlight=\"\" data-enlighter-linenumbers=\"\" data-enlighter-lineoffset=\"\" data-enlighter-title=\"\" data-enlighter-group=\"\">MesNombres=[4,5,7]\nPays=[\"Argentine\",\"Bolivie\",\"Chili\",\"Danemark\",\"Estonie\",\"France\"]<\/pre>\n\n\n\n<p>Le premier \u00e9l\u00e9ment a le num\u00e9ro 0 !!!!!!!!!!<\/p>\n\n\n\n<p>Ainsi \u00ab\u00a0NesNombres[0]\u00a0\u00bb vaut 4 et \u00ab\u00a0Pays[2]\u00a0\u00bb vaut \u00ab\u00a0Chili\u00a0\u00bb.<\/p>\n\n\n\n<p><strong>* On utilise l&rsquo;instruction range<\/strong><\/p>\n\n\n\n<pre class=\"EnlighterJSRAW\" data-enlighter-language=\"python\" data-enlighter-theme=\"\" data-enlighter-highlight=\"\" data-enlighter-linenumbers=\"\" data-enlighter-lineoffset=\"\" data-enlighter-title=\"\" data-enlighter-group=\"\">Etages=list(range(11))\nCollege=list(range(3,7))<\/pre>\n\n\n\n<p><em>range<\/em> permet de cr\u00e9er rapidement une liste d&rsquo;entier, sans devoir les \u00e9crire.<\/p>\n\n\n\n<p>Attention, le dernier entier n&rsquo;est pas pris dans la liste !!<\/p>\n\n\n\n<p>\u00ab\u00a0range(11)\u00a0\u00bb \u00e9quivaut \u00e0 \u00ab\u00a0[0,1,2,3,4,5,6,7,8,9,10]\u00a0\u00bb.<\/p>\n\n\n\n<p>\u00ab\u00a0range(3,7)\u00a0\u00bb \u00e9quivaut \u00e0 \u00ab\u00a0[3,4,5,6]\u00a0\u00bb.<\/p>\n\n\n\n<p><strong>* On utilise une cha\u00eene de caract\u00e8res<\/strong><\/p>\n\n\n\n<p>Les cha\u00eenes de caract\u00e8res ont un comportement de listes. Elles sont donc utilisables dans une boucle <em>for.<\/em><\/p>\n\n\n\n<pre class=\"EnlighterJSRAW\" data-enlighter-language=\"python\" data-enlighter-theme=\"\" data-enlighter-highlight=\"\" data-enlighter-linenumbers=\"\" data-enlighter-lineoffset=\"\" data-enlighter-title=\"\" data-enlighter-group=\"\">for lettre in \"coucou\" :\n   print(lettre)<\/pre>\n\n\n\n<hr class=\"wp-block-separator\"\/>\n\n\n\n<figure><iframe loading=\"lazy\" src=\"https:\/\/trinket.io\/embed\/python\/05b756f96b?toggleCode=true\" width=\"100%\" height=\"600\" frameborder=\"0\" marginwidth=\"0\" marginheight=\"0\" allowfullscreen=\"allowfullscreen\"><\/iframe><\/figure>\n\n\n\n<hr class=\"wp-block-separator\"\/>\n\n\n\n<p><a href=\"https:\/\/filedn.com\/lpKG7uY9hIHVel5exA5Ik80\/Wordpress\/Python\/Coderunner\/C\/questionsC.pdf\" target=\"_blank\" rel=\"noreferrer noopener\">Des exercices<\/a> faits avec CodeRunner (sans les listes)<\/p>\n\n\n\n<p><a href=\"https:\/\/filedn.com\/lpKG7uY9hIHVel5exA5Ik80\/Wordpress\/Python\/Coderunner\/D\/questionsD.pdf\" target=\"_blank\" rel=\"noreferrer noopener\">Des exercices<\/a> faits avec CodeRunner (avec les listes)<\/p>\n\n\n\n<p><\/p>\n","protected":false},"excerpt":{"rendered":"<p>Le sch\u00e9ma classique Le but de la boucle for est de r\u00e9p\u00e9ter certaines instructions pour chaque \u00e9l\u00e9ment d&rsquo;une liste. Contrairement \u00e0 d&rsquo;autres langages, l&rsquo;usage d&rsquo;une liste est donc n\u00e9cessaire !&hellip;<\/p>\n","protected":false},"author":1,"featured_media":0,"parent":1649,"menu_order":4,"comment_status":"closed","ping_status":"closed","template":"","meta":{"footnotes":""},"class_list":["post-229","page","type-page","status-publish","hentry"],"yoast_head":"<!-- This site is optimized with the Yoast SEO plugin v27.1.1 - https:\/\/yoast.com\/product\/yoast-seo-wordpress\/ -->\n<title>La boucle for (en Python) - Maths &amp; Num\u00e9rique<\/title>\n<meta name=\"robots\" content=\"index, follow, max-snippet:-1, max-image-preview:large, max-video-preview:-1\" \/>\n<link rel=\"canonical\" href=\"https:\/\/wordpress.callac.online\/index.php\/python\/generalites-sur-python\/la-boucle-for-en-python\/\" \/>\n<meta property=\"og:locale\" content=\"fr_FR\" \/>\n<meta property=\"og:type\" content=\"article\" \/>\n<meta property=\"og:title\" content=\"La boucle for (en Python) - Maths &amp; Num\u00e9rique\" \/>\n<meta property=\"og:description\" content=\"Le sch\u00e9ma classique Le but de la boucle for est de r\u00e9p\u00e9ter certaines instructions pour chaque \u00e9l\u00e9ment d&rsquo;une liste. Contrairement \u00e0 d&rsquo;autres langages, l&rsquo;usage d&rsquo;une liste est donc n\u00e9cessaire !&hellip;\" \/>\n<meta property=\"og:url\" content=\"https:\/\/wordpress.callac.online\/index.php\/python\/generalites-sur-python\/la-boucle-for-en-python\/\" \/>\n<meta property=\"og:site_name\" content=\"Maths &amp; Num\u00e9rique\" \/>\n<meta property=\"article:modified_time\" content=\"2022-01-05T21:41:54+00:00\" \/>\n<meta name=\"twitter:card\" content=\"summary_large_image\" \/>\n<meta name=\"twitter:label1\" content=\"Dur\u00e9e de lecture estim\u00e9e\" \/>\n\t<meta name=\"twitter:data1\" content=\"2 minutes\" \/>\n<script type=\"application\/ld+json\" class=\"yoast-schema-graph\">{\"@context\":\"https:\/\/schema.org\",\"@graph\":[{\"@type\":\"WebPage\",\"@id\":\"https:\/\/wordpress.callac.online\/index.php\/python\/generalites-sur-python\/la-boucle-for-en-python\/\",\"url\":\"https:\/\/wordpress.callac.online\/index.php\/python\/generalites-sur-python\/la-boucle-for-en-python\/\",\"name\":\"La boucle for (en Python) - Maths &amp; Num\u00e9rique\",\"isPartOf\":{\"@id\":\"https:\/\/wordpress.callac.online\/#website\"},\"datePublished\":\"2010-07-28T19:25:51+00:00\",\"dateModified\":\"2022-01-05T21:41:54+00:00\",\"breadcrumb\":{\"@id\":\"https:\/\/wordpress.callac.online\/index.php\/python\/generalites-sur-python\/la-boucle-for-en-python\/#breadcrumb\"},\"inLanguage\":\"fr-FR\",\"potentialAction\":[{\"@type\":\"ReadAction\",\"target\":[\"https:\/\/wordpress.callac.online\/index.php\/python\/generalites-sur-python\/la-boucle-for-en-python\/\"]}]},{\"@type\":\"BreadcrumbList\",\"@id\":\"https:\/\/wordpress.callac.online\/index.php\/python\/generalites-sur-python\/la-boucle-for-en-python\/#breadcrumb\",\"itemListElement\":[{\"@type\":\"ListItem\",\"position\":1,\"name\":\"Accueil\",\"item\":\"https:\/\/wordpress.callac.online\/\"},{\"@type\":\"ListItem\",\"position\":2,\"name\":\"Python\",\"item\":\"https:\/\/wordpress.callac.online\/index.php\/python\/\"},{\"@type\":\"ListItem\",\"position\":3,\"name\":\"G\u00e9n\u00e9ralit\u00e9s sur Python\",\"item\":\"https:\/\/wordpress.callac.online\/index.php\/python\/generalites-sur-python\/\"},{\"@type\":\"ListItem\",\"position\":4,\"name\":\"La boucle for (en Python)\"}]},{\"@type\":\"WebSite\",\"@id\":\"https:\/\/wordpress.callac.online\/#website\",\"url\":\"https:\/\/wordpress.callac.online\/\",\"name\":\"Maths & Num\u00e9rique\",\"description\":\"Des outils pour les enseignants de math\u00e9matiques et de num\u00e9rique\",\"publisher\":{\"@id\":\"https:\/\/wordpress.callac.online\/#\/schema\/person\/04061f1ca2c2c42039142a704be95940\"},\"potentialAction\":[{\"@type\":\"SearchAction\",\"target\":{\"@type\":\"EntryPoint\",\"urlTemplate\":\"https:\/\/wordpress.callac.online\/?s={search_term_string}\"},\"query-input\":{\"@type\":\"PropertyValueSpecification\",\"valueRequired\":true,\"valueName\":\"search_term_string\"}}],\"inLanguage\":\"fr-FR\"},{\"@type\":[\"Person\",\"Organization\"],\"@id\":\"https:\/\/wordpress.callac.online\/#\/schema\/person\/04061f1ca2c2c42039142a704be95940\",\"name\":\"dlefur\",\"image\":{\"@type\":\"ImageObject\",\"inLanguage\":\"fr-FR\",\"@id\":\"https:\/\/wordpress.callac.online\/#\/schema\/person\/image\/\",\"url\":\"https:\/\/secure.gravatar.com\/avatar\/4a9e17be136808c6597f28aa2b6c13126dab066fdc2198ff60090972c9b7fafc?s=96&d=mm&r=g\",\"contentUrl\":\"https:\/\/secure.gravatar.com\/avatar\/4a9e17be136808c6597f28aa2b6c13126dab066fdc2198ff60090972c9b7fafc?s=96&d=mm&r=g\",\"caption\":\"dlefur\"},\"logo\":{\"@id\":\"https:\/\/wordpress.callac.online\/#\/schema\/person\/image\/\"},\"description\":\"Enseignant de math\u00e9matiques Lyc\u00e9e Pasteur S\u00e3o Paulo\",\"sameAs\":[\"http:\/\/wordpress.callac.online\"]}]}<\/script>\n<!-- \/ Yoast SEO plugin. -->","yoast_head_json":{"title":"La boucle for (en Python) - Maths &amp; Num\u00e9rique","robots":{"index":"index","follow":"follow","max-snippet":"max-snippet:-1","max-image-preview":"max-image-preview:large","max-video-preview":"max-video-preview:-1"},"canonical":"https:\/\/wordpress.callac.online\/index.php\/python\/generalites-sur-python\/la-boucle-for-en-python\/","og_locale":"fr_FR","og_type":"article","og_title":"La boucle for (en Python) - Maths &amp; Num\u00e9rique","og_description":"Le sch\u00e9ma classique Le but de la boucle for est de r\u00e9p\u00e9ter certaines instructions pour chaque \u00e9l\u00e9ment d&rsquo;une liste. Contrairement \u00e0 d&rsquo;autres langages, l&rsquo;usage d&rsquo;une liste est donc n\u00e9cessaire !&hellip;","og_url":"https:\/\/wordpress.callac.online\/index.php\/python\/generalites-sur-python\/la-boucle-for-en-python\/","og_site_name":"Maths &amp; Num\u00e9rique","article_modified_time":"2022-01-05T21:41:54+00:00","twitter_card":"summary_large_image","twitter_misc":{"Dur\u00e9e de lecture estim\u00e9e":"2 minutes"},"schema":{"@context":"https:\/\/schema.org","@graph":[{"@type":"WebPage","@id":"https:\/\/wordpress.callac.online\/index.php\/python\/generalites-sur-python\/la-boucle-for-en-python\/","url":"https:\/\/wordpress.callac.online\/index.php\/python\/generalites-sur-python\/la-boucle-for-en-python\/","name":"La boucle for (en Python) - Maths &amp; Num\u00e9rique","isPartOf":{"@id":"https:\/\/wordpress.callac.online\/#website"},"datePublished":"2010-07-28T19:25:51+00:00","dateModified":"2022-01-05T21:41:54+00:00","breadcrumb":{"@id":"https:\/\/wordpress.callac.online\/index.php\/python\/generalites-sur-python\/la-boucle-for-en-python\/#breadcrumb"},"inLanguage":"fr-FR","potentialAction":[{"@type":"ReadAction","target":["https:\/\/wordpress.callac.online\/index.php\/python\/generalites-sur-python\/la-boucle-for-en-python\/"]}]},{"@type":"BreadcrumbList","@id":"https:\/\/wordpress.callac.online\/index.php\/python\/generalites-sur-python\/la-boucle-for-en-python\/#breadcrumb","itemListElement":[{"@type":"ListItem","position":1,"name":"Accueil","item":"https:\/\/wordpress.callac.online\/"},{"@type":"ListItem","position":2,"name":"Python","item":"https:\/\/wordpress.callac.online\/index.php\/python\/"},{"@type":"ListItem","position":3,"name":"G\u00e9n\u00e9ralit\u00e9s sur Python","item":"https:\/\/wordpress.callac.online\/index.php\/python\/generalites-sur-python\/"},{"@type":"ListItem","position":4,"name":"La boucle for (en Python)"}]},{"@type":"WebSite","@id":"https:\/\/wordpress.callac.online\/#website","url":"https:\/\/wordpress.callac.online\/","name":"Maths & Num\u00e9rique","description":"Des outils pour les enseignants de math\u00e9matiques et de num\u00e9rique","publisher":{"@id":"https:\/\/wordpress.callac.online\/#\/schema\/person\/04061f1ca2c2c42039142a704be95940"},"potentialAction":[{"@type":"SearchAction","target":{"@type":"EntryPoint","urlTemplate":"https:\/\/wordpress.callac.online\/?s={search_term_string}"},"query-input":{"@type":"PropertyValueSpecification","valueRequired":true,"valueName":"search_term_string"}}],"inLanguage":"fr-FR"},{"@type":["Person","Organization"],"@id":"https:\/\/wordpress.callac.online\/#\/schema\/person\/04061f1ca2c2c42039142a704be95940","name":"dlefur","image":{"@type":"ImageObject","inLanguage":"fr-FR","@id":"https:\/\/wordpress.callac.online\/#\/schema\/person\/image\/","url":"https:\/\/secure.gravatar.com\/avatar\/4a9e17be136808c6597f28aa2b6c13126dab066fdc2198ff60090972c9b7fafc?s=96&d=mm&r=g","contentUrl":"https:\/\/secure.gravatar.com\/avatar\/4a9e17be136808c6597f28aa2b6c13126dab066fdc2198ff60090972c9b7fafc?s=96&d=mm&r=g","caption":"dlefur"},"logo":{"@id":"https:\/\/wordpress.callac.online\/#\/schema\/person\/image\/"},"description":"Enseignant de math\u00e9matiques Lyc\u00e9e Pasteur S\u00e3o Paulo","sameAs":["http:\/\/wordpress.callac.online"]}]}},"_links":{"self":[{"href":"https:\/\/wordpress.callac.online\/index.php\/wp-json\/wp\/v2\/pages\/229","targetHints":{"allow":["GET"]}}],"collection":[{"href":"https:\/\/wordpress.callac.online\/index.php\/wp-json\/wp\/v2\/pages"}],"about":[{"href":"https:\/\/wordpress.callac.online\/index.php\/wp-json\/wp\/v2\/types\/page"}],"author":[{"embeddable":true,"href":"https:\/\/wordpress.callac.online\/index.php\/wp-json\/wp\/v2\/users\/1"}],"replies":[{"embeddable":true,"href":"https:\/\/wordpress.callac.online\/index.php\/wp-json\/wp\/v2\/comments?post=229"}],"version-history":[{"count":3,"href":"https:\/\/wordpress.callac.online\/index.php\/wp-json\/wp\/v2\/pages\/229\/revisions"}],"predecessor-version":[{"id":2909,"href":"https:\/\/wordpress.callac.online\/index.php\/wp-json\/wp\/v2\/pages\/229\/revisions\/2909"}],"up":[{"embeddable":true,"href":"https:\/\/wordpress.callac.online\/index.php\/wp-json\/wp\/v2\/pages\/1649"}],"wp:attachment":[{"href":"https:\/\/wordpress.callac.online\/index.php\/wp-json\/wp\/v2\/media?parent=229"}],"curies":[{"name":"wp","href":"https:\/\/api.w.org\/{rel}","templated":true}]}}