{"id":2408,"date":"2020-07-27T18:51:35","date_gmt":"2020-07-27T16:51:35","guid":{"rendered":"http:\/\/wordpress.callac.online\/index.php\/edition-mathematique\/metapost\/animations-avec-metapost\/"},"modified":"2023-10-14T20:12:54","modified_gmt":"2023-10-14T18:12:54","slug":"animations-avec-metapost","status":"publish","type":"page","link":"https:\/\/wordpress.callac.online\/index.php\/edition-mathematique\/metapost\/animations-avec-metapost\/","title":{"rendered":"Animations avec Metapost"},"content":{"rendered":"\n<div id=\"ccchildpages-1\" class=\"ccchildpages ccflex  simple ccclearfix\"><ul class=\"ccchildpages_list ccclearfix\"><li class=\"page_item page-item-79\"><a href=\"https:\/\/wordpress.callac.online\/index.php\/edition-mathematique\/metapost\/animations-avec-metapost\/section-dune-boule-animation\/\">Section d&rsquo;une boule<\/a><\/li>\n<li class=\"page_item page-item-122\"><a href=\"https:\/\/wordpress.callac.online\/index.php\/edition-mathematique\/metapost\/animations-avec-metapost\/exemples-de-pavages-par-symetrie-centrale\/\">Exemples de pavages par sym\u00e9trie centrale<\/a><\/li>\n<li class=\"page_item page-item-2500 page_item_has_children\"><a href=\"https:\/\/wordpress.callac.online\/index.php\/edition-mathematique\/metapost\/animations-avec-metapost\/animations-sur-pythagore\/\">Animations sur Pythagore<\/a>\n<ul class='children'>\n\t<li class=\"page_item page-item-129\"><a href=\"https:\/\/wordpress.callac.online\/index.php\/edition-mathematique\/metapost\/animations-avec-metapost\/animations-sur-pythagore\/animation-1-sur-pythagore-decoupage\/\">Animation (1) sur Pythagore<\/a><\/li>\n\t<li class=\"page_item page-item-130\"><a href=\"https:\/\/wordpress.callac.online\/index.php\/edition-mathematique\/metapost\/animations-avec-metapost\/animations-sur-pythagore\/animation-2-sur-pythagore-decoupage\/\">Animation (2) sur Pythagore<\/a><\/li>\n\t<li class=\"page_item page-item-131\"><a href=\"https:\/\/wordpress.callac.online\/index.php\/edition-mathematique\/metapost\/animations-avec-metapost\/animations-sur-pythagore\/animation-3-sur-pythagore-translations\/\">Animation (3) sur Pythagore<\/a><\/li>\n\t<li class=\"page_item page-item-132\"><a href=\"https:\/\/wordpress.callac.online\/index.php\/edition-mathematique\/metapost\/animations-avec-metapost\/animations-sur-pythagore\/animation-4-sur-pythagore-translations\/\">Animation (4) sur Pythagore<\/a><\/li>\n\t<li class=\"page_item page-item-133\"><a href=\"https:\/\/wordpress.callac.online\/index.php\/edition-mathematique\/metapost\/animations-avec-metapost\/animations-sur-pythagore\/animation-5-sur-pythagore-transformations\/\">Animation (5) sur Pythagore<\/a><\/li>\n\t<li class=\"page_item page-item-134\"><a href=\"https:\/\/wordpress.callac.online\/index.php\/edition-mathematique\/metapost\/animations-avec-metapost\/animations-sur-pythagore\/animation-6-sur-pythagore-triangles-semblables\/\">Animation (6) sur Pythagore<\/a><\/li>\n<\/ul>\n<\/li>\n<li class=\"page_item page-item-81\"><a href=\"https:\/\/wordpress.callac.online\/index.php\/edition-mathematique\/metapost\/animations-avec-metapost\/section-dun-cube-parallelement-a-sa-base-animation\/\">Section d&rsquo;un cube parall\u00e8lement \u00e0 sa base<\/a><\/li>\n<li class=\"page_item page-item-75\"><a href=\"https:\/\/wordpress.callac.online\/index.php\/edition-mathematique\/metapost\/animations-avec-metapost\/sections-dun-cube-par-des-plans-paralleles-animation\/\">Sections d&rsquo;un cube par des plans parall\u00e8les<\/a><\/li>\n<li class=\"page_item page-item-87\"><a href=\"https:\/\/wordpress.callac.online\/index.php\/edition-mathematique\/metapost\/animations-avec-metapost\/sections-dun-pave-droit-par-des-plans-paralleles-a-une-arete\/\">Sections d&rsquo;un pav\u00e9 droit par des plans parall\u00e8les \u00e0 une ar\u00eate<\/a><\/li>\n<li class=\"page_item page-item-82\"><a href=\"https:\/\/wordpress.callac.online\/index.php\/edition-mathematique\/metapost\/animations-avec-metapost\/section-dun-cylindre-parallelement-a-sa-base-animation\/\">Section d&rsquo;un cylindre parall\u00e8lement \u00e0 sa base<\/a><\/li>\n<li class=\"page_item page-item-84\"><a href=\"https:\/\/wordpress.callac.online\/index.php\/edition-mathematique\/metapost\/animations-avec-metapost\/section-dun-cylindre-couche\/\">Section d&rsquo;un cylindre couch\u00e9<\/a><\/li>\n<li class=\"page_item page-item-78\"><a href=\"https:\/\/wordpress.callac.online\/index.php\/edition-mathematique\/metapost\/animations-avec-metapost\/section-dune-pyramide-reguliere-a-base-carree-animation\/\">Section d&rsquo;une pyramide r\u00e9guli\u00e8re \u00e0 base carr\u00e9e<\/a><\/li>\n<li class=\"page_item page-item-80\"><a href=\"https:\/\/wordpress.callac.online\/index.php\/edition-mathematique\/metapost\/animations-avec-metapost\/section-dun-cone-de-revolution-animation\/\">Section d&rsquo;un c\u00f4ne de r\u00e9volution<\/a><\/li><\/ul><\/div>\n","protected":false},"excerpt":{"rendered":"","protected":false},"author":1,"featured_media":0,"parent":1089,"menu_order":5,"comment_status":"closed","ping_status":"closed","template":"","meta":{"footnotes":""},"class_list":["post-2408","page","type-page","status-publish","hentry"],"yoast_head":"<!-- This site is optimized with the Yoast SEO plugin v27.1.1 - https:\/\/yoast.com\/product\/yoast-seo-wordpress\/ -->\n<title>Animations avec Metapost - Maths &amp; Num\u00e9rique<\/title>\n<meta name=\"robots\" content=\"index, follow, max-snippet:-1, max-image-preview:large, max-video-preview:-1\" \/>\n<link rel=\"canonical\" href=\"https:\/\/wordpress.callac.online\/index.php\/edition-mathematique\/metapost\/animations-avec-metapost\/\" \/>\n<meta property=\"og:locale\" content=\"fr_FR\" \/>\n<meta property=\"og:type\" content=\"article\" \/>\n<meta property=\"og:title\" content=\"Animations avec Metapost - Maths &amp; Num\u00e9rique\" \/>\n<meta property=\"og:url\" content=\"https:\/\/wordpress.callac.online\/index.php\/edition-mathematique\/metapost\/animations-avec-metapost\/\" \/>\n<meta property=\"og:site_name\" content=\"Maths &amp; Num\u00e9rique\" \/>\n<meta property=\"article:modified_time\" content=\"2023-10-14T18:12:54+00:00\" \/>\n<meta name=\"twitter:card\" content=\"summary_large_image\" \/>\n<script type=\"application\/ld+json\" class=\"yoast-schema-graph\">{\"@context\":\"https:\/\/schema.org\",\"@graph\":[{\"@type\":\"WebPage\",\"@id\":\"https:\/\/wordpress.callac.online\/index.php\/edition-mathematique\/metapost\/animations-avec-metapost\/\",\"url\":\"https:\/\/wordpress.callac.online\/index.php\/edition-mathematique\/metapost\/animations-avec-metapost\/\",\"name\":\"Animations avec Metapost - Maths &amp; Num\u00e9rique\",\"isPartOf\":{\"@id\":\"https:\/\/wordpress.callac.online\/#website\"},\"datePublished\":\"2020-07-27T16:51:35+00:00\",\"dateModified\":\"2023-10-14T18:12:54+00:00\",\"breadcrumb\":{\"@id\":\"https:\/\/wordpress.callac.online\/index.php\/edition-mathematique\/metapost\/animations-avec-metapost\/#breadcrumb\"},\"inLanguage\":\"fr-FR\",\"potentialAction\":[{\"@type\":\"ReadAction\",\"target\":[\"https:\/\/wordpress.callac.online\/index.php\/edition-mathematique\/metapost\/animations-avec-metapost\/\"]}]},{\"@type\":\"BreadcrumbList\",\"@id\":\"https:\/\/wordpress.callac.online\/index.php\/edition-mathematique\/metapost\/animations-avec-metapost\/#breadcrumb\",\"itemListElement\":[{\"@type\":\"ListItem\",\"position\":1,\"name\":\"Accueil\",\"item\":\"https:\/\/wordpress.callac.online\/\"},{\"@type\":\"ListItem\",\"position\":2,\"name\":\"\u00c9dition math\u00e9matique\",\"item\":\"https:\/\/wordpress.callac.online\/index.php\/edition-mathematique\/\"},{\"@type\":\"ListItem\",\"position\":3,\"name\":\"Metapost\",\"item\":\"https:\/\/wordpress.callac.online\/index.php\/edition-mathematique\/metapost\/\"},{\"@type\":\"ListItem\",\"position\":4,\"name\":\"Animations avec Metapost\"}]},{\"@type\":\"WebSite\",\"@id\":\"https:\/\/wordpress.callac.online\/#website\",\"url\":\"https:\/\/wordpress.callac.online\/\",\"name\":\"Maths & Num\u00e9rique\",\"description\":\"Des outils pour les enseignants de math\u00e9matiques et de num\u00e9rique\",\"publisher\":{\"@id\":\"https:\/\/wordpress.callac.online\/#\/schema\/person\/04061f1ca2c2c42039142a704be95940\"},\"potentialAction\":[{\"@type\":\"SearchAction\",\"target\":{\"@type\":\"EntryPoint\",\"urlTemplate\":\"https:\/\/wordpress.callac.online\/?s={search_term_string}\"},\"query-input\":{\"@type\":\"PropertyValueSpecification\",\"valueRequired\":true,\"valueName\":\"search_term_string\"}}],\"inLanguage\":\"fr-FR\"},{\"@type\":[\"Person\",\"Organization\"],\"@id\":\"https:\/\/wordpress.callac.online\/#\/schema\/person\/04061f1ca2c2c42039142a704be95940\",\"name\":\"dlefur\",\"image\":{\"@type\":\"ImageObject\",\"inLanguage\":\"fr-FR\",\"@id\":\"https:\/\/wordpress.callac.online\/#\/schema\/person\/image\/\",\"url\":\"https:\/\/secure.gravatar.com\/avatar\/4a9e17be136808c6597f28aa2b6c13126dab066fdc2198ff60090972c9b7fafc?s=96&d=mm&r=g\",\"contentUrl\":\"https:\/\/secure.gravatar.com\/avatar\/4a9e17be136808c6597f28aa2b6c13126dab066fdc2198ff60090972c9b7fafc?s=96&d=mm&r=g\",\"caption\":\"dlefur\"},\"logo\":{\"@id\":\"https:\/\/wordpress.callac.online\/#\/schema\/person\/image\/\"},\"description\":\"Enseignant de math\u00e9matiques Lyc\u00e9e Pasteur S\u00e3o Paulo\",\"sameAs\":[\"http:\/\/wordpress.callac.online\"]}]}<\/script>\n<!-- \/ Yoast SEO plugin. -->","yoast_head_json":{"title":"Animations avec Metapost - Maths &amp; Num\u00e9rique","robots":{"index":"index","follow":"follow","max-snippet":"max-snippet:-1","max-image-preview":"max-image-preview:large","max-video-preview":"max-video-preview:-1"},"canonical":"https:\/\/wordpress.callac.online\/index.php\/edition-mathematique\/metapost\/animations-avec-metapost\/","og_locale":"fr_FR","og_type":"article","og_title":"Animations avec Metapost - Maths &amp; Num\u00e9rique","og_url":"https:\/\/wordpress.callac.online\/index.php\/edition-mathematique\/metapost\/animations-avec-metapost\/","og_site_name":"Maths &amp; Num\u00e9rique","article_modified_time":"2023-10-14T18:12:54+00:00","twitter_card":"summary_large_image","schema":{"@context":"https:\/\/schema.org","@graph":[{"@type":"WebPage","@id":"https:\/\/wordpress.callac.online\/index.php\/edition-mathematique\/metapost\/animations-avec-metapost\/","url":"https:\/\/wordpress.callac.online\/index.php\/edition-mathematique\/metapost\/animations-avec-metapost\/","name":"Animations avec Metapost - Maths &amp; Num\u00e9rique","isPartOf":{"@id":"https:\/\/wordpress.callac.online\/#website"},"datePublished":"2020-07-27T16:51:35+00:00","dateModified":"2023-10-14T18:12:54+00:00","breadcrumb":{"@id":"https:\/\/wordpress.callac.online\/index.php\/edition-mathematique\/metapost\/animations-avec-metapost\/#breadcrumb"},"inLanguage":"fr-FR","potentialAction":[{"@type":"ReadAction","target":["https:\/\/wordpress.callac.online\/index.php\/edition-mathematique\/metapost\/animations-avec-metapost\/"]}]},{"@type":"BreadcrumbList","@id":"https:\/\/wordpress.callac.online\/index.php\/edition-mathematique\/metapost\/animations-avec-metapost\/#breadcrumb","itemListElement":[{"@type":"ListItem","position":1,"name":"Accueil","item":"https:\/\/wordpress.callac.online\/"},{"@type":"ListItem","position":2,"name":"\u00c9dition math\u00e9matique","item":"https:\/\/wordpress.callac.online\/index.php\/edition-mathematique\/"},{"@type":"ListItem","position":3,"name":"Metapost","item":"https:\/\/wordpress.callac.online\/index.php\/edition-mathematique\/metapost\/"},{"@type":"ListItem","position":4,"name":"Animations avec Metapost"}]},{"@type":"WebSite","@id":"https:\/\/wordpress.callac.online\/#website","url":"https:\/\/wordpress.callac.online\/","name":"Maths & Num\u00e9rique","description":"Des outils pour les enseignants de math\u00e9matiques et de num\u00e9rique","publisher":{"@id":"https:\/\/wordpress.callac.online\/#\/schema\/person\/04061f1ca2c2c42039142a704be95940"},"potentialAction":[{"@type":"SearchAction","target":{"@type":"EntryPoint","urlTemplate":"https:\/\/wordpress.callac.online\/?s={search_term_string}"},"query-input":{"@type":"PropertyValueSpecification","valueRequired":true,"valueName":"search_term_string"}}],"inLanguage":"fr-FR"},{"@type":["Person","Organization"],"@id":"https:\/\/wordpress.callac.online\/#\/schema\/person\/04061f1ca2c2c42039142a704be95940","name":"dlefur","image":{"@type":"ImageObject","inLanguage":"fr-FR","@id":"https:\/\/wordpress.callac.online\/#\/schema\/person\/image\/","url":"https:\/\/secure.gravatar.com\/avatar\/4a9e17be136808c6597f28aa2b6c13126dab066fdc2198ff60090972c9b7fafc?s=96&d=mm&r=g","contentUrl":"https:\/\/secure.gravatar.com\/avatar\/4a9e17be136808c6597f28aa2b6c13126dab066fdc2198ff60090972c9b7fafc?s=96&d=mm&r=g","caption":"dlefur"},"logo":{"@id":"https:\/\/wordpress.callac.online\/#\/schema\/person\/image\/"},"description":"Enseignant de math\u00e9matiques Lyc\u00e9e Pasteur S\u00e3o Paulo","sameAs":["http:\/\/wordpress.callac.online"]}]}},"_links":{"self":[{"href":"https:\/\/wordpress.callac.online\/index.php\/wp-json\/wp\/v2\/pages\/2408","targetHints":{"allow":["GET"]}}],"collection":[{"href":"https:\/\/wordpress.callac.online\/index.php\/wp-json\/wp\/v2\/pages"}],"about":[{"href":"https:\/\/wordpress.callac.online\/index.php\/wp-json\/wp\/v2\/types\/page"}],"author":[{"embeddable":true,"href":"https:\/\/wordpress.callac.online\/index.php\/wp-json\/wp\/v2\/users\/1"}],"replies":[{"embeddable":true,"href":"https:\/\/wordpress.callac.online\/index.php\/wp-json\/wp\/v2\/comments?post=2408"}],"version-history":[{"count":1,"href":"https:\/\/wordpress.callac.online\/index.php\/wp-json\/wp\/v2\/pages\/2408\/revisions"}],"predecessor-version":[{"id":2452,"href":"https:\/\/wordpress.callac.online\/index.php\/wp-json\/wp\/v2\/pages\/2408\/revisions\/2452"}],"up":[{"embeddable":true,"href":"https:\/\/wordpress.callac.online\/index.php\/wp-json\/wp\/v2\/pages\/1089"}],"wp:attachment":[{"href":"https:\/\/wordpress.callac.online\/index.php\/wp-json\/wp\/v2\/media?parent=2408"}],"curies":[{"name":"wp","href":"https:\/\/api.w.org\/{rel}","templated":true}]}}