{"id":251,"date":"2012-12-17T19:01:01","date_gmt":"2012-12-17T18:01:01","guid":{"rendered":"http:\/\/wordpress.callac.online\/index.php\/dessins-detoiles-avec-le-module-turtle\/"},"modified":"2022-01-05T22:41:55","modified_gmt":"2022-01-05T21:41:55","slug":"dessins-detoiles-avec-le-module-turtle","status":"publish","type":"page","link":"https:\/\/wordpress.callac.online\/index.php\/python\/le-module-turtle\/dessins-detoiles-avec-le-module-turtle\/","title":{"rendered":"Dessins d&rsquo;\u00e9toiles avec le module Turtle"},"content":{"rendered":"<h2>Une \u00e9toile \u00e0 12 branches<\/h2>\n<p><img loading=\"lazy\" decoding=\"async\" class=\" aligncenter size-full wp-image-873\" src=\"http:\/\/wordpress.callac.online\/wp-content\/uploads\/2012\/12\/png_etoile_12.png\" alt=\"etoile_12.png\" width=\"256\" height=\"253\" align=\"center\" srcset=\"https:\/\/wordpress.callac.online\/wp-content\/uploads\/2012\/12\/png_etoile_12.png 256w, https:\/\/wordpress.callac.online\/wp-content\/uploads\/2012\/12\/png_etoile_12-100x100.png 100w\" sizes=\"auto, (max-width: 256px) 100vw, 256px\" \/><\/p>\n<pre class=\"EnlighterJSRAW\" data-enlighter-language=\"python\">\"\"\"\nOn dessine une etoile a 12 branches.\nc : longueur du cote\nu : unite graphique\n\"\"\"\n\nimport turtle\nfrom turtle import *\n\n\nc=2\nu=100\n\nfor k in range(12):\n    forward(c*u)\n    left(150)\n\n\nexitonclick()<\/pre>\n<h2>Une \u00e9toile \u00e0 5 branches<\/h2>\n<p><img loading=\"lazy\" decoding=\"async\" class=\" aligncenter size-full wp-image-874\" src=\"http:\/\/wordpress.callac.online\/wp-content\/uploads\/2012\/12\/png_etoile_5.png\" alt=\"etoile_5.png\" width=\"257\" height=\"254\" align=\"center\" srcset=\"https:\/\/wordpress.callac.online\/wp-content\/uploads\/2012\/12\/png_etoile_5.png 257w, https:\/\/wordpress.callac.online\/wp-content\/uploads\/2012\/12\/png_etoile_5-100x100.png 100w\" sizes=\"auto, (max-width: 257px) 100vw, 257px\" \/><\/p>\n<pre class=\"EnlighterJSRAW\" data-enlighter-language=\"python\">\"\"\"\nOn dessine une etoile a 5 branches.\nc : longueur du cote\nu : unite graphique\n\"\"\"\n\nimport turtle\nfrom turtle import *\n\n\nc=2\nu=100\n\nright(36)\n\nfor k in range(5):\n    forward(c*u)\n    left(144)\n\n\nexitonclick()<\/pre>\n","protected":false},"excerpt":{"rendered":"<p>Une \u00e9toile \u00e0 12 branches \u00ab\u00a0\u00a0\u00bb\u00a0\u00bb On dessine une etoile a 12 branches. c : longueur du cote u : unite graphique \u00ab\u00a0\u00a0\u00bb\u00a0\u00bb import turtle from turtle import * c=2&hellip;<\/p>\n","protected":false},"author":1,"featured_media":0,"parent":1653,"menu_order":3,"comment_status":"closed","ping_status":"closed","template":"","meta":{"footnotes":""},"class_list":["post-251","page","type-page","status-publish","hentry"],"yoast_head":"<!-- This site is optimized with the Yoast SEO plugin v27.1.1 - https:\/\/yoast.com\/product\/yoast-seo-wordpress\/ -->\n<title>Dessins d&#039;\u00e9toiles avec le module Turtle - Maths &amp; Num\u00e9rique<\/title>\n<meta name=\"robots\" content=\"index, follow, max-snippet:-1, max-image-preview:large, max-video-preview:-1\" \/>\n<link rel=\"canonical\" href=\"https:\/\/wordpress.callac.online\/index.php\/python\/le-module-turtle\/dessins-detoiles-avec-le-module-turtle\/\" \/>\n<meta property=\"og:locale\" content=\"fr_FR\" \/>\n<meta property=\"og:type\" content=\"article\" \/>\n<meta property=\"og:title\" content=\"Dessins d&#039;\u00e9toiles avec le module Turtle - Maths &amp; Num\u00e9rique\" \/>\n<meta property=\"og:description\" content=\"Une \u00e9toile \u00e0 12 branches &quot;&quot;&quot; On dessine une etoile a 12 branches. c : longueur du cote u : unite graphique &quot;&quot;&quot; import turtle from turtle import * c=2&hellip;\" \/>\n<meta property=\"og:url\" content=\"https:\/\/wordpress.callac.online\/index.php\/python\/le-module-turtle\/dessins-detoiles-avec-le-module-turtle\/\" \/>\n<meta property=\"og:site_name\" content=\"Maths &amp; Num\u00e9rique\" \/>\n<meta property=\"article:modified_time\" content=\"2022-01-05T21:41:55+00:00\" \/>\n<meta property=\"og:image\" content=\"http:\/\/wordpress.callac.online\/wp-content\/uploads\/2012\/12\/png_etoile_12.png\" \/>\n<meta name=\"twitter:card\" content=\"summary_large_image\" \/>\n<script type=\"application\/ld+json\" class=\"yoast-schema-graph\">{\"@context\":\"https:\/\/schema.org\",\"@graph\":[{\"@type\":\"WebPage\",\"@id\":\"https:\/\/wordpress.callac.online\/index.php\/python\/le-module-turtle\/dessins-detoiles-avec-le-module-turtle\/\",\"url\":\"https:\/\/wordpress.callac.online\/index.php\/python\/le-module-turtle\/dessins-detoiles-avec-le-module-turtle\/\",\"name\":\"Dessins d'\u00e9toiles avec le module Turtle - Maths &amp; Num\u00e9rique\",\"isPartOf\":{\"@id\":\"https:\/\/wordpress.callac.online\/#website\"},\"primaryImageOfPage\":{\"@id\":\"https:\/\/wordpress.callac.online\/index.php\/python\/le-module-turtle\/dessins-detoiles-avec-le-module-turtle\/#primaryimage\"},\"image\":{\"@id\":\"https:\/\/wordpress.callac.online\/index.php\/python\/le-module-turtle\/dessins-detoiles-avec-le-module-turtle\/#primaryimage\"},\"thumbnailUrl\":\"http:\/\/wordpress.callac.online\/wp-content\/uploads\/2012\/12\/png_etoile_12.png\",\"datePublished\":\"2012-12-17T18:01:01+00:00\",\"dateModified\":\"2022-01-05T21:41:55+00:00\",\"breadcrumb\":{\"@id\":\"https:\/\/wordpress.callac.online\/index.php\/python\/le-module-turtle\/dessins-detoiles-avec-le-module-turtle\/#breadcrumb\"},\"inLanguage\":\"fr-FR\",\"potentialAction\":[{\"@type\":\"ReadAction\",\"target\":[\"https:\/\/wordpress.callac.online\/index.php\/python\/le-module-turtle\/dessins-detoiles-avec-le-module-turtle\/\"]}]},{\"@type\":\"ImageObject\",\"inLanguage\":\"fr-FR\",\"@id\":\"https:\/\/wordpress.callac.online\/index.php\/python\/le-module-turtle\/dessins-detoiles-avec-le-module-turtle\/#primaryimage\",\"url\":\"https:\/\/wordpress.callac.online\/wp-content\/uploads\/2012\/12\/png_etoile_12.png\",\"contentUrl\":\"https:\/\/wordpress.callac.online\/wp-content\/uploads\/2012\/12\/png_etoile_12.png\",\"width\":256,\"height\":253,\"caption\":\"etoile_12.png\"},{\"@type\":\"BreadcrumbList\",\"@id\":\"https:\/\/wordpress.callac.online\/index.php\/python\/le-module-turtle\/dessins-detoiles-avec-le-module-turtle\/#breadcrumb\",\"itemListElement\":[{\"@type\":\"ListItem\",\"position\":1,\"name\":\"Accueil\",\"item\":\"https:\/\/wordpress.callac.online\/\"},{\"@type\":\"ListItem\",\"position\":2,\"name\":\"Python\",\"item\":\"https:\/\/wordpress.callac.online\/index.php\/python\/\"},{\"@type\":\"ListItem\",\"position\":3,\"name\":\"Le module Turtle\",\"item\":\"https:\/\/wordpress.callac.online\/index.php\/python\/le-module-turtle\/\"},{\"@type\":\"ListItem\",\"position\":4,\"name\":\"Dessins d&#8217;\u00e9toiles avec le module Turtle\"}]},{\"@type\":\"WebSite\",\"@id\":\"https:\/\/wordpress.callac.online\/#website\",\"url\":\"https:\/\/wordpress.callac.online\/\",\"name\":\"Maths & Num\u00e9rique\",\"description\":\"Des outils pour les enseignants de math\u00e9matiques et de num\u00e9rique\",\"publisher\":{\"@id\":\"https:\/\/wordpress.callac.online\/#\/schema\/person\/04061f1ca2c2c42039142a704be95940\"},\"potentialAction\":[{\"@type\":\"SearchAction\",\"target\":{\"@type\":\"EntryPoint\",\"urlTemplate\":\"https:\/\/wordpress.callac.online\/?s={search_term_string}\"},\"query-input\":{\"@type\":\"PropertyValueSpecification\",\"valueRequired\":true,\"valueName\":\"search_term_string\"}}],\"inLanguage\":\"fr-FR\"},{\"@type\":[\"Person\",\"Organization\"],\"@id\":\"https:\/\/wordpress.callac.online\/#\/schema\/person\/04061f1ca2c2c42039142a704be95940\",\"name\":\"dlefur\",\"image\":{\"@type\":\"ImageObject\",\"inLanguage\":\"fr-FR\",\"@id\":\"https:\/\/wordpress.callac.online\/#\/schema\/person\/image\/\",\"url\":\"https:\/\/secure.gravatar.com\/avatar\/4a9e17be136808c6597f28aa2b6c13126dab066fdc2198ff60090972c9b7fafc?s=96&d=mm&r=g\",\"contentUrl\":\"https:\/\/secure.gravatar.com\/avatar\/4a9e17be136808c6597f28aa2b6c13126dab066fdc2198ff60090972c9b7fafc?s=96&d=mm&r=g\",\"caption\":\"dlefur\"},\"logo\":{\"@id\":\"https:\/\/wordpress.callac.online\/#\/schema\/person\/image\/\"},\"description\":\"Enseignant de math\u00e9matiques Lyc\u00e9e Pasteur S\u00e3o Paulo\",\"sameAs\":[\"http:\/\/wordpress.callac.online\"]}]}<\/script>\n<!-- \/ Yoast SEO plugin. -->","yoast_head_json":{"title":"Dessins d'\u00e9toiles avec le module Turtle - Maths &amp; Num\u00e9rique","robots":{"index":"index","follow":"follow","max-snippet":"max-snippet:-1","max-image-preview":"max-image-preview:large","max-video-preview":"max-video-preview:-1"},"canonical":"https:\/\/wordpress.callac.online\/index.php\/python\/le-module-turtle\/dessins-detoiles-avec-le-module-turtle\/","og_locale":"fr_FR","og_type":"article","og_title":"Dessins d'\u00e9toiles avec le module Turtle - Maths &amp; Num\u00e9rique","og_description":"Une \u00e9toile \u00e0 12 branches \"\"\" On dessine une etoile a 12 branches. c : longueur du cote u : unite graphique \"\"\" import turtle from turtle import * c=2&hellip;","og_url":"https:\/\/wordpress.callac.online\/index.php\/python\/le-module-turtle\/dessins-detoiles-avec-le-module-turtle\/","og_site_name":"Maths &amp; Num\u00e9rique","article_modified_time":"2022-01-05T21:41:55+00:00","og_image":[{"url":"http:\/\/wordpress.callac.online\/wp-content\/uploads\/2012\/12\/png_etoile_12.png","type":"","width":"","height":""}],"twitter_card":"summary_large_image","schema":{"@context":"https:\/\/schema.org","@graph":[{"@type":"WebPage","@id":"https:\/\/wordpress.callac.online\/index.php\/python\/le-module-turtle\/dessins-detoiles-avec-le-module-turtle\/","url":"https:\/\/wordpress.callac.online\/index.php\/python\/le-module-turtle\/dessins-detoiles-avec-le-module-turtle\/","name":"Dessins d'\u00e9toiles avec le module Turtle - Maths &amp; Num\u00e9rique","isPartOf":{"@id":"https:\/\/wordpress.callac.online\/#website"},"primaryImageOfPage":{"@id":"https:\/\/wordpress.callac.online\/index.php\/python\/le-module-turtle\/dessins-detoiles-avec-le-module-turtle\/#primaryimage"},"image":{"@id":"https:\/\/wordpress.callac.online\/index.php\/python\/le-module-turtle\/dessins-detoiles-avec-le-module-turtle\/#primaryimage"},"thumbnailUrl":"http:\/\/wordpress.callac.online\/wp-content\/uploads\/2012\/12\/png_etoile_12.png","datePublished":"2012-12-17T18:01:01+00:00","dateModified":"2022-01-05T21:41:55+00:00","breadcrumb":{"@id":"https:\/\/wordpress.callac.online\/index.php\/python\/le-module-turtle\/dessins-detoiles-avec-le-module-turtle\/#breadcrumb"},"inLanguage":"fr-FR","potentialAction":[{"@type":"ReadAction","target":["https:\/\/wordpress.callac.online\/index.php\/python\/le-module-turtle\/dessins-detoiles-avec-le-module-turtle\/"]}]},{"@type":"ImageObject","inLanguage":"fr-FR","@id":"https:\/\/wordpress.callac.online\/index.php\/python\/le-module-turtle\/dessins-detoiles-avec-le-module-turtle\/#primaryimage","url":"https:\/\/wordpress.callac.online\/wp-content\/uploads\/2012\/12\/png_etoile_12.png","contentUrl":"https:\/\/wordpress.callac.online\/wp-content\/uploads\/2012\/12\/png_etoile_12.png","width":256,"height":253,"caption":"etoile_12.png"},{"@type":"BreadcrumbList","@id":"https:\/\/wordpress.callac.online\/index.php\/python\/le-module-turtle\/dessins-detoiles-avec-le-module-turtle\/#breadcrumb","itemListElement":[{"@type":"ListItem","position":1,"name":"Accueil","item":"https:\/\/wordpress.callac.online\/"},{"@type":"ListItem","position":2,"name":"Python","item":"https:\/\/wordpress.callac.online\/index.php\/python\/"},{"@type":"ListItem","position":3,"name":"Le module Turtle","item":"https:\/\/wordpress.callac.online\/index.php\/python\/le-module-turtle\/"},{"@type":"ListItem","position":4,"name":"Dessins d&#8217;\u00e9toiles avec le module Turtle"}]},{"@type":"WebSite","@id":"https:\/\/wordpress.callac.online\/#website","url":"https:\/\/wordpress.callac.online\/","name":"Maths & Num\u00e9rique","description":"Des outils pour les enseignants de math\u00e9matiques et de num\u00e9rique","publisher":{"@id":"https:\/\/wordpress.callac.online\/#\/schema\/person\/04061f1ca2c2c42039142a704be95940"},"potentialAction":[{"@type":"SearchAction","target":{"@type":"EntryPoint","urlTemplate":"https:\/\/wordpress.callac.online\/?s={search_term_string}"},"query-input":{"@type":"PropertyValueSpecification","valueRequired":true,"valueName":"search_term_string"}}],"inLanguage":"fr-FR"},{"@type":["Person","Organization"],"@id":"https:\/\/wordpress.callac.online\/#\/schema\/person\/04061f1ca2c2c42039142a704be95940","name":"dlefur","image":{"@type":"ImageObject","inLanguage":"fr-FR","@id":"https:\/\/wordpress.callac.online\/#\/schema\/person\/image\/","url":"https:\/\/secure.gravatar.com\/avatar\/4a9e17be136808c6597f28aa2b6c13126dab066fdc2198ff60090972c9b7fafc?s=96&d=mm&r=g","contentUrl":"https:\/\/secure.gravatar.com\/avatar\/4a9e17be136808c6597f28aa2b6c13126dab066fdc2198ff60090972c9b7fafc?s=96&d=mm&r=g","caption":"dlefur"},"logo":{"@id":"https:\/\/wordpress.callac.online\/#\/schema\/person\/image\/"},"description":"Enseignant de math\u00e9matiques Lyc\u00e9e Pasteur S\u00e3o Paulo","sameAs":["http:\/\/wordpress.callac.online"]}]}},"_links":{"self":[{"href":"https:\/\/wordpress.callac.online\/index.php\/wp-json\/wp\/v2\/pages\/251","targetHints":{"allow":["GET"]}}],"collection":[{"href":"https:\/\/wordpress.callac.online\/index.php\/wp-json\/wp\/v2\/pages"}],"about":[{"href":"https:\/\/wordpress.callac.online\/index.php\/wp-json\/wp\/v2\/types\/page"}],"author":[{"embeddable":true,"href":"https:\/\/wordpress.callac.online\/index.php\/wp-json\/wp\/v2\/users\/1"}],"replies":[{"embeddable":true,"href":"https:\/\/wordpress.callac.online\/index.php\/wp-json\/wp\/v2\/comments?post=251"}],"version-history":[{"count":3,"href":"https:\/\/wordpress.callac.online\/index.php\/wp-json\/wp\/v2\/pages\/251\/revisions"}],"predecessor-version":[{"id":2071,"href":"https:\/\/wordpress.callac.online\/index.php\/wp-json\/wp\/v2\/pages\/251\/revisions\/2071"}],"up":[{"embeddable":true,"href":"https:\/\/wordpress.callac.online\/index.php\/wp-json\/wp\/v2\/pages\/1653"}],"wp:attachment":[{"href":"https:\/\/wordpress.callac.online\/index.php\/wp-json\/wp\/v2\/media?parent=251"}],"curies":[{"name":"wp","href":"https:\/\/api.w.org\/{rel}","templated":true}]}}