{"id":264,"date":"2013-11-10T15:45:38","date_gmt":"2013-11-10T14:45:38","guid":{"rendered":"http:\/\/wordpress.callac.online\/index.php\/arduino-au-lycee\/"},"modified":"2023-07-17T12:26:52","modified_gmt":"2023-07-17T10:26:52","slug":"arduino-au-lycee","status":"publish","type":"page","link":"https:\/\/wordpress.callac.online\/index.php\/numerique\/arduino\/arduino-au-lycee\/","title":{"rendered":"Arduino au lyc\u00e9e"},"content":{"rendered":"<div id=\"ccchildpages-1\" class=\"ccchildpages ccflex  simple ccclearfix\"><ul class=\"ccchildpages_list ccclearfix\"><li class=\"page_item page-item-3491\"><a href=\"https:\/\/wordpress.callac.online\/index.php\/numerique\/arduino\/arduino-au-lycee\/premiers-circuit-tinkercad\/\">Mes premiers circuits avec Tinkercad<\/a><\/li>\n<li class=\"page_item page-item-3494\"><a href=\"https:\/\/wordpress.callac.online\/index.php\/numerique\/arduino\/arduino-au-lycee\/arduino-sorties-tinkercad\/\">Programmer les sorties Arduino depuis Tinkercad<\/a><\/li>\n<li class=\"page_item page-item-3553\"><a href=\"https:\/\/wordpress.callac.online\/index.php\/numerique\/arduino\/arduino-au-lycee\/programmer-entrees-arduino-tinkercad\/\">Programmer les entr\u00e9es Arduino depuis Tinkercad<\/a><\/li><\/ul><\/div>\n\n\n\n<hr class=\"wp-block-separator has-alpha-channel-opacity\"\/>\n\n\n\n<h3 class=\"wp-block-heading\"><a href=\"https:\/\/wordpress.callac.online\/index.php\/numerique\/arduino\/arduino-au-lycee\/premiers-circuit-tinkercad\/\">Mes premiers circuits avec Tinkercad<\/a><\/h3>\n\n\n\n<p>Dans cette page, nous allons d\u00e9couvrir ce qu'est un circuit \u00e9crire. Pour cela, nous allons utiliser le site Tinkercad pour concevoir nos premiers circuits.<\/p>\n\n\n\n<p>Nous utiliserons Arduino uniquement comme alimentation. Aucune programmation pour l'instant.<\/p>\n\n\n\n<p><\/p>\n\n\n\n<h3 class=\"wp-block-heading\"><a href=\"https:\/\/wordpress.callac.online\/index.php\/numerique\/arduino\/arduino-au-lycee\/arduino-sorties-tinkercad\/\">Programmer les sorties Arduino depuis Tinkercad<\/a><\/h3>\n\n\n\n<p>Nous allons ici nous int\u00e9resser \u00e0 ce quon appelle les sorties : depuis Arduino, nous allons commander :<\/p>\n\n\n\n<ul class=\"wp-block-list\">\n<li>une led : qu'elle soit allum\u00e9e au non, son intensit\u00e9, sa couleur ;<\/li>\n\n\n\n<li>un servomoteur : le placer dans un angle particulier ;<\/li>\n\n\n\n<li>un buzzer : jouer des sons ;<\/li>\n\n\n\n<li>le moniteur s\u00e9rie : afficher des messages sur l'ordinateur, en provenance d'Arduino ;<\/li>\n\n\n\n<li>un \u00e9cran LCD : afficher sur un \u00e9cran nos messages.<\/li>\n\n\n\n<li>un relais : d\u00e9finir la position du relai.<\/li>\n<\/ul>\n\n\n\n<h3 class=\"wp-block-heading\"><a href=\"https:\/\/wordpress.callac.online\/index.php\/numerique\/arduino\/arduino-au-lycee\/programmer-entrees-arduino-tinkercad\/\">Programmer les entr\u00e9es Arduino depuis Tinkercad<\/a><\/h3>\n\n\n\n<p>Pour avoir un projet interactif, il faut aussi pouvoir agir en fonction des signaux que nous recevons sur Arduino. Voici les entr\u00e9es que nous verrons dans cette page apr\u00e9s avoir vu le fonctionnement des r\u00e9sisiatnces, les mesures de tensions :<\/p>\n\n\n\n<ul class=\"wp-block-list\">\n<li>le diviseur de tensions : un circuit basique permet de fixer un niveau ;<\/li>\n\n\n\n<li>la luminosit\u00e9 ;<\/li>\n\n\n\n<li>le pouton poussoir ;<\/li>\n\n\n\n<li>le potentiom\u00e8tre ;<\/li>\n\n\n\n<li>la temp\u00e9rature ;<\/li>\n\n\n\n<li>les distances mesur\u00e9es par un capteur ultrason.<\/li>\n<\/ul>\n","protected":false},"excerpt":{"rendered":"<p>Mes premiers circuits avec Tinkercad Dans cette page, nous allons d\u00e9couvrir ce qu&rsquo;est un circuit \u00e9crire. Pour cela, nous allons utiliser le site Tinkercad pour concevoir nos premiers circuits. Nous&hellip;<\/p>\n","protected":false},"author":1,"featured_media":0,"parent":978,"menu_order":0,"comment_status":"closed","ping_status":"closed","template":"","meta":{"footnotes":""},"class_list":["post-264","page","type-page","status-publish","hentry"],"yoast_head":"<!-- This site is optimized with the Yoast SEO plugin v27.1.1 - https:\/\/yoast.com\/product\/yoast-seo-wordpress\/ -->\n<title>Arduino au lyc\u00e9e - Maths &amp; Num\u00e9rique<\/title>\n<meta name=\"robots\" content=\"index, follow, max-snippet:-1, max-image-preview:large, max-video-preview:-1\" \/>\n<link rel=\"canonical\" href=\"https:\/\/wordpress.callac.online\/index.php\/numerique\/arduino\/arduino-au-lycee\/\" \/>\n<meta property=\"og:locale\" content=\"fr_FR\" \/>\n<meta property=\"og:type\" content=\"article\" \/>\n<meta property=\"og:title\" content=\"Arduino au lyc\u00e9e - Maths &amp; Num\u00e9rique\" \/>\n<meta property=\"og:description\" content=\"Mes premiers circuits avec Tinkercad Dans cette page, nous allons d\u00e9couvrir ce qu&rsquo;est un circuit \u00e9crire. Pour cela, nous allons utiliser le site Tinkercad pour concevoir nos premiers circuits. Nous&hellip;\" \/>\n<meta property=\"og:url\" content=\"https:\/\/wordpress.callac.online\/index.php\/numerique\/arduino\/arduino-au-lycee\/\" \/>\n<meta property=\"og:site_name\" content=\"Maths &amp; Num\u00e9rique\" \/>\n<meta property=\"article:modified_time\" content=\"2023-07-17T10:26:52+00:00\" \/>\n<meta name=\"twitter:card\" content=\"summary_large_image\" \/>\n<meta name=\"twitter:label1\" content=\"Dur\u00e9e de lecture estim\u00e9e\" \/>\n\t<meta name=\"twitter:data1\" content=\"1 minute\" \/>\n<script type=\"application\/ld+json\" class=\"yoast-schema-graph\">{\"@context\":\"https:\/\/schema.org\",\"@graph\":[{\"@type\":\"WebPage\",\"@id\":\"https:\/\/wordpress.callac.online\/index.php\/numerique\/arduino\/arduino-au-lycee\/\",\"url\":\"https:\/\/wordpress.callac.online\/index.php\/numerique\/arduino\/arduino-au-lycee\/\",\"name\":\"Arduino au lyc\u00e9e - Maths &amp; Num\u00e9rique\",\"isPartOf\":{\"@id\":\"https:\/\/wordpress.callac.online\/#website\"},\"datePublished\":\"2013-11-10T14:45:38+00:00\",\"dateModified\":\"2023-07-17T10:26:52+00:00\",\"breadcrumb\":{\"@id\":\"https:\/\/wordpress.callac.online\/index.php\/numerique\/arduino\/arduino-au-lycee\/#breadcrumb\"},\"inLanguage\":\"fr-FR\",\"potentialAction\":[{\"@type\":\"ReadAction\",\"target\":[\"https:\/\/wordpress.callac.online\/index.php\/numerique\/arduino\/arduino-au-lycee\/\"]}]},{\"@type\":\"BreadcrumbList\",\"@id\":\"https:\/\/wordpress.callac.online\/index.php\/numerique\/arduino\/arduino-au-lycee\/#breadcrumb\",\"itemListElement\":[{\"@type\":\"ListItem\",\"position\":1,\"name\":\"Accueil\",\"item\":\"https:\/\/wordpress.callac.online\/\"},{\"@type\":\"ListItem\",\"position\":2,\"name\":\"Num\u00e9rique\",\"item\":\"https:\/\/wordpress.callac.online\/index.php\/numerique\/\"},{\"@type\":\"ListItem\",\"position\":3,\"name\":\"Arduino\",\"item\":\"https:\/\/wordpress.callac.online\/index.php\/numerique\/arduino\/\"},{\"@type\":\"ListItem\",\"position\":4,\"name\":\"Arduino au lyc\u00e9e\"}]},{\"@type\":\"WebSite\",\"@id\":\"https:\/\/wordpress.callac.online\/#website\",\"url\":\"https:\/\/wordpress.callac.online\/\",\"name\":\"Maths & Num\u00e9rique\",\"description\":\"Des outils pour les enseignants de math\u00e9matiques et de num\u00e9rique\",\"publisher\":{\"@id\":\"https:\/\/wordpress.callac.online\/#\/schema\/person\/04061f1ca2c2c42039142a704be95940\"},\"potentialAction\":[{\"@type\":\"SearchAction\",\"target\":{\"@type\":\"EntryPoint\",\"urlTemplate\":\"https:\/\/wordpress.callac.online\/?s={search_term_string}\"},\"query-input\":{\"@type\":\"PropertyValueSpecification\",\"valueRequired\":true,\"valueName\":\"search_term_string\"}}],\"inLanguage\":\"fr-FR\"},{\"@type\":[\"Person\",\"Organization\"],\"@id\":\"https:\/\/wordpress.callac.online\/#\/schema\/person\/04061f1ca2c2c42039142a704be95940\",\"name\":\"dlefur\",\"image\":{\"@type\":\"ImageObject\",\"inLanguage\":\"fr-FR\",\"@id\":\"https:\/\/wordpress.callac.online\/#\/schema\/person\/image\/\",\"url\":\"https:\/\/secure.gravatar.com\/avatar\/4a9e17be136808c6597f28aa2b6c13126dab066fdc2198ff60090972c9b7fafc?s=96&d=mm&r=g\",\"contentUrl\":\"https:\/\/secure.gravatar.com\/avatar\/4a9e17be136808c6597f28aa2b6c13126dab066fdc2198ff60090972c9b7fafc?s=96&d=mm&r=g\",\"caption\":\"dlefur\"},\"logo\":{\"@id\":\"https:\/\/wordpress.callac.online\/#\/schema\/person\/image\/\"},\"description\":\"Enseignant de math\u00e9matiques Lyc\u00e9e Pasteur S\u00e3o Paulo\",\"sameAs\":[\"http:\/\/wordpress.callac.online\"]}]}<\/script>\n<!-- \/ Yoast SEO plugin. -->","yoast_head_json":{"title":"Arduino au lyc\u00e9e - Maths &amp; Num\u00e9rique","robots":{"index":"index","follow":"follow","max-snippet":"max-snippet:-1","max-image-preview":"max-image-preview:large","max-video-preview":"max-video-preview:-1"},"canonical":"https:\/\/wordpress.callac.online\/index.php\/numerique\/arduino\/arduino-au-lycee\/","og_locale":"fr_FR","og_type":"article","og_title":"Arduino au lyc\u00e9e - Maths &amp; Num\u00e9rique","og_description":"Mes premiers circuits avec Tinkercad Dans cette page, nous allons d\u00e9couvrir ce qu&rsquo;est un circuit \u00e9crire. Pour cela, nous allons utiliser le site Tinkercad pour concevoir nos premiers circuits. Nous&hellip;","og_url":"https:\/\/wordpress.callac.online\/index.php\/numerique\/arduino\/arduino-au-lycee\/","og_site_name":"Maths &amp; Num\u00e9rique","article_modified_time":"2023-07-17T10:26:52+00:00","twitter_card":"summary_large_image","twitter_misc":{"Dur\u00e9e de lecture estim\u00e9e":"1 minute"},"schema":{"@context":"https:\/\/schema.org","@graph":[{"@type":"WebPage","@id":"https:\/\/wordpress.callac.online\/index.php\/numerique\/arduino\/arduino-au-lycee\/","url":"https:\/\/wordpress.callac.online\/index.php\/numerique\/arduino\/arduino-au-lycee\/","name":"Arduino au lyc\u00e9e - Maths &amp; Num\u00e9rique","isPartOf":{"@id":"https:\/\/wordpress.callac.online\/#website"},"datePublished":"2013-11-10T14:45:38+00:00","dateModified":"2023-07-17T10:26:52+00:00","breadcrumb":{"@id":"https:\/\/wordpress.callac.online\/index.php\/numerique\/arduino\/arduino-au-lycee\/#breadcrumb"},"inLanguage":"fr-FR","potentialAction":[{"@type":"ReadAction","target":["https:\/\/wordpress.callac.online\/index.php\/numerique\/arduino\/arduino-au-lycee\/"]}]},{"@type":"BreadcrumbList","@id":"https:\/\/wordpress.callac.online\/index.php\/numerique\/arduino\/arduino-au-lycee\/#breadcrumb","itemListElement":[{"@type":"ListItem","position":1,"name":"Accueil","item":"https:\/\/wordpress.callac.online\/"},{"@type":"ListItem","position":2,"name":"Num\u00e9rique","item":"https:\/\/wordpress.callac.online\/index.php\/numerique\/"},{"@type":"ListItem","position":3,"name":"Arduino","item":"https:\/\/wordpress.callac.online\/index.php\/numerique\/arduino\/"},{"@type":"ListItem","position":4,"name":"Arduino au lyc\u00e9e"}]},{"@type":"WebSite","@id":"https:\/\/wordpress.callac.online\/#website","url":"https:\/\/wordpress.callac.online\/","name":"Maths & Num\u00e9rique","description":"Des outils pour les enseignants de math\u00e9matiques et de num\u00e9rique","publisher":{"@id":"https:\/\/wordpress.callac.online\/#\/schema\/person\/04061f1ca2c2c42039142a704be95940"},"potentialAction":[{"@type":"SearchAction","target":{"@type":"EntryPoint","urlTemplate":"https:\/\/wordpress.callac.online\/?s={search_term_string}"},"query-input":{"@type":"PropertyValueSpecification","valueRequired":true,"valueName":"search_term_string"}}],"inLanguage":"fr-FR"},{"@type":["Person","Organization"],"@id":"https:\/\/wordpress.callac.online\/#\/schema\/person\/04061f1ca2c2c42039142a704be95940","name":"dlefur","image":{"@type":"ImageObject","inLanguage":"fr-FR","@id":"https:\/\/wordpress.callac.online\/#\/schema\/person\/image\/","url":"https:\/\/secure.gravatar.com\/avatar\/4a9e17be136808c6597f28aa2b6c13126dab066fdc2198ff60090972c9b7fafc?s=96&d=mm&r=g","contentUrl":"https:\/\/secure.gravatar.com\/avatar\/4a9e17be136808c6597f28aa2b6c13126dab066fdc2198ff60090972c9b7fafc?s=96&d=mm&r=g","caption":"dlefur"},"logo":{"@id":"https:\/\/wordpress.callac.online\/#\/schema\/person\/image\/"},"description":"Enseignant de math\u00e9matiques Lyc\u00e9e Pasteur S\u00e3o Paulo","sameAs":["http:\/\/wordpress.callac.online"]}]}},"_links":{"self":[{"href":"https:\/\/wordpress.callac.online\/index.php\/wp-json\/wp\/v2\/pages\/264","targetHints":{"allow":["GET"]}}],"collection":[{"href":"https:\/\/wordpress.callac.online\/index.php\/wp-json\/wp\/v2\/pages"}],"about":[{"href":"https:\/\/wordpress.callac.online\/index.php\/wp-json\/wp\/v2\/types\/page"}],"author":[{"embeddable":true,"href":"https:\/\/wordpress.callac.online\/index.php\/wp-json\/wp\/v2\/users\/1"}],"replies":[{"embeddable":true,"href":"https:\/\/wordpress.callac.online\/index.php\/wp-json\/wp\/v2\/comments?post=264"}],"version-history":[{"count":7,"href":"https:\/\/wordpress.callac.online\/index.php\/wp-json\/wp\/v2\/pages\/264\/revisions"}],"predecessor-version":[{"id":3583,"href":"https:\/\/wordpress.callac.online\/index.php\/wp-json\/wp\/v2\/pages\/264\/revisions\/3583"}],"up":[{"embeddable":true,"href":"https:\/\/wordpress.callac.online\/index.php\/wp-json\/wp\/v2\/pages\/978"}],"wp:attachment":[{"href":"https:\/\/wordpress.callac.online\/index.php\/wp-json\/wp\/v2\/media?parent=264"}],"curies":[{"name":"wp","href":"https:\/\/api.w.org\/{rel}","templated":true}]}}