{"id":272,"date":"2014-01-15T16:50:24","date_gmt":"2014-01-15T15:50:24","guid":{"rendered":"http:\/\/wordpress.callac.online\/index.php\/arduino-et-teleduino\/"},"modified":"2022-01-05T22:41:57","modified_gmt":"2022-01-05T21:41:57","slug":"arduino-et-teleduino","status":"publish","type":"page","link":"https:\/\/wordpress.callac.online\/index.php\/numerique\/arduino\/arduino-ethernet-et-internet\/arduino-et-teleduino\/","title":{"rendered":"Arduino et Teleduino"},"content":{"rendered":"<h2>Teleduino, pour quoi faire ?<\/h2>\n<p><a href=\"https:\/\/www.teleduino.org\/\">Teleduino<\/a> est une <a href=\"https:\/\/play.google.com\/store\/apps\/details?id=appinventor.ai_ssslzc.Teleduino_Controller_Pro\">application android<\/a> qui vous permet de contr\u00f4ler sommairement votre Arduino depuis votre smartphone.<\/p>\n<p>On peut par exemple :<br \/>\n&#8211; choisir de mettre une patte Arduino en entr\u00e9e ou en sortie.<br \/>\n&#8211; activer ou d\u00e9sactiver une sortie digitale.<br \/>\n&#8211; fixer la valeur d&rsquo;une sortie PWM ou analogique.<br \/>\n&#8211; lire une valeur.<br \/>\n&#8211; convertir une entr\u00e9e analogique par le biais d&rsquo;une fonction lin\u00e9aire.<\/p>\n<h2>Comment faire ?<\/h2>\n<p>&#8211; Demander une cl\u00e9 d&rsquo;identification : <a href=\"https:\/\/www.teleduino.org\/tools\/request-key\">https:\/\/www.teleduino.org\/tools\/request-key<\/a>.<br \/>\n&#8211; T\u00e9l\u00e9charger la biblioth\u00e8que adapt\u00e9e (uno ou mega) : <a href=\"https:\/\/www.teleduino.org\/downloads\/\">https:\/\/www.teleduino.org\/downloads\/<\/a>.<br \/>\n&#8211; Brancher une led (avec une r\u00e9sistance) sur la patte 8, si vous voulez v\u00e9rifier l&rsquo;\u00e9tat de la communication.<br \/>\n&#8211; Ouvrir le fichier d&rsquo;exemple de la librairie qui s&rsquo;appelle \u00ab\u00a0TeleduinoEthernetClientProxy\u00a0\u00bb et y placer sa cl\u00e9.<br \/>\n&#8211; Uploader ce fichier sur votre Arduino.<\/p>\n<p>A partir de ce moment, votre circuit est configur\u00e9 pour l&rsquo;utiliser avec Teleduino. Il ne vous reste plus qu&rsquo;\u00e0 faire vos propres montages avec les pattes d&rsquo;Arduino.<\/p>\n<p>C\u00f4t\u00e9 smartphone, une fois l&rsquo;application install\u00e9e et lanc\u00e9e, il ne vous reste plus qu&rsquo;\u00e0 la configurer en utilisant si besoin la <a href=\"https:\/\/www.teleduino.org\/documentation\">documentation<\/a>.<\/p>\n","protected":false},"excerpt":{"rendered":"<p>Teleduino, pour quoi faire ? Teleduino est une application android qui vous permet de contr\u00f4ler sommairement votre Arduino depuis votre smartphone. On peut par exemple : &#8211; choisir de mettre&hellip;<\/p>\n","protected":false},"author":1,"featured_media":0,"parent":2550,"menu_order":0,"comment_status":"closed","ping_status":"closed","template":"","meta":{"footnotes":""},"class_list":["post-272","page","type-page","status-publish","hentry"],"yoast_head":"<!-- This site is optimized with the Yoast SEO plugin v27.1.1 - https:\/\/yoast.com\/product\/yoast-seo-wordpress\/ -->\n<title>Arduino et Teleduino - Maths &amp; Num\u00e9rique<\/title>\n<meta name=\"robots\" content=\"index, follow, max-snippet:-1, max-image-preview:large, max-video-preview:-1\" \/>\n<link rel=\"canonical\" href=\"https:\/\/wordpress.callac.online\/index.php\/numerique\/arduino\/arduino-ethernet-et-internet\/arduino-et-teleduino\/\" \/>\n<meta property=\"og:locale\" content=\"fr_FR\" \/>\n<meta property=\"og:type\" content=\"article\" \/>\n<meta property=\"og:title\" content=\"Arduino et Teleduino - Maths &amp; Num\u00e9rique\" \/>\n<meta property=\"og:description\" content=\"Teleduino, pour quoi faire ? Teleduino est une application android qui vous permet de contr\u00f4ler sommairement votre Arduino depuis votre smartphone. On peut par exemple : &#8211; choisir de mettre&hellip;\" \/>\n<meta property=\"og:url\" content=\"https:\/\/wordpress.callac.online\/index.php\/numerique\/arduino\/arduino-ethernet-et-internet\/arduino-et-teleduino\/\" \/>\n<meta property=\"og:site_name\" content=\"Maths &amp; Num\u00e9rique\" \/>\n<meta property=\"article:modified_time\" content=\"2022-01-05T21:41:57+00:00\" \/>\n<meta name=\"twitter:card\" content=\"summary_large_image\" \/>\n<meta name=\"twitter:label1\" content=\"Dur\u00e9e de lecture estim\u00e9e\" \/>\n\t<meta name=\"twitter:data1\" content=\"1 minute\" \/>\n<script type=\"application\/ld+json\" class=\"yoast-schema-graph\">{\"@context\":\"https:\/\/schema.org\",\"@graph\":[{\"@type\":\"WebPage\",\"@id\":\"https:\/\/wordpress.callac.online\/index.php\/numerique\/arduino\/arduino-ethernet-et-internet\/arduino-et-teleduino\/\",\"url\":\"https:\/\/wordpress.callac.online\/index.php\/numerique\/arduino\/arduino-ethernet-et-internet\/arduino-et-teleduino\/\",\"name\":\"Arduino et Teleduino - Maths &amp; Num\u00e9rique\",\"isPartOf\":{\"@id\":\"https:\/\/wordpress.callac.online\/#website\"},\"datePublished\":\"2014-01-15T15:50:24+00:00\",\"dateModified\":\"2022-01-05T21:41:57+00:00\",\"breadcrumb\":{\"@id\":\"https:\/\/wordpress.callac.online\/index.php\/numerique\/arduino\/arduino-ethernet-et-internet\/arduino-et-teleduino\/#breadcrumb\"},\"inLanguage\":\"fr-FR\",\"potentialAction\":[{\"@type\":\"ReadAction\",\"target\":[\"https:\/\/wordpress.callac.online\/index.php\/numerique\/arduino\/arduino-ethernet-et-internet\/arduino-et-teleduino\/\"]}]},{\"@type\":\"BreadcrumbList\",\"@id\":\"https:\/\/wordpress.callac.online\/index.php\/numerique\/arduino\/arduino-ethernet-et-internet\/arduino-et-teleduino\/#breadcrumb\",\"itemListElement\":[{\"@type\":\"ListItem\",\"position\":1,\"name\":\"Accueil\",\"item\":\"https:\/\/wordpress.callac.online\/\"},{\"@type\":\"ListItem\",\"position\":2,\"name\":\"Num\u00e9rique\",\"item\":\"https:\/\/wordpress.callac.online\/index.php\/numerique\/\"},{\"@type\":\"ListItem\",\"position\":3,\"name\":\"Arduino\",\"item\":\"https:\/\/wordpress.callac.online\/index.php\/numerique\/arduino\/\"},{\"@type\":\"ListItem\",\"position\":4,\"name\":\"Arduino, ethernet et internet\",\"item\":\"https:\/\/wordpress.callac.online\/index.php\/numerique\/arduino\/arduino-ethernet-et-internet\/\"},{\"@type\":\"ListItem\",\"position\":5,\"name\":\"Arduino et Teleduino\"}]},{\"@type\":\"WebSite\",\"@id\":\"https:\/\/wordpress.callac.online\/#website\",\"url\":\"https:\/\/wordpress.callac.online\/\",\"name\":\"Maths & Num\u00e9rique\",\"description\":\"Des outils pour les enseignants de math\u00e9matiques et de num\u00e9rique\",\"publisher\":{\"@id\":\"https:\/\/wordpress.callac.online\/#\/schema\/person\/04061f1ca2c2c42039142a704be95940\"},\"potentialAction\":[{\"@type\":\"SearchAction\",\"target\":{\"@type\":\"EntryPoint\",\"urlTemplate\":\"https:\/\/wordpress.callac.online\/?s={search_term_string}\"},\"query-input\":{\"@type\":\"PropertyValueSpecification\",\"valueRequired\":true,\"valueName\":\"search_term_string\"}}],\"inLanguage\":\"fr-FR\"},{\"@type\":[\"Person\",\"Organization\"],\"@id\":\"https:\/\/wordpress.callac.online\/#\/schema\/person\/04061f1ca2c2c42039142a704be95940\",\"name\":\"dlefur\",\"image\":{\"@type\":\"ImageObject\",\"inLanguage\":\"fr-FR\",\"@id\":\"https:\/\/wordpress.callac.online\/#\/schema\/person\/image\/\",\"url\":\"https:\/\/secure.gravatar.com\/avatar\/4a9e17be136808c6597f28aa2b6c13126dab066fdc2198ff60090972c9b7fafc?s=96&d=mm&r=g\",\"contentUrl\":\"https:\/\/secure.gravatar.com\/avatar\/4a9e17be136808c6597f28aa2b6c13126dab066fdc2198ff60090972c9b7fafc?s=96&d=mm&r=g\",\"caption\":\"dlefur\"},\"logo\":{\"@id\":\"https:\/\/wordpress.callac.online\/#\/schema\/person\/image\/\"},\"description\":\"Enseignant de math\u00e9matiques Lyc\u00e9e Pasteur S\u00e3o Paulo\",\"sameAs\":[\"http:\/\/wordpress.callac.online\"]}]}<\/script>\n<!-- \/ Yoast SEO plugin. -->","yoast_head_json":{"title":"Arduino et Teleduino - Maths &amp; Num\u00e9rique","robots":{"index":"index","follow":"follow","max-snippet":"max-snippet:-1","max-image-preview":"max-image-preview:large","max-video-preview":"max-video-preview:-1"},"canonical":"https:\/\/wordpress.callac.online\/index.php\/numerique\/arduino\/arduino-ethernet-et-internet\/arduino-et-teleduino\/","og_locale":"fr_FR","og_type":"article","og_title":"Arduino et Teleduino - Maths &amp; Num\u00e9rique","og_description":"Teleduino, pour quoi faire ? Teleduino est une application android qui vous permet de contr\u00f4ler sommairement votre Arduino depuis votre smartphone. On peut par exemple : &#8211; choisir de mettre&hellip;","og_url":"https:\/\/wordpress.callac.online\/index.php\/numerique\/arduino\/arduino-ethernet-et-internet\/arduino-et-teleduino\/","og_site_name":"Maths &amp; Num\u00e9rique","article_modified_time":"2022-01-05T21:41:57+00:00","twitter_card":"summary_large_image","twitter_misc":{"Dur\u00e9e de lecture estim\u00e9e":"1 minute"},"schema":{"@context":"https:\/\/schema.org","@graph":[{"@type":"WebPage","@id":"https:\/\/wordpress.callac.online\/index.php\/numerique\/arduino\/arduino-ethernet-et-internet\/arduino-et-teleduino\/","url":"https:\/\/wordpress.callac.online\/index.php\/numerique\/arduino\/arduino-ethernet-et-internet\/arduino-et-teleduino\/","name":"Arduino et Teleduino - Maths &amp; Num\u00e9rique","isPartOf":{"@id":"https:\/\/wordpress.callac.online\/#website"},"datePublished":"2014-01-15T15:50:24+00:00","dateModified":"2022-01-05T21:41:57+00:00","breadcrumb":{"@id":"https:\/\/wordpress.callac.online\/index.php\/numerique\/arduino\/arduino-ethernet-et-internet\/arduino-et-teleduino\/#breadcrumb"},"inLanguage":"fr-FR","potentialAction":[{"@type":"ReadAction","target":["https:\/\/wordpress.callac.online\/index.php\/numerique\/arduino\/arduino-ethernet-et-internet\/arduino-et-teleduino\/"]}]},{"@type":"BreadcrumbList","@id":"https:\/\/wordpress.callac.online\/index.php\/numerique\/arduino\/arduino-ethernet-et-internet\/arduino-et-teleduino\/#breadcrumb","itemListElement":[{"@type":"ListItem","position":1,"name":"Accueil","item":"https:\/\/wordpress.callac.online\/"},{"@type":"ListItem","position":2,"name":"Num\u00e9rique","item":"https:\/\/wordpress.callac.online\/index.php\/numerique\/"},{"@type":"ListItem","position":3,"name":"Arduino","item":"https:\/\/wordpress.callac.online\/index.php\/numerique\/arduino\/"},{"@type":"ListItem","position":4,"name":"Arduino, ethernet et internet","item":"https:\/\/wordpress.callac.online\/index.php\/numerique\/arduino\/arduino-ethernet-et-internet\/"},{"@type":"ListItem","position":5,"name":"Arduino et Teleduino"}]},{"@type":"WebSite","@id":"https:\/\/wordpress.callac.online\/#website","url":"https:\/\/wordpress.callac.online\/","name":"Maths & Num\u00e9rique","description":"Des outils pour les enseignants de math\u00e9matiques et de num\u00e9rique","publisher":{"@id":"https:\/\/wordpress.callac.online\/#\/schema\/person\/04061f1ca2c2c42039142a704be95940"},"potentialAction":[{"@type":"SearchAction","target":{"@type":"EntryPoint","urlTemplate":"https:\/\/wordpress.callac.online\/?s={search_term_string}"},"query-input":{"@type":"PropertyValueSpecification","valueRequired":true,"valueName":"search_term_string"}}],"inLanguage":"fr-FR"},{"@type":["Person","Organization"],"@id":"https:\/\/wordpress.callac.online\/#\/schema\/person\/04061f1ca2c2c42039142a704be95940","name":"dlefur","image":{"@type":"ImageObject","inLanguage":"fr-FR","@id":"https:\/\/wordpress.callac.online\/#\/schema\/person\/image\/","url":"https:\/\/secure.gravatar.com\/avatar\/4a9e17be136808c6597f28aa2b6c13126dab066fdc2198ff60090972c9b7fafc?s=96&d=mm&r=g","contentUrl":"https:\/\/secure.gravatar.com\/avatar\/4a9e17be136808c6597f28aa2b6c13126dab066fdc2198ff60090972c9b7fafc?s=96&d=mm&r=g","caption":"dlefur"},"logo":{"@id":"https:\/\/wordpress.callac.online\/#\/schema\/person\/image\/"},"description":"Enseignant de math\u00e9matiques Lyc\u00e9e Pasteur S\u00e3o Paulo","sameAs":["http:\/\/wordpress.callac.online"]}]}},"_links":{"self":[{"href":"https:\/\/wordpress.callac.online\/index.php\/wp-json\/wp\/v2\/pages\/272","targetHints":{"allow":["GET"]}}],"collection":[{"href":"https:\/\/wordpress.callac.online\/index.php\/wp-json\/wp\/v2\/pages"}],"about":[{"href":"https:\/\/wordpress.callac.online\/index.php\/wp-json\/wp\/v2\/types\/page"}],"author":[{"embeddable":true,"href":"https:\/\/wordpress.callac.online\/index.php\/wp-json\/wp\/v2\/users\/1"}],"replies":[{"embeddable":true,"href":"https:\/\/wordpress.callac.online\/index.php\/wp-json\/wp\/v2\/comments?post=272"}],"version-history":[{"count":1,"href":"https:\/\/wordpress.callac.online\/index.php\/wp-json\/wp\/v2\/pages\/272\/revisions"}],"predecessor-version":[{"id":1028,"href":"https:\/\/wordpress.callac.online\/index.php\/wp-json\/wp\/v2\/pages\/272\/revisions\/1028"}],"up":[{"embeddable":true,"href":"https:\/\/wordpress.callac.online\/index.php\/wp-json\/wp\/v2\/pages\/2550"}],"wp:attachment":[{"href":"https:\/\/wordpress.callac.online\/index.php\/wp-json\/wp\/v2\/media?parent=272"}],"curies":[{"name":"wp","href":"https:\/\/api.w.org\/{rel}","templated":true}]}}