{"id":277,"date":"2014-01-21T16:38:18","date_gmt":"2014-01-21T15:38:18","guid":{"rendered":"http:\/\/wordpress.callac.online\/index.php\/arduino-et-lapplication-android-sensoduino\/"},"modified":"2022-01-05T22:41:57","modified_gmt":"2022-01-05T21:41:57","slug":"arduino-et-lapplication-android-sensoduino","status":"publish","type":"page","link":"https:\/\/wordpress.callac.online\/index.php\/numerique\/arduino\/la-communication-bluetooth\/arduino-et-lapplication-android-sensoduino\/","title":{"rendered":"Arduino et l&rsquo;application Android Sensoduino"},"content":{"rendered":"<h2>Que fait cette application ?<\/h2>\n<p>L&rsquo;application Android <a href=\"https:\/\/play.google.com\/store\/apps\/details?id=com.techbitar.android.sensoduino\">Sensoduino<\/a> est un moyen tr\u00e8s simple pour utiliser les capteurs de votre Android dans votre projet.<\/p>\n<p>En effet, les t\u00e9l\u00e9phones ou les tablettes sont \u00e9quip\u00e9s de capteurs perfectionn\u00e9s et qui seraient co\u00fbteux \u00e0 acheter s\u00e9par\u00e9ment : GPS, acc\u00e9l\u00e9rom\u00e8tre, etc &#8230;<\/p>\n<p>Cette applivation permet pour les capteurs s\u00e9lectionn\u00e9s :<br \/>\n&#8211; de visualiser les valeurs courantes ;<br \/>\n&#8211; de les enregistr\u00e9es dans un fichier ;<br \/>\n&#8211; de les transf\u00e9rer vers arduino via Bluetooth.<\/p>\n<p>Pour plus d&rsquo;informations, voici le <a href=\"http:\/\/www.techbitar.com\/sensoduino.html\">site de l&rsquo;auteur<\/a>.<\/p>\n<h2>Une petite biblioth\u00e8que personnelle en aide : SensoduinoDLF<\/h2>\n<p>Lorsqu&rsquo;Arduino re\u00e7oit des donn\u00e9es depuis Sensoduino, chaque ligne a la structure suivante :<\/p>\n<p>&#8211; num\u00e9ro du capteur (comme indiqu\u00e9 sur le <a href=\"http:\/\/www.techbitar.com\/sensoduino.html\">site de l&rsquo;auteur<\/a><br \/>\n&#8211; compteur de donn\u00e9es re\u00e7ues (incr\u00e9ment\u00e9 apr\u00e9s chaque nouvelle donn\u00e9e)<br \/>\n&#8211; 3 valeurs num\u00e9riques correspondant \u00e0 chaque capteur.<\/p>\n<p>Lorsqu&rsquo;un capteur ne n\u00e9cessite pas trois valeurs, les autres sont mises \u00e0 99.99.<\/p>\n<p>Pour faciliter la lecture de cette ligne d&rsquo;informations, j&rsquo;ai cr\u00e9\u00e9 une petite biblioth\u00e8que qui travaille avec mon autre biblioth\u00e8que <a href=\"https:\/\/wordpress.callac.online\/index.php\/numerique\/arduino\/la-bibliotheque-serialdlf\/\">SerialDLF<\/a>.<\/p>\n<p>Pour les t\u00e9l\u00e9charger :<br \/>\n&#8211; <a href=\"https:\/\/filedn.com\/lpKG7uY9hIHVel5exA5Ik80\/Wordpress\/Num%C3%A9rique\/Arduino\/SerialDLF.zip\">https:\/\/filedn.com\/lpKG7uY9hIHVel5exA5Ik80\/Wordpress\/Num%C3%A9rique\/Arduino\/SerialDLF.zip<\/a><br \/>\n&#8211; <a href=\"https:\/\/filedn.com\/lpKG7uY9hIHVel5exA5Ik80\/Wordpress\/Num%C3%A9rique\/Arduino\/SensoduinoDLF.zip\">https:\/\/filedn.com\/lpKG7uY9hIHVel5exA5Ik80\/Wordpress\/Num%C3%A9rique\/Arduino\/SensoduinoDLF.zip<\/a><\/p>\n<h2>Un exemple : commande d&rsquo;un robot<\/h2>\n<p>Dans ce projet, je me suis servi de l&rsquo;acc\u00e9l\u00e9rom\u00e8tre comme \u00ab\u00a0joystick\u00a0\u00bb. On penche l&rsquo;appareil et le robot se d\u00e9place en cons\u00e9quence.<\/p>\n<p>Voici le code :<\/p>\n<pre class=\"EnlighterJSRAW\" data-enlighter-language=\"cpp\">\n\n\/* \n Robot Commande par Bluetooth (Sensoduino)\n *\/\n\n\/\/------------------------------------------------------------\n\/\/ Librairies\n\/\/------------------------------------------------------------\n\n\/\/ pour le traitement du message recu sur la liaison serie\n#include &lt;SerialDLF.h&gt;\n#include &lt;SensoduinoDLF.h&gt;\n\n\/\/------------------------------------------------------------\n\/\/ Constantes et variables\n\/\/------------------------------------------------------------\n\n\/\/ Classe de SerialDLF\nSerialString messageRecu;\n\nfloat X,Y,Z;\nboolean isClosed =false;\n\n\/\/Moteur A\nint E1 = 5; \/\/ Vitesse (PWM)\nint M1 = 4; \/\/ Direction\n\n\/\/Motor B\nint E2 = 6; \/\/ Vitesse (PWM)\nint M2 = 7; \/\/ Direction\n\nconst int MOTEUR_A=0;\nconst int MOTEUR_B=1;\n\nconst int AVANT=0;\nconst int ARRIERE=1;\n\n\n\/\/------------------------------------------------------------\n\/\/ Setup\n\/\/------------------------------------------------------------\n\nvoid setup()\n{\n  \/\/ Initialisation de la liaison serie\n  Serial.begin(9600); \n  Serial.flush();\n  Serial.println(\"Liaison serie operationnelle !\");\n  Serial.println(\"------------------------------\");\n  delay(1000);\n  Serial.println(\"Descriptif du programme :\");\n  Serial.println(\"--------------------------\");\n  Serial.println(\"Ce programme permet de commander un robot.\");\n  Serial.println(\"--------------------------\");\n  Serial.println(\"Pour connaitre les commandes, taper sur h ou H.\");\n  Serial.println(\"--------------------------\");\n\n\n  \/\/ Autres initilisations\n  \n  pinMode(E1, OUTPUT);\n  pinMode(M1, OUTPUT);\n\n  pinMode(E2, OUTPUT);\n  pinMode(M2, OUTPUT);\n\n\n} \/\/ fin setup\n\n\/\/------------------------------------------------------------\n\/\/ Loop\n\/\/------------------------------------------------------------\n\nvoid loop()\n{ \n  messageRecu.renew();  \/\/ on lit un eventuel message.\n  if (messageRecu.empty()==false) \/\/ Si le message est non vide ...\n  {\n    \/\/Serial.println(messageRecu.get());\n    traitement();\n    Serial.flush();\n  }\n} \/\/fin loop\n\n\n\/\/------------------------------------------------------------\n\/\/ Fonction traitement()\n\/\/------------------------------------------------------------\n\/*\nExecute le traitement des caracteres recus par la liaison serie\n qui sont stockes dans messageRecu.\n *\/\n\nvoid traitement()\n{\n  float temp;\n\n  if ((messageRecu.equals(\"Descriptif\")) || (messageRecu.equals(\"d\")))\n  {\n\n    Serial.println(\"--------------------------\");\n    Serial.println(\"Descriptif du programme :\");\n    Serial.println(\"--------------------------\");\n    Serial.println(\"Ce programme mesure la temperature a la demande.\");\n    Serial.println(\"--------------------------\");\n  }\n  else if  ((messageRecu.equals(\"Help\")) || (messageRecu.equals(\"h\")))\n  {\n    Serial.println(\"--------------------------\");\n    Serial.println(\"Liste des commandes :\");\n    Serial.println(\"--------------------------\");\n    Serial.println(\"--&gt; Descriptif ou d : affiche le descriptif du programme.\");\n    Serial.println(\"--&gt; Help ou h : affiche la liste des commandes.\");\n    Serial.println(\"--&gt; Mesure ou m : demande une mesure.\");\n    Serial.println(\"--------------------------\");\n  }\n  else if (messageRecu.isSensoduino()==true)\n  {\n    Sensoduino sensoParam(messageRecu.get());\n    \/\/Serial.println(sensoParam.get());\n    if (sensoParam.getType() == SSD_ACCELEROMETER)\n    {\n      X = sensoParam.getVal0();\n      Y = sensoParam.getVal1();\n      Z = sensoParam.getVal2();\n      if ( X &gt; 3)\n      {\n        \/\/avancer\n        Serial.println(\"Avancer\");\n        activer(MOTEUR_A, AVANT, 200);\n        activer(MOTEUR_B, AVANT,200);\n\n      }\n      else if (X&lt;-3)\n      {\n        \/\/reculer\n        Serial.println(\"Reculer\");\n        activer(MOTEUR_A, ARRIERE, 128);\n        activer(MOTEUR_B, ARRIERE, 128);\n      }\n      else if (Y&gt;2)\n      {\n        \/\/tourner a gauche\n        Serial.println(\"Tourner a gauche\");\n        activer(MOTEUR_A, ARRIERE, 128);\n        activer(MOTEUR_B, AVANT, 128);\n      } \n      else if (Y &lt;-2)\n      {\n        \/\/tourner a droite\n        Serial.println(\"Tourner a droite\");\n        activer(MOTEUR_A, AVANT, 128);\n        activer(MOTEUR_B, ARRIERE, 128);\n      }\n      else\n      {\n        \/\/arreter\n        Serial.println(\"Arreter\");\n        activer(MOTEUR_A, AVANT, 0);\n        activer(MOTEUR_B, AVANT, 0);\n      }   \t\n    }\n    \/*\n    if (sensoParam.getType() == SSD_PROXIMITY)\n     {\n     \tif ( sensoParam.getVal0()==0.0)\n     \t{\n     \t\tisClosed=true;\n     \t}\n     \telse\n     \t{\n     \t\tisClosed=false;\n     \t}\n     \t\n     }\n     *\/\n  }\n\n  else\n  {\n    Serial.println(\"Erreur de saisie !\");\n  }\n\n} \/\/ fin traitement\n\n\n\/\/\/\/\/\/\/\/\/\/\/\/\/\/\/\/\/\/\/\/\/\/\/\/\/\/\/\/\/\/\/\/\/\/\/\/\/\/\/\/\/\/\n\/\/ Fonction activer\n\/\/\/\/\/\/\/\/\/\/\/\/\/\/\/\/\/\/\/\/\/\/\/\/\/\/\/\/\/\/\/\/\/\/\/\/\/\/\/\/\/\/\n\nvoid activer(int moteur, int sens, int vitesse)\n\/\/ moteur : MOTEUR_A ou MOTEUR_B\n\/\/ sens : AVANT ou ARRIERE\n\/\/ vitesse : entre 0 et 255\n{\n\n  switch (moteur)\n  {\n  case MOTEUR_A :\n    if (sens==AVANT)\n    {\n      digitalWrite(M1, HIGH);       \n      analogWrite(E1, vitesse);\n    }\n    else\n    {\n      digitalWrite(M1, LOW);       \n      analogWrite(E1, vitesse);\n    }\n    break;\n\n  case MOTEUR_B :\n    if (sens==AVANT)\n    {\n      digitalWrite(M2, HIGH);       \n      analogWrite(E2, vitesse);\n    }\n    else\n    {\n      digitalWrite(M2, LOW);       \n      analogWrite(E2, vitesse);\n    }\n    break;\n  }\n}\n\n\n\n\/\/\/\/\/\/\/\/\/\/\/\/\/\/\/\/\/\/\/\/\/\/\/\/\/\/\/\/\/\/\/\/\/\/\/\/\/\/\/\/\/\/\n\/\/ Fonction arreter_tout\n\/\/\/\/\/\/\/\/\/\/\/\/\/\/\/\/\/\/\/\/\/\/\/\/\/\/\/\/\/\/\/\/\/\/\/\/\/\/\/\/\/\/\n\nvoid arreter_tout()\n{\n  analogWrite(E1, 0);\n  analogWrite(E2, 0);\n}\n\n\n\/\/\/\/\/\/\/\/\/\/\/\/\/\/\/\/\/\/\/\/\/\/\/\/\/\/\/\/\/\/\/\/\/\/\/\/\/\/\/\/\/\/\n\/\/ Fonction arreter\n\/\/\/\/\/\/\/\/\/\/\/\/\/\/\/\/\/\/\/\/\/\/\/\/\/\/\/\/\/\/\/\/\/\/\/\/\/\/\/\/\/\/\n\nvoid arreter(int moteur)\n{\n  switch (moteur)\n  {\n  case MOTEUR_A :\n    analogWrite(E1, 0);\n\n  case MOTEUR_B :\n    analogWrite(E2, 0);\n  }\n}\n\n\n<\/pre>\n","protected":false},"excerpt":{"rendered":"<p>Que fait cette application ? L&rsquo;application Android Sensoduino est un moyen tr\u00e8s simple pour utiliser les capteurs de votre Android dans votre projet. En effet, les t\u00e9l\u00e9phones ou les tablettes&hellip;<\/p>\n","protected":false},"author":1,"featured_media":0,"parent":2546,"menu_order":3,"comment_status":"closed","ping_status":"closed","template":"","meta":{"footnotes":""},"class_list":["post-277","page","type-page","status-publish","hentry"],"yoast_head":"<!-- This site is optimized with the Yoast SEO plugin v27.1.1 - https:\/\/yoast.com\/product\/yoast-seo-wordpress\/ -->\n<title>Arduino et l&#039;application Android Sensoduino - Maths &amp; Num\u00e9rique<\/title>\n<meta name=\"robots\" content=\"index, follow, max-snippet:-1, max-image-preview:large, max-video-preview:-1\" \/>\n<link rel=\"canonical\" href=\"https:\/\/wordpress.callac.online\/index.php\/numerique\/arduino\/la-communication-bluetooth\/arduino-et-lapplication-android-sensoduino\/\" \/>\n<meta property=\"og:locale\" content=\"fr_FR\" \/>\n<meta property=\"og:type\" content=\"article\" \/>\n<meta property=\"og:title\" content=\"Arduino et l&#039;application Android Sensoduino - Maths &amp; Num\u00e9rique\" \/>\n<meta property=\"og:description\" content=\"Que fait cette application ? L&rsquo;application Android Sensoduino est un moyen tr\u00e8s simple pour utiliser les capteurs de votre Android dans votre projet. En effet, les t\u00e9l\u00e9phones ou les tablettes&hellip;\" \/>\n<meta property=\"og:url\" content=\"https:\/\/wordpress.callac.online\/index.php\/numerique\/arduino\/la-communication-bluetooth\/arduino-et-lapplication-android-sensoduino\/\" \/>\n<meta property=\"og:site_name\" content=\"Maths &amp; Num\u00e9rique\" \/>\n<meta property=\"article:modified_time\" content=\"2022-01-05T21:41:57+00:00\" \/>\n<meta name=\"twitter:card\" content=\"summary_large_image\" \/>\n<meta name=\"twitter:label1\" content=\"Dur\u00e9e de lecture estim\u00e9e\" \/>\n\t<meta name=\"twitter:data1\" content=\"4 minutes\" \/>\n<script type=\"application\/ld+json\" class=\"yoast-schema-graph\">{\"@context\":\"https:\/\/schema.org\",\"@graph\":[{\"@type\":\"WebPage\",\"@id\":\"https:\/\/wordpress.callac.online\/index.php\/numerique\/arduino\/la-communication-bluetooth\/arduino-et-lapplication-android-sensoduino\/\",\"url\":\"https:\/\/wordpress.callac.online\/index.php\/numerique\/arduino\/la-communication-bluetooth\/arduino-et-lapplication-android-sensoduino\/\",\"name\":\"Arduino et l'application Android Sensoduino - Maths &amp; Num\u00e9rique\",\"isPartOf\":{\"@id\":\"https:\/\/wordpress.callac.online\/#website\"},\"datePublished\":\"2014-01-21T15:38:18+00:00\",\"dateModified\":\"2022-01-05T21:41:57+00:00\",\"breadcrumb\":{\"@id\":\"https:\/\/wordpress.callac.online\/index.php\/numerique\/arduino\/la-communication-bluetooth\/arduino-et-lapplication-android-sensoduino\/#breadcrumb\"},\"inLanguage\":\"fr-FR\",\"potentialAction\":[{\"@type\":\"ReadAction\",\"target\":[\"https:\/\/wordpress.callac.online\/index.php\/numerique\/arduino\/la-communication-bluetooth\/arduino-et-lapplication-android-sensoduino\/\"]}]},{\"@type\":\"BreadcrumbList\",\"@id\":\"https:\/\/wordpress.callac.online\/index.php\/numerique\/arduino\/la-communication-bluetooth\/arduino-et-lapplication-android-sensoduino\/#breadcrumb\",\"itemListElement\":[{\"@type\":\"ListItem\",\"position\":1,\"name\":\"Accueil\",\"item\":\"https:\/\/wordpress.callac.online\/\"},{\"@type\":\"ListItem\",\"position\":2,\"name\":\"Num\u00e9rique\",\"item\":\"https:\/\/wordpress.callac.online\/index.php\/numerique\/\"},{\"@type\":\"ListItem\",\"position\":3,\"name\":\"Arduino\",\"item\":\"https:\/\/wordpress.callac.online\/index.php\/numerique\/arduino\/\"},{\"@type\":\"ListItem\",\"position\":4,\"name\":\"La communication Bluetooth\",\"item\":\"https:\/\/wordpress.callac.online\/index.php\/numerique\/arduino\/la-communication-bluetooth\/\"},{\"@type\":\"ListItem\",\"position\":5,\"name\":\"Arduino et l&#8217;application Android Sensoduino\"}]},{\"@type\":\"WebSite\",\"@id\":\"https:\/\/wordpress.callac.online\/#website\",\"url\":\"https:\/\/wordpress.callac.online\/\",\"name\":\"Maths & Num\u00e9rique\",\"description\":\"Des outils pour les enseignants de math\u00e9matiques et de num\u00e9rique\",\"publisher\":{\"@id\":\"https:\/\/wordpress.callac.online\/#\/schema\/person\/04061f1ca2c2c42039142a704be95940\"},\"potentialAction\":[{\"@type\":\"SearchAction\",\"target\":{\"@type\":\"EntryPoint\",\"urlTemplate\":\"https:\/\/wordpress.callac.online\/?s={search_term_string}\"},\"query-input\":{\"@type\":\"PropertyValueSpecification\",\"valueRequired\":true,\"valueName\":\"search_term_string\"}}],\"inLanguage\":\"fr-FR\"},{\"@type\":[\"Person\",\"Organization\"],\"@id\":\"https:\/\/wordpress.callac.online\/#\/schema\/person\/04061f1ca2c2c42039142a704be95940\",\"name\":\"dlefur\",\"image\":{\"@type\":\"ImageObject\",\"inLanguage\":\"fr-FR\",\"@id\":\"https:\/\/wordpress.callac.online\/#\/schema\/person\/image\/\",\"url\":\"https:\/\/secure.gravatar.com\/avatar\/4a9e17be136808c6597f28aa2b6c13126dab066fdc2198ff60090972c9b7fafc?s=96&d=mm&r=g\",\"contentUrl\":\"https:\/\/secure.gravatar.com\/avatar\/4a9e17be136808c6597f28aa2b6c13126dab066fdc2198ff60090972c9b7fafc?s=96&d=mm&r=g\",\"caption\":\"dlefur\"},\"logo\":{\"@id\":\"https:\/\/wordpress.callac.online\/#\/schema\/person\/image\/\"},\"description\":\"Enseignant de math\u00e9matiques Lyc\u00e9e Pasteur S\u00e3o Paulo\",\"sameAs\":[\"http:\/\/wordpress.callac.online\"]}]}<\/script>\n<!-- \/ Yoast SEO plugin. -->","yoast_head_json":{"title":"Arduino et l'application Android Sensoduino - Maths &amp; Num\u00e9rique","robots":{"index":"index","follow":"follow","max-snippet":"max-snippet:-1","max-image-preview":"max-image-preview:large","max-video-preview":"max-video-preview:-1"},"canonical":"https:\/\/wordpress.callac.online\/index.php\/numerique\/arduino\/la-communication-bluetooth\/arduino-et-lapplication-android-sensoduino\/","og_locale":"fr_FR","og_type":"article","og_title":"Arduino et l'application Android Sensoduino - Maths &amp; Num\u00e9rique","og_description":"Que fait cette application ? L&rsquo;application Android Sensoduino est un moyen tr\u00e8s simple pour utiliser les capteurs de votre Android dans votre projet. En effet, les t\u00e9l\u00e9phones ou les tablettes&hellip;","og_url":"https:\/\/wordpress.callac.online\/index.php\/numerique\/arduino\/la-communication-bluetooth\/arduino-et-lapplication-android-sensoduino\/","og_site_name":"Maths &amp; Num\u00e9rique","article_modified_time":"2022-01-05T21:41:57+00:00","twitter_card":"summary_large_image","twitter_misc":{"Dur\u00e9e de lecture estim\u00e9e":"4 minutes"},"schema":{"@context":"https:\/\/schema.org","@graph":[{"@type":"WebPage","@id":"https:\/\/wordpress.callac.online\/index.php\/numerique\/arduino\/la-communication-bluetooth\/arduino-et-lapplication-android-sensoduino\/","url":"https:\/\/wordpress.callac.online\/index.php\/numerique\/arduino\/la-communication-bluetooth\/arduino-et-lapplication-android-sensoduino\/","name":"Arduino et l'application Android Sensoduino - Maths &amp; Num\u00e9rique","isPartOf":{"@id":"https:\/\/wordpress.callac.online\/#website"},"datePublished":"2014-01-21T15:38:18+00:00","dateModified":"2022-01-05T21:41:57+00:00","breadcrumb":{"@id":"https:\/\/wordpress.callac.online\/index.php\/numerique\/arduino\/la-communication-bluetooth\/arduino-et-lapplication-android-sensoduino\/#breadcrumb"},"inLanguage":"fr-FR","potentialAction":[{"@type":"ReadAction","target":["https:\/\/wordpress.callac.online\/index.php\/numerique\/arduino\/la-communication-bluetooth\/arduino-et-lapplication-android-sensoduino\/"]}]},{"@type":"BreadcrumbList","@id":"https:\/\/wordpress.callac.online\/index.php\/numerique\/arduino\/la-communication-bluetooth\/arduino-et-lapplication-android-sensoduino\/#breadcrumb","itemListElement":[{"@type":"ListItem","position":1,"name":"Accueil","item":"https:\/\/wordpress.callac.online\/"},{"@type":"ListItem","position":2,"name":"Num\u00e9rique","item":"https:\/\/wordpress.callac.online\/index.php\/numerique\/"},{"@type":"ListItem","position":3,"name":"Arduino","item":"https:\/\/wordpress.callac.online\/index.php\/numerique\/arduino\/"},{"@type":"ListItem","position":4,"name":"La communication Bluetooth","item":"https:\/\/wordpress.callac.online\/index.php\/numerique\/arduino\/la-communication-bluetooth\/"},{"@type":"ListItem","position":5,"name":"Arduino et l&#8217;application Android Sensoduino"}]},{"@type":"WebSite","@id":"https:\/\/wordpress.callac.online\/#website","url":"https:\/\/wordpress.callac.online\/","name":"Maths & Num\u00e9rique","description":"Des outils pour les enseignants de math\u00e9matiques et de num\u00e9rique","publisher":{"@id":"https:\/\/wordpress.callac.online\/#\/schema\/person\/04061f1ca2c2c42039142a704be95940"},"potentialAction":[{"@type":"SearchAction","target":{"@type":"EntryPoint","urlTemplate":"https:\/\/wordpress.callac.online\/?s={search_term_string}"},"query-input":{"@type":"PropertyValueSpecification","valueRequired":true,"valueName":"search_term_string"}}],"inLanguage":"fr-FR"},{"@type":["Person","Organization"],"@id":"https:\/\/wordpress.callac.online\/#\/schema\/person\/04061f1ca2c2c42039142a704be95940","name":"dlefur","image":{"@type":"ImageObject","inLanguage":"fr-FR","@id":"https:\/\/wordpress.callac.online\/#\/schema\/person\/image\/","url":"https:\/\/secure.gravatar.com\/avatar\/4a9e17be136808c6597f28aa2b6c13126dab066fdc2198ff60090972c9b7fafc?s=96&d=mm&r=g","contentUrl":"https:\/\/secure.gravatar.com\/avatar\/4a9e17be136808c6597f28aa2b6c13126dab066fdc2198ff60090972c9b7fafc?s=96&d=mm&r=g","caption":"dlefur"},"logo":{"@id":"https:\/\/wordpress.callac.online\/#\/schema\/person\/image\/"},"description":"Enseignant de math\u00e9matiques Lyc\u00e9e Pasteur S\u00e3o Paulo","sameAs":["http:\/\/wordpress.callac.online"]}]}},"_links":{"self":[{"href":"https:\/\/wordpress.callac.online\/index.php\/wp-json\/wp\/v2\/pages\/277","targetHints":{"allow":["GET"]}}],"collection":[{"href":"https:\/\/wordpress.callac.online\/index.php\/wp-json\/wp\/v2\/pages"}],"about":[{"href":"https:\/\/wordpress.callac.online\/index.php\/wp-json\/wp\/v2\/types\/page"}],"author":[{"embeddable":true,"href":"https:\/\/wordpress.callac.online\/index.php\/wp-json\/wp\/v2\/users\/1"}],"replies":[{"embeddable":true,"href":"https:\/\/wordpress.callac.online\/index.php\/wp-json\/wp\/v2\/comments?post=277"}],"version-history":[{"count":2,"href":"https:\/\/wordpress.callac.online\/index.php\/wp-json\/wp\/v2\/pages\/277\/revisions"}],"predecessor-version":[{"id":2865,"href":"https:\/\/wordpress.callac.online\/index.php\/wp-json\/wp\/v2\/pages\/277\/revisions\/2865"}],"up":[{"embeddable":true,"href":"https:\/\/wordpress.callac.online\/index.php\/wp-json\/wp\/v2\/pages\/2546"}],"wp:attachment":[{"href":"https:\/\/wordpress.callac.online\/index.php\/wp-json\/wp\/v2\/media?parent=277"}],"curies":[{"name":"wp","href":"https:\/\/api.w.org\/{rel}","templated":true}]}}