{"id":279,"date":"2014-02-04T22:28:12","date_gmt":"2014-02-04T21:28:12","guid":{"rendered":"http:\/\/wordpress.callac.online\/index.php\/un-projet-minimal-autour-du-bluetooth-avec-ai2\/"},"modified":"2022-01-05T22:41:57","modified_gmt":"2022-01-05T21:41:57","slug":"un-projet-minimal-autour-du-bluetooth-avec-ai2","status":"publish","type":"page","link":"https:\/\/wordpress.callac.online\/index.php\/numerique\/app-inventor-2\/un-projet-minimal-autour-du-bluetooth-avec-ai2\/","title":{"rendered":"Un projet minimal autour du Bluetooth avec AI2"},"content":{"rendered":"<h2>Que fait ce projet ?<\/h2>\n<p><img loading=\"lazy\" decoding=\"async\" class=\" aligncenter size-full wp-image-892\" src=\"http:\/\/wordpress.callac.online\/wp-content\/uploads\/2014\/02\/png_ecran-2.png\" alt=\"ecran-2.png\" width=\"353\" height=\"575\" align=\"center\" srcset=\"https:\/\/wordpress.callac.online\/wp-content\/uploads\/2014\/02\/png_ecran-2.png 353w, https:\/\/wordpress.callac.online\/wp-content\/uploads\/2014\/02\/png_ecran-2-184x300.png 184w\" sizes=\"auto, (max-width: 353px) 100vw, 353px\" \/><\/p>\n<p>En cliquant sur le bouton \u00ab\u00a0CONNECTER\u00a0\u00bb, l&rsquo;appareil liste l&rsquo;ensemble des appareils Bluetooth appari\u00e9s pr\u00e9c\u00e9demment (avant de lancer cette application).<\/p>\n<p>L&rsquo;utilisateur choisi le module voulu et l&rsquo;appareil se connecte.<\/p>\n<p>Une notification appara\u00eet et la partie basse de l&rsquo;\u00e9cran devient visible.<\/p>\n<p>On peut alors, soit envoyer un message, soit voir appara\u00eetre les messages re\u00e7us.<\/p>\n<h2>L&rsquo;application<\/h2>\n<p>Elle se trouve sur le <a href=\"http:\/\/ai2.appinventor.mit.edu\/?galleryId=5226554839269376\">site Appinventor<\/a>, dans la galerie, avec le nom \u00ab\u00a0BtModele\u00a0\u00bb, ou rentrant plus simplement \u00ab\u00a0dlefur\u00a0\u00bb.<\/p>\n","protected":false},"excerpt":{"rendered":"<p>Que fait ce projet ? En cliquant sur le bouton \u00ab\u00a0CONNECTER\u00a0\u00bb, l&rsquo;appareil liste l&rsquo;ensemble des appareils Bluetooth appari\u00e9s pr\u00e9c\u00e9demment (avant de lancer cette application). L&rsquo;utilisateur choisi le module voulu et&hellip;<\/p>\n","protected":false},"author":1,"featured_media":0,"parent":980,"menu_order":1,"comment_status":"closed","ping_status":"closed","template":"","meta":{"footnotes":""},"class_list":["post-279","page","type-page","status-publish","hentry"],"yoast_head":"<!-- This site is optimized with the Yoast SEO plugin v27.1.1 - https:\/\/yoast.com\/product\/yoast-seo-wordpress\/ -->\n<title>Un projet minimal autour du Bluetooth avec AI2 - Maths &amp; Num\u00e9rique<\/title>\n<meta name=\"robots\" content=\"index, follow, max-snippet:-1, max-image-preview:large, max-video-preview:-1\" \/>\n<link rel=\"canonical\" href=\"https:\/\/wordpress.callac.online\/index.php\/numerique\/app-inventor-2\/un-projet-minimal-autour-du-bluetooth-avec-ai2\/\" \/>\n<meta property=\"og:locale\" content=\"fr_FR\" \/>\n<meta property=\"og:type\" content=\"article\" \/>\n<meta property=\"og:title\" content=\"Un projet minimal autour du Bluetooth avec AI2 - Maths &amp; Num\u00e9rique\" \/>\n<meta property=\"og:description\" content=\"Que fait ce projet ? En cliquant sur le bouton \u00ab\u00a0CONNECTER\u00a0\u00bb, l&rsquo;appareil liste l&rsquo;ensemble des appareils Bluetooth appari\u00e9s pr\u00e9c\u00e9demment (avant de lancer cette application). L&rsquo;utilisateur choisi le module voulu et&hellip;\" \/>\n<meta property=\"og:url\" content=\"https:\/\/wordpress.callac.online\/index.php\/numerique\/app-inventor-2\/un-projet-minimal-autour-du-bluetooth-avec-ai2\/\" \/>\n<meta property=\"og:site_name\" content=\"Maths &amp; Num\u00e9rique\" \/>\n<meta property=\"article:modified_time\" content=\"2022-01-05T21:41:57+00:00\" \/>\n<meta property=\"og:image\" content=\"http:\/\/wordpress.callac.online\/wp-content\/uploads\/2014\/02\/png_ecran-2.png\" \/>\n<meta name=\"twitter:card\" content=\"summary_large_image\" \/>\n<script type=\"application\/ld+json\" class=\"yoast-schema-graph\">{\"@context\":\"https:\/\/schema.org\",\"@graph\":[{\"@type\":\"WebPage\",\"@id\":\"https:\/\/wordpress.callac.online\/index.php\/numerique\/app-inventor-2\/un-projet-minimal-autour-du-bluetooth-avec-ai2\/\",\"url\":\"https:\/\/wordpress.callac.online\/index.php\/numerique\/app-inventor-2\/un-projet-minimal-autour-du-bluetooth-avec-ai2\/\",\"name\":\"Un projet minimal autour du Bluetooth avec AI2 - Maths &amp; Num\u00e9rique\",\"isPartOf\":{\"@id\":\"https:\/\/wordpress.callac.online\/#website\"},\"primaryImageOfPage\":{\"@id\":\"https:\/\/wordpress.callac.online\/index.php\/numerique\/app-inventor-2\/un-projet-minimal-autour-du-bluetooth-avec-ai2\/#primaryimage\"},\"image\":{\"@id\":\"https:\/\/wordpress.callac.online\/index.php\/numerique\/app-inventor-2\/un-projet-minimal-autour-du-bluetooth-avec-ai2\/#primaryimage\"},\"thumbnailUrl\":\"http:\/\/wordpress.callac.online\/wp-content\/uploads\/2014\/02\/png_ecran-2.png\",\"datePublished\":\"2014-02-04T21:28:12+00:00\",\"dateModified\":\"2022-01-05T21:41:57+00:00\",\"breadcrumb\":{\"@id\":\"https:\/\/wordpress.callac.online\/index.php\/numerique\/app-inventor-2\/un-projet-minimal-autour-du-bluetooth-avec-ai2\/#breadcrumb\"},\"inLanguage\":\"fr-FR\",\"potentialAction\":[{\"@type\":\"ReadAction\",\"target\":[\"https:\/\/wordpress.callac.online\/index.php\/numerique\/app-inventor-2\/un-projet-minimal-autour-du-bluetooth-avec-ai2\/\"]}]},{\"@type\":\"ImageObject\",\"inLanguage\":\"fr-FR\",\"@id\":\"https:\/\/wordpress.callac.online\/index.php\/numerique\/app-inventor-2\/un-projet-minimal-autour-du-bluetooth-avec-ai2\/#primaryimage\",\"url\":\"https:\/\/wordpress.callac.online\/wp-content\/uploads\/2014\/02\/png_ecran-2.png\",\"contentUrl\":\"https:\/\/wordpress.callac.online\/wp-content\/uploads\/2014\/02\/png_ecran-2.png\",\"width\":353,\"height\":575,\"caption\":\"ecran-2.png\"},{\"@type\":\"BreadcrumbList\",\"@id\":\"https:\/\/wordpress.callac.online\/index.php\/numerique\/app-inventor-2\/un-projet-minimal-autour-du-bluetooth-avec-ai2\/#breadcrumb\",\"itemListElement\":[{\"@type\":\"ListItem\",\"position\":1,\"name\":\"Accueil\",\"item\":\"https:\/\/wordpress.callac.online\/\"},{\"@type\":\"ListItem\",\"position\":2,\"name\":\"Num\u00e9rique\",\"item\":\"https:\/\/wordpress.callac.online\/index.php\/numerique\/\"},{\"@type\":\"ListItem\",\"position\":3,\"name\":\"App Inventor 2\",\"item\":\"https:\/\/wordpress.callac.online\/index.php\/numerique\/app-inventor-2\/\"},{\"@type\":\"ListItem\",\"position\":4,\"name\":\"Un projet minimal autour du Bluetooth avec AI2\"}]},{\"@type\":\"WebSite\",\"@id\":\"https:\/\/wordpress.callac.online\/#website\",\"url\":\"https:\/\/wordpress.callac.online\/\",\"name\":\"Maths & Num\u00e9rique\",\"description\":\"Des outils pour les enseignants de math\u00e9matiques et de num\u00e9rique\",\"publisher\":{\"@id\":\"https:\/\/wordpress.callac.online\/#\/schema\/person\/04061f1ca2c2c42039142a704be95940\"},\"potentialAction\":[{\"@type\":\"SearchAction\",\"target\":{\"@type\":\"EntryPoint\",\"urlTemplate\":\"https:\/\/wordpress.callac.online\/?s={search_term_string}\"},\"query-input\":{\"@type\":\"PropertyValueSpecification\",\"valueRequired\":true,\"valueName\":\"search_term_string\"}}],\"inLanguage\":\"fr-FR\"},{\"@type\":[\"Person\",\"Organization\"],\"@id\":\"https:\/\/wordpress.callac.online\/#\/schema\/person\/04061f1ca2c2c42039142a704be95940\",\"name\":\"dlefur\",\"image\":{\"@type\":\"ImageObject\",\"inLanguage\":\"fr-FR\",\"@id\":\"https:\/\/wordpress.callac.online\/#\/schema\/person\/image\/\",\"url\":\"https:\/\/secure.gravatar.com\/avatar\/4a9e17be136808c6597f28aa2b6c13126dab066fdc2198ff60090972c9b7fafc?s=96&d=mm&r=g\",\"contentUrl\":\"https:\/\/secure.gravatar.com\/avatar\/4a9e17be136808c6597f28aa2b6c13126dab066fdc2198ff60090972c9b7fafc?s=96&d=mm&r=g\",\"caption\":\"dlefur\"},\"logo\":{\"@id\":\"https:\/\/wordpress.callac.online\/#\/schema\/person\/image\/\"},\"description\":\"Enseignant de math\u00e9matiques Lyc\u00e9e Pasteur S\u00e3o Paulo\",\"sameAs\":[\"http:\/\/wordpress.callac.online\"]}]}<\/script>\n<!-- \/ Yoast SEO plugin. -->","yoast_head_json":{"title":"Un projet minimal autour du Bluetooth avec AI2 - Maths &amp; Num\u00e9rique","robots":{"index":"index","follow":"follow","max-snippet":"max-snippet:-1","max-image-preview":"max-image-preview:large","max-video-preview":"max-video-preview:-1"},"canonical":"https:\/\/wordpress.callac.online\/index.php\/numerique\/app-inventor-2\/un-projet-minimal-autour-du-bluetooth-avec-ai2\/","og_locale":"fr_FR","og_type":"article","og_title":"Un projet minimal autour du Bluetooth avec AI2 - Maths &amp; Num\u00e9rique","og_description":"Que fait ce projet ? En cliquant sur le bouton \u00ab\u00a0CONNECTER\u00a0\u00bb, l&rsquo;appareil liste l&rsquo;ensemble des appareils Bluetooth appari\u00e9s pr\u00e9c\u00e9demment (avant de lancer cette application). L&rsquo;utilisateur choisi le module voulu et&hellip;","og_url":"https:\/\/wordpress.callac.online\/index.php\/numerique\/app-inventor-2\/un-projet-minimal-autour-du-bluetooth-avec-ai2\/","og_site_name":"Maths &amp; Num\u00e9rique","article_modified_time":"2022-01-05T21:41:57+00:00","og_image":[{"url":"http:\/\/wordpress.callac.online\/wp-content\/uploads\/2014\/02\/png_ecran-2.png","type":"","width":"","height":""}],"twitter_card":"summary_large_image","schema":{"@context":"https:\/\/schema.org","@graph":[{"@type":"WebPage","@id":"https:\/\/wordpress.callac.online\/index.php\/numerique\/app-inventor-2\/un-projet-minimal-autour-du-bluetooth-avec-ai2\/","url":"https:\/\/wordpress.callac.online\/index.php\/numerique\/app-inventor-2\/un-projet-minimal-autour-du-bluetooth-avec-ai2\/","name":"Un projet minimal autour du Bluetooth avec AI2 - Maths &amp; Num\u00e9rique","isPartOf":{"@id":"https:\/\/wordpress.callac.online\/#website"},"primaryImageOfPage":{"@id":"https:\/\/wordpress.callac.online\/index.php\/numerique\/app-inventor-2\/un-projet-minimal-autour-du-bluetooth-avec-ai2\/#primaryimage"},"image":{"@id":"https:\/\/wordpress.callac.online\/index.php\/numerique\/app-inventor-2\/un-projet-minimal-autour-du-bluetooth-avec-ai2\/#primaryimage"},"thumbnailUrl":"http:\/\/wordpress.callac.online\/wp-content\/uploads\/2014\/02\/png_ecran-2.png","datePublished":"2014-02-04T21:28:12+00:00","dateModified":"2022-01-05T21:41:57+00:00","breadcrumb":{"@id":"https:\/\/wordpress.callac.online\/index.php\/numerique\/app-inventor-2\/un-projet-minimal-autour-du-bluetooth-avec-ai2\/#breadcrumb"},"inLanguage":"fr-FR","potentialAction":[{"@type":"ReadAction","target":["https:\/\/wordpress.callac.online\/index.php\/numerique\/app-inventor-2\/un-projet-minimal-autour-du-bluetooth-avec-ai2\/"]}]},{"@type":"ImageObject","inLanguage":"fr-FR","@id":"https:\/\/wordpress.callac.online\/index.php\/numerique\/app-inventor-2\/un-projet-minimal-autour-du-bluetooth-avec-ai2\/#primaryimage","url":"https:\/\/wordpress.callac.online\/wp-content\/uploads\/2014\/02\/png_ecran-2.png","contentUrl":"https:\/\/wordpress.callac.online\/wp-content\/uploads\/2014\/02\/png_ecran-2.png","width":353,"height":575,"caption":"ecran-2.png"},{"@type":"BreadcrumbList","@id":"https:\/\/wordpress.callac.online\/index.php\/numerique\/app-inventor-2\/un-projet-minimal-autour-du-bluetooth-avec-ai2\/#breadcrumb","itemListElement":[{"@type":"ListItem","position":1,"name":"Accueil","item":"https:\/\/wordpress.callac.online\/"},{"@type":"ListItem","position":2,"name":"Num\u00e9rique","item":"https:\/\/wordpress.callac.online\/index.php\/numerique\/"},{"@type":"ListItem","position":3,"name":"App Inventor 2","item":"https:\/\/wordpress.callac.online\/index.php\/numerique\/app-inventor-2\/"},{"@type":"ListItem","position":4,"name":"Un projet minimal autour du Bluetooth avec AI2"}]},{"@type":"WebSite","@id":"https:\/\/wordpress.callac.online\/#website","url":"https:\/\/wordpress.callac.online\/","name":"Maths & Num\u00e9rique","description":"Des outils pour les enseignants de math\u00e9matiques et de num\u00e9rique","publisher":{"@id":"https:\/\/wordpress.callac.online\/#\/schema\/person\/04061f1ca2c2c42039142a704be95940"},"potentialAction":[{"@type":"SearchAction","target":{"@type":"EntryPoint","urlTemplate":"https:\/\/wordpress.callac.online\/?s={search_term_string}"},"query-input":{"@type":"PropertyValueSpecification","valueRequired":true,"valueName":"search_term_string"}}],"inLanguage":"fr-FR"},{"@type":["Person","Organization"],"@id":"https:\/\/wordpress.callac.online\/#\/schema\/person\/04061f1ca2c2c42039142a704be95940","name":"dlefur","image":{"@type":"ImageObject","inLanguage":"fr-FR","@id":"https:\/\/wordpress.callac.online\/#\/schema\/person\/image\/","url":"https:\/\/secure.gravatar.com\/avatar\/4a9e17be136808c6597f28aa2b6c13126dab066fdc2198ff60090972c9b7fafc?s=96&d=mm&r=g","contentUrl":"https:\/\/secure.gravatar.com\/avatar\/4a9e17be136808c6597f28aa2b6c13126dab066fdc2198ff60090972c9b7fafc?s=96&d=mm&r=g","caption":"dlefur"},"logo":{"@id":"https:\/\/wordpress.callac.online\/#\/schema\/person\/image\/"},"description":"Enseignant de math\u00e9matiques Lyc\u00e9e Pasteur S\u00e3o Paulo","sameAs":["http:\/\/wordpress.callac.online"]}]}},"_links":{"self":[{"href":"https:\/\/wordpress.callac.online\/index.php\/wp-json\/wp\/v2\/pages\/279","targetHints":{"allow":["GET"]}}],"collection":[{"href":"https:\/\/wordpress.callac.online\/index.php\/wp-json\/wp\/v2\/pages"}],"about":[{"href":"https:\/\/wordpress.callac.online\/index.php\/wp-json\/wp\/v2\/types\/page"}],"author":[{"embeddable":true,"href":"https:\/\/wordpress.callac.online\/index.php\/wp-json\/wp\/v2\/users\/1"}],"replies":[{"embeddable":true,"href":"https:\/\/wordpress.callac.online\/index.php\/wp-json\/wp\/v2\/comments?post=279"}],"version-history":[{"count":2,"href":"https:\/\/wordpress.callac.online\/index.php\/wp-json\/wp\/v2\/pages\/279\/revisions"}],"predecessor-version":[{"id":2826,"href":"https:\/\/wordpress.callac.online\/index.php\/wp-json\/wp\/v2\/pages\/279\/revisions\/2826"}],"up":[{"embeddable":true,"href":"https:\/\/wordpress.callac.online\/index.php\/wp-json\/wp\/v2\/pages\/980"}],"wp:attachment":[{"href":"https:\/\/wordpress.callac.online\/index.php\/wp-json\/wp\/v2\/media?parent=279"}],"curies":[{"name":"wp","href":"https:\/\/api.w.org\/{rel}","templated":true}]}}