{"id":289,"date":"2014-10-03T18:01:39","date_gmt":"2014-10-03T16:01:39","guid":{"rendered":"http:\/\/wordpress.callac.online\/index.php\/les-histogrammes-avec-r\/"},"modified":"2023-10-14T20:14:23","modified_gmt":"2023-10-14T18:14:23","slug":"les-histogrammes-avec-r","status":"publish","type":"page","link":"https:\/\/wordpress.callac.online\/index.php\/logiciels-mathematiques\/le-logiciel-r\/les-graphiques-avec-r\/les-histogrammes-avec-r\/","title":{"rendered":"Les histogrammes avec R"},"content":{"rendered":"<h2>Un fichier de donn\u00e9es<\/h2>\n<p>Travaillons sur une enqu\u00eate de satisfactions dans un h\u00f4pital, r\u00e9cup\u00e9r\u00e9 lors d&rsquo;un cours de FUN (France Unit\u00e9 Num\u00e9rique). Les fichiers sont disponibles <a href=\"https:\/\/filedn.com\/lpKG7uY9hIHVel5exA5Ik80\/Wordpress\/Logiciels%20math%C3%A9matiques\/R\/\">ici<\/a>.<\/p>\n<p>Par la suite, ces donn\u00e9es seront stock\u00e9es dans la variable <em>satis<\/em> .<\/p>\n<p>Dans ces donn\u00e9es comme souvent, les observations sont en lignes et les variables en colonnes.<\/p>\n<h2>Les couleurs<\/h2>\n<p>Pour ne pas rester sur le gris par d\u00e9faut, voici <a href=\"http:\/\/www.stat.columbia.edu\/~tzheng\/files\/Rcolor.pdf\">la liste des couleurs de R<\/a>.<\/p>\n<h2>Bien comprendre les intervalles<\/h2>\n<p>Avant d&rsquo;en venir aux histogrammes, pour bien comprendre les intervalles utilis\u00e9s, on peut utiliser la commande <em>cut<\/em> qui va associer \u00e0 chaque valeur un intervalle.<\/p>\n<p>Pour les \u00e2ges, voici quelques essais.<\/p>\n<pre class=\"EnlighterJSRAW\" data-enlighter-language=\"generic\">satis$age.cat &lt;- cut(satis$age, breaks=seq(10,100,10))\ntable(satis$age.cat)<\/pre>\n<p><code><br \/>\n(10,20]  (20,30]  (30,40]  (40,50]  (50,60]  (60,70]  (70,80]  (80,90] (90,100]<br \/>\n7       36       55       85       95      110       79       53        8<br \/>\n<\/code><\/p>\n<p>On remarque la forme par d\u00e9faut de tous les intervalles (ouvert-ferm\u00e9), m\u00eame le premier.<\/p>\n<p>On peut fermer le premier intervalle :<\/p>\n<pre class=\"EnlighterJSRAW\" data-enlighter-language=\"generic\">satis$age.cat &lt;- cut(satis$age, breaks=seq(10,100,10),include.lowest=TRUE) \ntable(satis$age.cat)<\/pre>\n<p><code><br \/>\n[10,20]  (20,30]  (30,40]  (40,50]  (50,60]  (60,70]  (70,80]  (80,90] (90,100]<br \/>\n7       36       55       85       95      110       79       53        8<br \/>\n<\/code><\/p>\n<p>Pour changer le sens des intervalles (ferm\u00e9-ouvert) :<\/p>\n<pre class=\"EnlighterJSRAW\" data-enlighter-language=\"generic\">satis$age.cat &lt;-cut(satis$age,breaks=seq(10,100,10),include.lowest=TRUE,right=FALSE)\ntable(satis$age.cat)<\/pre>\n<p><code><br \/>\n[10,20)  [20,30)  [30,40)  [40,50)  [50,60)  [60,70)  [70,80)  [80,90) [90,100]<br \/>\n5       31       50       86       91      113       84       57       11<br \/>\n<\/code><\/p>\n<p>Enfin, on peut donner la liste exhaustive des bornes des intervalles :<\/p>\n<pre class=\"EnlighterJSRAW\" data-enlighter-language=\"generic\">satis$age.cat &lt;- cut(satis$age, breaks=c(10,40,50,60,70,80,100),include.lowest=TRUE,right=FALSE) \ntable(satis$age.cat)<\/pre>\n<p><code><br \/>\n[10,40)  [40,50)  [50,60)  [60,70)  [70,80) [80,100]<br \/>\n86       86       91      113       84       68<br \/>\n<\/code><\/p>\n<h2>Des histogrammes par d\u00e9faut<\/h2>\n<p>Le plus simple :<\/p>\n<pre class=\"EnlighterJSRAW\" data-enlighter-language=\"generic\">hist(satis$age)<\/pre>\n<p><img loading=\"lazy\" decoding=\"async\" class=\" aligncenter size-full wp-image-899\" src=\"http:\/\/wordpress.callac.online\/wp-content\/uploads\/2014\/10\/png_histo_age_01.png\" alt=\"histo_age_01.png\" width=\"579\" height=\"360\" align=\"center\" srcset=\"https:\/\/wordpress.callac.online\/wp-content\/uploads\/2014\/10\/png_histo_age_01.png 579w, https:\/\/wordpress.callac.online\/wp-content\/uploads\/2014\/10\/png_histo_age_01-300x187.png 300w\" sizes=\"auto, (max-width: 579px) 100vw, 579px\" \/><\/p>\n<p>En modifiant les intervalles et en le nommant <em>histo<\/em> :<\/p>\n<pre class=\"EnlighterJSRAW\" data-enlighter-language=\"generic\">histo&lt;-hist(satis$age, breaks=c(10,40,50,60,70,80,100),include.lowest=TRUE,right=FALSE)<\/pre>\n<p><img loading=\"lazy\" decoding=\"async\" class=\" aligncenter size-full wp-image-900\" src=\"http:\/\/wordpress.callac.online\/wp-content\/uploads\/2014\/10\/png_histo_age_02.png\" alt=\"histo_age_02.png\" width=\"579\" height=\"360\" align=\"center\" srcset=\"https:\/\/wordpress.callac.online\/wp-content\/uploads\/2014\/10\/png_histo_age_02.png 579w, https:\/\/wordpress.callac.online\/wp-content\/uploads\/2014\/10\/png_histo_age_02-300x187.png 300w\" sizes=\"auto, (max-width: 579px) 100vw, 579px\" \/><\/p>\n<p>On peut maintenant acc\u00e9der aux limites de l&rsquo;intervalles et aux effectifs par intervalle :<\/p>\n<pre class=\"EnlighterJSRAW\" data-enlighter-language=\"generic\">histo$breaks<\/pre>\n<p><code><br \/>\n[1]  10  40  50  60  70  80 100<br \/>\n<\/code><\/p>\n<pre class=\"EnlighterJSRAW\" data-enlighter-language=\"generic\">histo$counts<\/pre>\n<p><code><br \/>\n[1]  86  86  91 113  84  68<br \/>\n<\/code><\/p>\n<h2>En utilisant les options<\/h2>\n<pre class=\"EnlighterJSRAW\" data-enlighter-language=\"generic\">hist(satis$age,col=\"brown\",main=\"R\u00e9partition des \u00e2ges\",xlab=\"\u00e2ges\",ylab=\"Effectifs\",las=1,xlim=c(10,100),ylim=c(0,120))<\/pre>\n<p><img loading=\"lazy\" decoding=\"async\" class=\" aligncenter size-full wp-image-901\" src=\"http:\/\/wordpress.callac.online\/wp-content\/uploads\/2014\/10\/png_histo_age_03.png\" alt=\"histo_age_03.png\" width=\"579\" height=\"360\" align=\"center\" srcset=\"https:\/\/wordpress.callac.online\/wp-content\/uploads\/2014\/10\/png_histo_age_03.png 579w, https:\/\/wordpress.callac.online\/wp-content\/uploads\/2014\/10\/png_histo_age_03-300x187.png 300w\" sizes=\"auto, (max-width: 579px) 100vw, 579px\" \/><\/p>\n","protected":false},"excerpt":{"rendered":"<p>Un fichier de donn\u00e9es Travaillons sur une enqu\u00eate de satisfactions dans un h\u00f4pital, r\u00e9cup\u00e9r\u00e9 lors d&rsquo;un cours de FUN (France Unit\u00e9 Num\u00e9rique). Les fichiers sont disponibles ici. Par la suite,&hellip;<\/p>\n","protected":false},"author":1,"featured_media":0,"parent":2078,"menu_order":3,"comment_status":"closed","ping_status":"closed","template":"","meta":{"footnotes":""},"class_list":["post-289","page","type-page","status-publish","hentry"],"yoast_head":"<!-- This site is optimized with the Yoast SEO plugin v27.5 - https:\/\/yoast.com\/product\/yoast-seo-wordpress\/ -->\n<title>Les histogrammes avec R - Maths &amp; Num\u00e9rique<\/title>\n<meta name=\"robots\" content=\"index, follow, max-snippet:-1, max-image-preview:large, max-video-preview:-1\" \/>\n<link rel=\"canonical\" href=\"https:\/\/wordpress.callac.online\/index.php\/logiciels-mathematiques\/le-logiciel-r\/les-graphiques-avec-r\/les-histogrammes-avec-r\/\" \/>\n<meta property=\"og:locale\" content=\"fr_FR\" \/>\n<meta property=\"og:type\" content=\"article\" \/>\n<meta property=\"og:title\" content=\"Les histogrammes avec R - Maths &amp; Num\u00e9rique\" \/>\n<meta property=\"og:description\" content=\"Un fichier de donn\u00e9es Travaillons sur une enqu\u00eate de satisfactions dans un h\u00f4pital, r\u00e9cup\u00e9r\u00e9 lors d&rsquo;un cours de FUN (France Unit\u00e9 Num\u00e9rique). Les fichiers sont disponibles ici. Par la suite,&hellip;\" \/>\n<meta property=\"og:url\" content=\"https:\/\/wordpress.callac.online\/index.php\/logiciels-mathematiques\/le-logiciel-r\/les-graphiques-avec-r\/les-histogrammes-avec-r\/\" \/>\n<meta property=\"og:site_name\" content=\"Maths &amp; Num\u00e9rique\" \/>\n<meta property=\"article:modified_time\" content=\"2023-10-14T18:14:23+00:00\" \/>\n<meta property=\"og:image\" content=\"http:\/\/wordpress.callac.online\/wp-content\/uploads\/2014\/10\/png_histo_age_01.png\" \/>\n<meta name=\"twitter:card\" content=\"summary_large_image\" \/>\n<meta name=\"twitter:label1\" content=\"Dur\u00e9e de lecture estim\u00e9e\" \/>\n\t<meta name=\"twitter:data1\" content=\"1 minute\" \/>\n<script type=\"application\/ld+json\" class=\"yoast-schema-graph\">{\"@context\":\"https:\\\/\\\/schema.org\",\"@graph\":[{\"@type\":\"WebPage\",\"@id\":\"https:\\\/\\\/wordpress.callac.online\\\/index.php\\\/logiciels-mathematiques\\\/le-logiciel-r\\\/les-graphiques-avec-r\\\/les-histogrammes-avec-r\\\/\",\"url\":\"https:\\\/\\\/wordpress.callac.online\\\/index.php\\\/logiciels-mathematiques\\\/le-logiciel-r\\\/les-graphiques-avec-r\\\/les-histogrammes-avec-r\\\/\",\"name\":\"Les histogrammes avec R - Maths &amp; Num\u00e9rique\",\"isPartOf\":{\"@id\":\"https:\\\/\\\/wordpress.callac.online\\\/#website\"},\"primaryImageOfPage\":{\"@id\":\"https:\\\/\\\/wordpress.callac.online\\\/index.php\\\/logiciels-mathematiques\\\/le-logiciel-r\\\/les-graphiques-avec-r\\\/les-histogrammes-avec-r\\\/#primaryimage\"},\"image\":{\"@id\":\"https:\\\/\\\/wordpress.callac.online\\\/index.php\\\/logiciels-mathematiques\\\/le-logiciel-r\\\/les-graphiques-avec-r\\\/les-histogrammes-avec-r\\\/#primaryimage\"},\"thumbnailUrl\":\"http:\\\/\\\/wordpress.callac.online\\\/wp-content\\\/uploads\\\/2014\\\/10\\\/png_histo_age_01.png\",\"datePublished\":\"2014-10-03T16:01:39+00:00\",\"dateModified\":\"2023-10-14T18:14:23+00:00\",\"breadcrumb\":{\"@id\":\"https:\\\/\\\/wordpress.callac.online\\\/index.php\\\/logiciels-mathematiques\\\/le-logiciel-r\\\/les-graphiques-avec-r\\\/les-histogrammes-avec-r\\\/#breadcrumb\"},\"inLanguage\":\"fr-FR\",\"potentialAction\":[{\"@type\":\"ReadAction\",\"target\":[\"https:\\\/\\\/wordpress.callac.online\\\/index.php\\\/logiciels-mathematiques\\\/le-logiciel-r\\\/les-graphiques-avec-r\\\/les-histogrammes-avec-r\\\/\"]}]},{\"@type\":\"ImageObject\",\"inLanguage\":\"fr-FR\",\"@id\":\"https:\\\/\\\/wordpress.callac.online\\\/index.php\\\/logiciels-mathematiques\\\/le-logiciel-r\\\/les-graphiques-avec-r\\\/les-histogrammes-avec-r\\\/#primaryimage\",\"url\":\"https:\\\/\\\/wordpress.callac.online\\\/wp-content\\\/uploads\\\/2014\\\/10\\\/png_histo_age_01.png\",\"contentUrl\":\"https:\\\/\\\/wordpress.callac.online\\\/wp-content\\\/uploads\\\/2014\\\/10\\\/png_histo_age_01.png\",\"width\":579,\"height\":360,\"caption\":\"histo_age_01.png\"},{\"@type\":\"BreadcrumbList\",\"@id\":\"https:\\\/\\\/wordpress.callac.online\\\/index.php\\\/logiciels-mathematiques\\\/le-logiciel-r\\\/les-graphiques-avec-r\\\/les-histogrammes-avec-r\\\/#breadcrumb\",\"itemListElement\":[{\"@type\":\"ListItem\",\"position\":1,\"name\":\"Accueil\",\"item\":\"https:\\\/\\\/wordpress.callac.online\\\/\"},{\"@type\":\"ListItem\",\"position\":2,\"name\":\"Logiciels math\u00e9matiques\",\"item\":\"https:\\\/\\\/wordpress.callac.online\\\/index.php\\\/logiciels-mathematiques\\\/\"},{\"@type\":\"ListItem\",\"position\":3,\"name\":\"Le logiciel R\",\"item\":\"https:\\\/\\\/wordpress.callac.online\\\/index.php\\\/logiciels-mathematiques\\\/le-logiciel-r\\\/\"},{\"@type\":\"ListItem\",\"position\":4,\"name\":\"Les graphiques avec R\",\"item\":\"https:\\\/\\\/wordpress.callac.online\\\/index.php\\\/logiciels-mathematiques\\\/le-logiciel-r\\\/les-graphiques-avec-r\\\/\"},{\"@type\":\"ListItem\",\"position\":5,\"name\":\"Les histogrammes avec R\"}]},{\"@type\":\"WebSite\",\"@id\":\"https:\\\/\\\/wordpress.callac.online\\\/#website\",\"url\":\"https:\\\/\\\/wordpress.callac.online\\\/\",\"name\":\"Maths & Num\u00e9rique\",\"description\":\"Des outils pour les enseignants de math\u00e9matiques et de num\u00e9rique\",\"publisher\":{\"@id\":\"https:\\\/\\\/wordpress.callac.online\\\/#\\\/schema\\\/person\\\/04061f1ca2c2c42039142a704be95940\"},\"potentialAction\":[{\"@type\":\"SearchAction\",\"target\":{\"@type\":\"EntryPoint\",\"urlTemplate\":\"https:\\\/\\\/wordpress.callac.online\\\/?s={search_term_string}\"},\"query-input\":{\"@type\":\"PropertyValueSpecification\",\"valueRequired\":true,\"valueName\":\"search_term_string\"}}],\"inLanguage\":\"fr-FR\"},{\"@type\":[\"Person\",\"Organization\"],\"@id\":\"https:\\\/\\\/wordpress.callac.online\\\/#\\\/schema\\\/person\\\/04061f1ca2c2c42039142a704be95940\",\"name\":\"dlefur\",\"image\":{\"@type\":\"ImageObject\",\"inLanguage\":\"fr-FR\",\"@id\":\"https:\\\/\\\/secure.gravatar.com\\\/avatar\\\/4a9e17be136808c6597f28aa2b6c13126dab066fdc2198ff60090972c9b7fafc?s=96&d=mm&r=g\",\"url\":\"https:\\\/\\\/secure.gravatar.com\\\/avatar\\\/4a9e17be136808c6597f28aa2b6c13126dab066fdc2198ff60090972c9b7fafc?s=96&d=mm&r=g\",\"contentUrl\":\"https:\\\/\\\/secure.gravatar.com\\\/avatar\\\/4a9e17be136808c6597f28aa2b6c13126dab066fdc2198ff60090972c9b7fafc?s=96&d=mm&r=g\",\"caption\":\"dlefur\"},\"logo\":{\"@id\":\"https:\\\/\\\/secure.gravatar.com\\\/avatar\\\/4a9e17be136808c6597f28aa2b6c13126dab066fdc2198ff60090972c9b7fafc?s=96&d=mm&r=g\"},\"description\":\"Enseignant de math\u00e9matiques Lyc\u00e9e Pasteur S\u00e3o Paulo\",\"sameAs\":[\"http:\\\/\\\/wordpress.callac.online\"]}]}<\/script>\n<!-- \/ Yoast SEO plugin. -->","yoast_head_json":{"title":"Les histogrammes avec R - Maths &amp; Num\u00e9rique","robots":{"index":"index","follow":"follow","max-snippet":"max-snippet:-1","max-image-preview":"max-image-preview:large","max-video-preview":"max-video-preview:-1"},"canonical":"https:\/\/wordpress.callac.online\/index.php\/logiciels-mathematiques\/le-logiciel-r\/les-graphiques-avec-r\/les-histogrammes-avec-r\/","og_locale":"fr_FR","og_type":"article","og_title":"Les histogrammes avec R - Maths &amp; Num\u00e9rique","og_description":"Un fichier de donn\u00e9es Travaillons sur une enqu\u00eate de satisfactions dans un h\u00f4pital, r\u00e9cup\u00e9r\u00e9 lors d&rsquo;un cours de FUN (France Unit\u00e9 Num\u00e9rique). Les fichiers sont disponibles ici. Par la suite,&hellip;","og_url":"https:\/\/wordpress.callac.online\/index.php\/logiciels-mathematiques\/le-logiciel-r\/les-graphiques-avec-r\/les-histogrammes-avec-r\/","og_site_name":"Maths &amp; Num\u00e9rique","article_modified_time":"2023-10-14T18:14:23+00:00","og_image":[{"url":"http:\/\/wordpress.callac.online\/wp-content\/uploads\/2014\/10\/png_histo_age_01.png","type":"","width":"","height":""}],"twitter_card":"summary_large_image","twitter_misc":{"Dur\u00e9e de lecture estim\u00e9e":"1 minute"},"schema":{"@context":"https:\/\/schema.org","@graph":[{"@type":"WebPage","@id":"https:\/\/wordpress.callac.online\/index.php\/logiciels-mathematiques\/le-logiciel-r\/les-graphiques-avec-r\/les-histogrammes-avec-r\/","url":"https:\/\/wordpress.callac.online\/index.php\/logiciels-mathematiques\/le-logiciel-r\/les-graphiques-avec-r\/les-histogrammes-avec-r\/","name":"Les histogrammes avec R - Maths &amp; Num\u00e9rique","isPartOf":{"@id":"https:\/\/wordpress.callac.online\/#website"},"primaryImageOfPage":{"@id":"https:\/\/wordpress.callac.online\/index.php\/logiciels-mathematiques\/le-logiciel-r\/les-graphiques-avec-r\/les-histogrammes-avec-r\/#primaryimage"},"image":{"@id":"https:\/\/wordpress.callac.online\/index.php\/logiciels-mathematiques\/le-logiciel-r\/les-graphiques-avec-r\/les-histogrammes-avec-r\/#primaryimage"},"thumbnailUrl":"http:\/\/wordpress.callac.online\/wp-content\/uploads\/2014\/10\/png_histo_age_01.png","datePublished":"2014-10-03T16:01:39+00:00","dateModified":"2023-10-14T18:14:23+00:00","breadcrumb":{"@id":"https:\/\/wordpress.callac.online\/index.php\/logiciels-mathematiques\/le-logiciel-r\/les-graphiques-avec-r\/les-histogrammes-avec-r\/#breadcrumb"},"inLanguage":"fr-FR","potentialAction":[{"@type":"ReadAction","target":["https:\/\/wordpress.callac.online\/index.php\/logiciels-mathematiques\/le-logiciel-r\/les-graphiques-avec-r\/les-histogrammes-avec-r\/"]}]},{"@type":"ImageObject","inLanguage":"fr-FR","@id":"https:\/\/wordpress.callac.online\/index.php\/logiciels-mathematiques\/le-logiciel-r\/les-graphiques-avec-r\/les-histogrammes-avec-r\/#primaryimage","url":"https:\/\/wordpress.callac.online\/wp-content\/uploads\/2014\/10\/png_histo_age_01.png","contentUrl":"https:\/\/wordpress.callac.online\/wp-content\/uploads\/2014\/10\/png_histo_age_01.png","width":579,"height":360,"caption":"histo_age_01.png"},{"@type":"BreadcrumbList","@id":"https:\/\/wordpress.callac.online\/index.php\/logiciels-mathematiques\/le-logiciel-r\/les-graphiques-avec-r\/les-histogrammes-avec-r\/#breadcrumb","itemListElement":[{"@type":"ListItem","position":1,"name":"Accueil","item":"https:\/\/wordpress.callac.online\/"},{"@type":"ListItem","position":2,"name":"Logiciels math\u00e9matiques","item":"https:\/\/wordpress.callac.online\/index.php\/logiciels-mathematiques\/"},{"@type":"ListItem","position":3,"name":"Le logiciel R","item":"https:\/\/wordpress.callac.online\/index.php\/logiciels-mathematiques\/le-logiciel-r\/"},{"@type":"ListItem","position":4,"name":"Les graphiques avec R","item":"https:\/\/wordpress.callac.online\/index.php\/logiciels-mathematiques\/le-logiciel-r\/les-graphiques-avec-r\/"},{"@type":"ListItem","position":5,"name":"Les histogrammes avec R"}]},{"@type":"WebSite","@id":"https:\/\/wordpress.callac.online\/#website","url":"https:\/\/wordpress.callac.online\/","name":"Maths & Num\u00e9rique","description":"Des outils pour les enseignants de math\u00e9matiques et de num\u00e9rique","publisher":{"@id":"https:\/\/wordpress.callac.online\/#\/schema\/person\/04061f1ca2c2c42039142a704be95940"},"potentialAction":[{"@type":"SearchAction","target":{"@type":"EntryPoint","urlTemplate":"https:\/\/wordpress.callac.online\/?s={search_term_string}"},"query-input":{"@type":"PropertyValueSpecification","valueRequired":true,"valueName":"search_term_string"}}],"inLanguage":"fr-FR"},{"@type":["Person","Organization"],"@id":"https:\/\/wordpress.callac.online\/#\/schema\/person\/04061f1ca2c2c42039142a704be95940","name":"dlefur","image":{"@type":"ImageObject","inLanguage":"fr-FR","@id":"https:\/\/secure.gravatar.com\/avatar\/4a9e17be136808c6597f28aa2b6c13126dab066fdc2198ff60090972c9b7fafc?s=96&d=mm&r=g","url":"https:\/\/secure.gravatar.com\/avatar\/4a9e17be136808c6597f28aa2b6c13126dab066fdc2198ff60090972c9b7fafc?s=96&d=mm&r=g","contentUrl":"https:\/\/secure.gravatar.com\/avatar\/4a9e17be136808c6597f28aa2b6c13126dab066fdc2198ff60090972c9b7fafc?s=96&d=mm&r=g","caption":"dlefur"},"logo":{"@id":"https:\/\/secure.gravatar.com\/avatar\/4a9e17be136808c6597f28aa2b6c13126dab066fdc2198ff60090972c9b7fafc?s=96&d=mm&r=g"},"description":"Enseignant de math\u00e9matiques Lyc\u00e9e Pasteur S\u00e3o Paulo","sameAs":["http:\/\/wordpress.callac.online"]}]}},"_links":{"self":[{"href":"https:\/\/wordpress.callac.online\/index.php\/wp-json\/wp\/v2\/pages\/289","targetHints":{"allow":["GET"]}}],"collection":[{"href":"https:\/\/wordpress.callac.online\/index.php\/wp-json\/wp\/v2\/pages"}],"about":[{"href":"https:\/\/wordpress.callac.online\/index.php\/wp-json\/wp\/v2\/types\/page"}],"author":[{"embeddable":true,"href":"https:\/\/wordpress.callac.online\/index.php\/wp-json\/wp\/v2\/users\/1"}],"replies":[{"embeddable":true,"href":"https:\/\/wordpress.callac.online\/index.php\/wp-json\/wp\/v2\/comments?post=289"}],"version-history":[{"count":5,"href":"https:\/\/wordpress.callac.online\/index.php\/wp-json\/wp\/v2\/pages\/289\/revisions"}],"predecessor-version":[{"id":2381,"href":"https:\/\/wordpress.callac.online\/index.php\/wp-json\/wp\/v2\/pages\/289\/revisions\/2381"}],"up":[{"embeddable":true,"href":"https:\/\/wordpress.callac.online\/index.php\/wp-json\/wp\/v2\/pages\/2078"}],"wp:attachment":[{"href":"https:\/\/wordpress.callac.online\/index.php\/wp-json\/wp\/v2\/media?parent=289"}],"curies":[{"name":"wp","href":"https:\/\/api.w.org\/{rel}","templated":true}]}}