{"id":3052,"date":"2021-11-02T10:32:17","date_gmt":"2021-11-02T09:32:17","guid":{"rendered":"https:\/\/wordpress.callac.online\/index.php\/python\/arduino-en-python-le-module-pymata4\/installation\/"},"modified":"2022-01-05T22:41:55","modified_gmt":"2022-01-05T21:41:55","slug":"installation","status":"publish","type":"page","link":"https:\/\/wordpress.callac.online\/index.php\/python\/arduino-en-python-le-module-pymata4\/installation\/","title":{"rendered":"Installation"},"content":{"rendered":"\n<figure class=\"wp-block-embed is-type-video is-provider-youtube wp-block-embed-youtube wp-embed-aspect-16-9 wp-has-aspect-ratio\"><div class=\"wp-block-embed__wrapper\">\n<iframe loading=\"lazy\" title=\"Arduino et Python au lyc\u00e9e avec Pymata4 : partie 02\" width=\"900\" height=\"506\" src=\"https:\/\/www.youtube.com\/embed\/WUY0NXJAmbQ?feature=oembed\" frameborder=\"0\" allow=\"accelerometer; autoplay; clipboard-write; encrypted-media; gyroscope; picture-in-picture\" allowfullscreen><\/iframe>\n<\/div><\/figure>\n\n\n\n<h2 class=\"wp-block-heading\">Installation du module Pymata4<\/h2>\n\n\n\n<p>Avec Thonny : <\/p>\n\n\n\n<p><strong>Outils &#8211;&gt; G\u00e9rer les paquets &#8211;&gt; Pymata4 &#8211;&gt; Installer<\/strong><\/p>\n\n\n\n<p>Sinon, ce module s&rsquo;installe avec pip.<\/p>\n\n\n\n<p>Sous Linux :<\/p>\n\n\n\n<pre class=\"wp-block-code\"><code>pip3 install pymata4<\/code><\/pre>\n\n\n\n<p>Sous Windows :<\/p>\n\n\n\n<pre class=\"wp-block-code\"><code>pip install pymata4<\/code><\/pre>\n\n\n\n<h2 class=\"wp-block-heading\">Ajout des biblioth\u00e8ques FirmataExpress et Ultrason<\/h2>\n\n\n\n<p>Vous avez besoin pour la premi\u00e8re et la derni\u00e8re fois d&rsquo;un logiciel Arduino. Vous pouvez l&rsquo;installer ou utiliser la version en ligne  : <a href=\"https:\/\/create.arduino.cc\/editor\/\" target=\"_blank\" rel=\"noreferrer noopener\">https:\/\/create.arduino.cc\/editor\/<\/a> . J&rsquo;expliquerais ici la d\u00e9marche depuis cet \u00e9diteur en ligne.<\/p>\n\n\n\n<p>Je vous recommande de suivre <a href=\"https:\/\/create.arduino.cc\/projecthub\/Arduino_Genuino\/getting-started-with-arduino-web-editor-on-various-platforms-4b3e4a\">ce guide<\/a> pour apprendre notamment \u00e0 connecter votre plaque.<\/p>\n\n\n\n<ul class=\"wp-block-list\"><li>Ouvrir le \u00ab\u00a0Libraries &#8211;&gt; Library manager\u00a0\u00bb<\/li><li>Ajouter \u00e0 vos favoris les deux biblioth\u00e8ques suivantes :<\/li><\/ul>\n\n\n\n<figure class=\"wp-block-image size-full\"><img loading=\"lazy\" decoding=\"async\" width=\"414\" height=\"241\" src=\"https:\/\/wordpress.callac.online\/wp-content\/uploads\/2021\/11\/Pymata4.png\" alt=\"\" class=\"wp-image-3060\" srcset=\"https:\/\/wordpress.callac.online\/wp-content\/uploads\/2021\/11\/Pymata4.png 414w, https:\/\/wordpress.callac.online\/wp-content\/uploads\/2021\/11\/Pymata4-300x175.png 300w\" sizes=\"auto, (max-width: 414px) 100vw, 414px\" \/><figcaption>FirmaExpress et Ultrasonic<\/figcaption><\/figure>\n\n\n\n<ul class=\"wp-block-list\"><li>Aller dans \u00ab\u00a0Favorites\u00a0\u00bb<\/li><li>Cliquer sur les deux boutons \u00ab\u00a0Include\u00a0\u00bb pour rajouter les deux biblioth\u00e8ques<\/li><\/ul>\n\n\n\n<h2 class=\"wp-block-heading\">Installation du programme FirmataExpress sur la plaque<\/h2>\n\n\n\n<ul class=\"wp-block-list\"><li>Connecter votre plaque<\/li><li>Ouvrir le fichier : \u00ab\u00a0Examples &#8211;&gt; From libraries &#8211;&gt; FIRMATAEXPRESS&#8211;&gt; FirmataExpress\u00a0\u00bb<\/li><li>Installer ce fichier sur la plaque.<\/li><li>Votre installation est termin\u00e9e !<\/li><\/ul>\n\n\n\n<hr class=\"wp-block-separator\"\/>\n\n\n\n<p class=\"has-text-align-center\"><a href=\"https:\/\/wordpress.callac.online\/index.php\/python\/arduino-en-python-le-module-pymata4\/\">Retour \u00e0 la rubrique<\/a><\/p>\n","protected":false},"excerpt":{"rendered":"<p>Installation du module Pymata4 Avec Thonny : Outils &#8211;&gt; G\u00e9rer les paquets &#8211;&gt; Pymata4 &#8211;&gt; Installer Sinon, ce module s&rsquo;installe avec pip. Sous Linux : Sous Windows : Ajout des&hellip;<\/p>\n","protected":false},"author":1,"featured_media":0,"parent":3046,"menu_order":1,"comment_status":"closed","ping_status":"closed","template":"","meta":{"footnotes":""},"class_list":["post-3052","page","type-page","status-publish","hentry"],"yoast_head":"<!-- This site is optimized with the Yoast SEO plugin v27.1.1 - https:\/\/yoast.com\/product\/yoast-seo-wordpress\/ -->\n<title>Installation - Maths &amp; Num\u00e9rique<\/title>\n<meta name=\"robots\" content=\"index, follow, max-snippet:-1, max-image-preview:large, max-video-preview:-1\" \/>\n<link rel=\"canonical\" href=\"https:\/\/wordpress.callac.online\/index.php\/python\/arduino-en-python-le-module-pymata4\/installation\/\" \/>\n<meta property=\"og:locale\" content=\"fr_FR\" \/>\n<meta property=\"og:type\" content=\"article\" \/>\n<meta property=\"og:title\" content=\"Installation - Maths &amp; Num\u00e9rique\" \/>\n<meta property=\"og:description\" content=\"Installation du module Pymata4 Avec Thonny : Outils &#8211;&gt; G\u00e9rer les paquets &#8211;&gt; Pymata4 &#8211;&gt; Installer Sinon, ce module s&rsquo;installe avec pip. Sous Linux : Sous Windows : Ajout des&hellip;\" \/>\n<meta property=\"og:url\" content=\"https:\/\/wordpress.callac.online\/index.php\/python\/arduino-en-python-le-module-pymata4\/installation\/\" \/>\n<meta property=\"og:site_name\" content=\"Maths &amp; Num\u00e9rique\" \/>\n<meta property=\"article:modified_time\" content=\"2022-01-05T21:41:55+00:00\" \/>\n<meta property=\"og:image\" content=\"https:\/\/wordpress.callac.online\/wp-content\/uploads\/2021\/11\/Pymata4.png\" \/>\n<meta name=\"twitter:card\" content=\"summary_large_image\" \/>\n<meta name=\"twitter:label1\" content=\"Dur\u00e9e de lecture estim\u00e9e\" \/>\n\t<meta name=\"twitter:data1\" content=\"1 minute\" \/>\n<script type=\"application\/ld+json\" class=\"yoast-schema-graph\">{\"@context\":\"https:\/\/schema.org\",\"@graph\":[{\"@type\":\"WebPage\",\"@id\":\"https:\/\/wordpress.callac.online\/index.php\/python\/arduino-en-python-le-module-pymata4\/installation\/\",\"url\":\"https:\/\/wordpress.callac.online\/index.php\/python\/arduino-en-python-le-module-pymata4\/installation\/\",\"name\":\"Installation - Maths &amp; Num\u00e9rique\",\"isPartOf\":{\"@id\":\"https:\/\/wordpress.callac.online\/#website\"},\"primaryImageOfPage\":{\"@id\":\"https:\/\/wordpress.callac.online\/index.php\/python\/arduino-en-python-le-module-pymata4\/installation\/#primaryimage\"},\"image\":{\"@id\":\"https:\/\/wordpress.callac.online\/index.php\/python\/arduino-en-python-le-module-pymata4\/installation\/#primaryimage\"},\"thumbnailUrl\":\"https:\/\/wordpress.callac.online\/wp-content\/uploads\/2021\/11\/Pymata4.png\",\"datePublished\":\"2021-11-02T09:32:17+00:00\",\"dateModified\":\"2022-01-05T21:41:55+00:00\",\"breadcrumb\":{\"@id\":\"https:\/\/wordpress.callac.online\/index.php\/python\/arduino-en-python-le-module-pymata4\/installation\/#breadcrumb\"},\"inLanguage\":\"fr-FR\",\"potentialAction\":[{\"@type\":\"ReadAction\",\"target\":[\"https:\/\/wordpress.callac.online\/index.php\/python\/arduino-en-python-le-module-pymata4\/installation\/\"]}]},{\"@type\":\"ImageObject\",\"inLanguage\":\"fr-FR\",\"@id\":\"https:\/\/wordpress.callac.online\/index.php\/python\/arduino-en-python-le-module-pymata4\/installation\/#primaryimage\",\"url\":\"https:\/\/wordpress.callac.online\/wp-content\/uploads\/2021\/11\/Pymata4.png\",\"contentUrl\":\"https:\/\/wordpress.callac.online\/wp-content\/uploads\/2021\/11\/Pymata4.png\",\"width\":414,\"height\":241},{\"@type\":\"BreadcrumbList\",\"@id\":\"https:\/\/wordpress.callac.online\/index.php\/python\/arduino-en-python-le-module-pymata4\/installation\/#breadcrumb\",\"itemListElement\":[{\"@type\":\"ListItem\",\"position\":1,\"name\":\"Accueil\",\"item\":\"https:\/\/wordpress.callac.online\/\"},{\"@type\":\"ListItem\",\"position\":2,\"name\":\"Python\",\"item\":\"https:\/\/wordpress.callac.online\/index.php\/python\/\"},{\"@type\":\"ListItem\",\"position\":3,\"name\":\"Arduino en Python : le module Pymata4\",\"item\":\"https:\/\/wordpress.callac.online\/index.php\/python\/arduino-en-python-le-module-pymata4\/\"},{\"@type\":\"ListItem\",\"position\":4,\"name\":\"Installation\"}]},{\"@type\":\"WebSite\",\"@id\":\"https:\/\/wordpress.callac.online\/#website\",\"url\":\"https:\/\/wordpress.callac.online\/\",\"name\":\"Maths & Num\u00e9rique\",\"description\":\"Des outils pour les enseignants de math\u00e9matiques et de num\u00e9rique\",\"publisher\":{\"@id\":\"https:\/\/wordpress.callac.online\/#\/schema\/person\/04061f1ca2c2c42039142a704be95940\"},\"potentialAction\":[{\"@type\":\"SearchAction\",\"target\":{\"@type\":\"EntryPoint\",\"urlTemplate\":\"https:\/\/wordpress.callac.online\/?s={search_term_string}\"},\"query-input\":{\"@type\":\"PropertyValueSpecification\",\"valueRequired\":true,\"valueName\":\"search_term_string\"}}],\"inLanguage\":\"fr-FR\"},{\"@type\":[\"Person\",\"Organization\"],\"@id\":\"https:\/\/wordpress.callac.online\/#\/schema\/person\/04061f1ca2c2c42039142a704be95940\",\"name\":\"dlefur\",\"image\":{\"@type\":\"ImageObject\",\"inLanguage\":\"fr-FR\",\"@id\":\"https:\/\/wordpress.callac.online\/#\/schema\/person\/image\/\",\"url\":\"https:\/\/secure.gravatar.com\/avatar\/4a9e17be136808c6597f28aa2b6c13126dab066fdc2198ff60090972c9b7fafc?s=96&d=mm&r=g\",\"contentUrl\":\"https:\/\/secure.gravatar.com\/avatar\/4a9e17be136808c6597f28aa2b6c13126dab066fdc2198ff60090972c9b7fafc?s=96&d=mm&r=g\",\"caption\":\"dlefur\"},\"logo\":{\"@id\":\"https:\/\/wordpress.callac.online\/#\/schema\/person\/image\/\"},\"description\":\"Enseignant de math\u00e9matiques Lyc\u00e9e Pasteur S\u00e3o Paulo\",\"sameAs\":[\"http:\/\/wordpress.callac.online\"]}]}<\/script>\n<!-- \/ Yoast SEO plugin. -->","yoast_head_json":{"title":"Installation - Maths &amp; Num\u00e9rique","robots":{"index":"index","follow":"follow","max-snippet":"max-snippet:-1","max-image-preview":"max-image-preview:large","max-video-preview":"max-video-preview:-1"},"canonical":"https:\/\/wordpress.callac.online\/index.php\/python\/arduino-en-python-le-module-pymata4\/installation\/","og_locale":"fr_FR","og_type":"article","og_title":"Installation - Maths &amp; Num\u00e9rique","og_description":"Installation du module Pymata4 Avec Thonny : Outils &#8211;&gt; G\u00e9rer les paquets &#8211;&gt; Pymata4 &#8211;&gt; Installer Sinon, ce module s&rsquo;installe avec pip. Sous Linux : Sous Windows : Ajout des&hellip;","og_url":"https:\/\/wordpress.callac.online\/index.php\/python\/arduino-en-python-le-module-pymata4\/installation\/","og_site_name":"Maths &amp; Num\u00e9rique","article_modified_time":"2022-01-05T21:41:55+00:00","og_image":[{"url":"https:\/\/wordpress.callac.online\/wp-content\/uploads\/2021\/11\/Pymata4.png","type":"","width":"","height":""}],"twitter_card":"summary_large_image","twitter_misc":{"Dur\u00e9e de lecture estim\u00e9e":"1 minute"},"schema":{"@context":"https:\/\/schema.org","@graph":[{"@type":"WebPage","@id":"https:\/\/wordpress.callac.online\/index.php\/python\/arduino-en-python-le-module-pymata4\/installation\/","url":"https:\/\/wordpress.callac.online\/index.php\/python\/arduino-en-python-le-module-pymata4\/installation\/","name":"Installation - Maths &amp; Num\u00e9rique","isPartOf":{"@id":"https:\/\/wordpress.callac.online\/#website"},"primaryImageOfPage":{"@id":"https:\/\/wordpress.callac.online\/index.php\/python\/arduino-en-python-le-module-pymata4\/installation\/#primaryimage"},"image":{"@id":"https:\/\/wordpress.callac.online\/index.php\/python\/arduino-en-python-le-module-pymata4\/installation\/#primaryimage"},"thumbnailUrl":"https:\/\/wordpress.callac.online\/wp-content\/uploads\/2021\/11\/Pymata4.png","datePublished":"2021-11-02T09:32:17+00:00","dateModified":"2022-01-05T21:41:55+00:00","breadcrumb":{"@id":"https:\/\/wordpress.callac.online\/index.php\/python\/arduino-en-python-le-module-pymata4\/installation\/#breadcrumb"},"inLanguage":"fr-FR","potentialAction":[{"@type":"ReadAction","target":["https:\/\/wordpress.callac.online\/index.php\/python\/arduino-en-python-le-module-pymata4\/installation\/"]}]},{"@type":"ImageObject","inLanguage":"fr-FR","@id":"https:\/\/wordpress.callac.online\/index.php\/python\/arduino-en-python-le-module-pymata4\/installation\/#primaryimage","url":"https:\/\/wordpress.callac.online\/wp-content\/uploads\/2021\/11\/Pymata4.png","contentUrl":"https:\/\/wordpress.callac.online\/wp-content\/uploads\/2021\/11\/Pymata4.png","width":414,"height":241},{"@type":"BreadcrumbList","@id":"https:\/\/wordpress.callac.online\/index.php\/python\/arduino-en-python-le-module-pymata4\/installation\/#breadcrumb","itemListElement":[{"@type":"ListItem","position":1,"name":"Accueil","item":"https:\/\/wordpress.callac.online\/"},{"@type":"ListItem","position":2,"name":"Python","item":"https:\/\/wordpress.callac.online\/index.php\/python\/"},{"@type":"ListItem","position":3,"name":"Arduino en Python : le module Pymata4","item":"https:\/\/wordpress.callac.online\/index.php\/python\/arduino-en-python-le-module-pymata4\/"},{"@type":"ListItem","position":4,"name":"Installation"}]},{"@type":"WebSite","@id":"https:\/\/wordpress.callac.online\/#website","url":"https:\/\/wordpress.callac.online\/","name":"Maths & Num\u00e9rique","description":"Des outils pour les enseignants de math\u00e9matiques et de num\u00e9rique","publisher":{"@id":"https:\/\/wordpress.callac.online\/#\/schema\/person\/04061f1ca2c2c42039142a704be95940"},"potentialAction":[{"@type":"SearchAction","target":{"@type":"EntryPoint","urlTemplate":"https:\/\/wordpress.callac.online\/?s={search_term_string}"},"query-input":{"@type":"PropertyValueSpecification","valueRequired":true,"valueName":"search_term_string"}}],"inLanguage":"fr-FR"},{"@type":["Person","Organization"],"@id":"https:\/\/wordpress.callac.online\/#\/schema\/person\/04061f1ca2c2c42039142a704be95940","name":"dlefur","image":{"@type":"ImageObject","inLanguage":"fr-FR","@id":"https:\/\/wordpress.callac.online\/#\/schema\/person\/image\/","url":"https:\/\/secure.gravatar.com\/avatar\/4a9e17be136808c6597f28aa2b6c13126dab066fdc2198ff60090972c9b7fafc?s=96&d=mm&r=g","contentUrl":"https:\/\/secure.gravatar.com\/avatar\/4a9e17be136808c6597f28aa2b6c13126dab066fdc2198ff60090972c9b7fafc?s=96&d=mm&r=g","caption":"dlefur"},"logo":{"@id":"https:\/\/wordpress.callac.online\/#\/schema\/person\/image\/"},"description":"Enseignant de math\u00e9matiques Lyc\u00e9e Pasteur S\u00e3o Paulo","sameAs":["http:\/\/wordpress.callac.online"]}]}},"_links":{"self":[{"href":"https:\/\/wordpress.callac.online\/index.php\/wp-json\/wp\/v2\/pages\/3052","targetHints":{"allow":["GET"]}}],"collection":[{"href":"https:\/\/wordpress.callac.online\/index.php\/wp-json\/wp\/v2\/pages"}],"about":[{"href":"https:\/\/wordpress.callac.online\/index.php\/wp-json\/wp\/v2\/types\/page"}],"author":[{"embeddable":true,"href":"https:\/\/wordpress.callac.online\/index.php\/wp-json\/wp\/v2\/users\/1"}],"replies":[{"embeddable":true,"href":"https:\/\/wordpress.callac.online\/index.php\/wp-json\/wp\/v2\/comments?post=3052"}],"version-history":[{"count":4,"href":"https:\/\/wordpress.callac.online\/index.php\/wp-json\/wp\/v2\/pages\/3052\/revisions"}],"predecessor-version":[{"id":3175,"href":"https:\/\/wordpress.callac.online\/index.php\/wp-json\/wp\/v2\/pages\/3052\/revisions\/3175"}],"up":[{"embeddable":true,"href":"https:\/\/wordpress.callac.online\/index.php\/wp-json\/wp\/v2\/pages\/3046"}],"wp:attachment":[{"href":"https:\/\/wordpress.callac.online\/index.php\/wp-json\/wp\/v2\/media?parent=3052"}],"curies":[{"name":"wp","href":"https:\/\/api.w.org\/{rel}","templated":true}]}}