{"id":31,"date":"2006-10-16T14:56:12","date_gmt":"2006-10-16T12:56:12","guid":{"rendered":"http:\/\/wordpress.callac.online\/index.php\/comment-utiliser-lextension-variations\/"},"modified":"2023-10-14T20:12:09","modified_gmt":"2023-10-14T18:12:09","slug":"comment-utiliser-lextension-variations","status":"publish","type":"page","link":"https:\/\/wordpress.callac.online\/index.php\/edition-mathematique\/latex\/tableaux-avec-lextension-variation\/comment-utiliser-lextension-variations\/","title":{"rendered":"Comment utiliser l&rsquo;extension \u00ab\u00a0variations\u00a0\u00bb"},"content":{"rendered":"<p>Cette extension a \u00e9t\u00e9 cr\u00e9\u00e9e par Christian Obrecht.<\/p>\n<p>On trouvera sur <a href=\"http:\/\/eukleides.org\/variations\/\">ce lien<\/a> :<br \/>\n&#8211; l&rsquo;extension ;<br \/>\n&#8211; les indications pour l&rsquo;installation ;<br \/>\n&#8211; deux exemples ;<br \/>\n&#8211; les commandes.<\/p>\n<p>Je reprend ici les commandes :<\/p>\n<table>\n<tbody>\n<tr class=\"row_even\">\n<td><strong>\\c<\/strong><\/td>\n<td>Fl\u00e8che croissante<\/td>\n<\/tr>\n<tr class=\"row_odd\">\n<td><strong>\\d<\/strong><\/td>\n<td>Fl\u00e8che d\u00e9croissante<\/td>\n<\/tr>\n<tr class=\"row_even\">\n<td><strong>\\ch<\/strong><\/td>\n<td>Fl\u00e8che croissante pour point d\u2019inflexion (position haute)<\/td>\n<\/tr>\n<tr class=\"row_odd\">\n<td><strong>\\cb<\/strong><\/td>\n<td>Fl\u00e8che croissante pour point d\u2019inflexion (position basse)<\/td>\n<\/tr>\n<tr class=\"row_even\">\n<td><strong>\\dh<\/strong><\/td>\n<td>Fl\u00e8che d\u00e9croissante pour point d\u2019inflexion (position haute)<\/td>\n<\/tr>\n<tr class=\"row_odd\">\n<td><strong>\\db<\/strong><\/td>\n<td>Fl\u00e8che d\u00e9croissante pour point d\u2019inflexion (position basse)<\/td>\n<\/tr>\n<tr class=\"row_even\">\n<td><strong>\\m<\/strong><\/td>\n<td>Centre verticalement l&rsquo;argument dans la ligne courante<\/td>\n<\/tr>\n<tr class=\"row_odd\">\n<td><strong>\\h<\/strong><\/td>\n<td>Place l&rsquo;argument en haut de la ligne courante<\/td>\n<\/tr>\n<tr class=\"row_even\">\n<td><strong>\\filet<\/strong><\/td>\n<td>Filet horizontal<\/td>\n<\/tr>\n<tr class=\"row_odd\">\n<td><strong>\\l<\/strong><\/td>\n<td>Filet vertical<\/td>\n<\/tr>\n<tr class=\"row_even\">\n<td><strong>\\z<\/strong><\/td>\n<td>Z\u00e9ro barr\u00e9 d&rsquo;un filet vertical<\/td>\n<\/tr>\n<tr class=\"row_odd\">\n<td><strong>\\bb<\/strong><\/td>\n<td>Double barre<\/td>\n<\/tr>\n<tr class=\"row_even\">\n<td><strong>\\bg<\/strong><\/td>\n<td>Filet vertical justifi\u00e9 \u00e0 gauche<\/td>\n<\/tr>\n<tr class=\"row_odd\">\n<td><strong>\\bd<\/strong><\/td>\n<td>Filet vertical justifi\u00e9 \u00e0 droite<\/td>\n<\/tr>\n<tr class=\"row_even\">\n<td><strong>\\ga<\/strong><\/td>\n<td>D\u00e9cale l&rsquo;argument vers la gauche (occupe deux colonnes)<\/td>\n<\/tr>\n<tr class=\"row_odd\">\n<td><strong>\\dr<\/strong><\/td>\n<td>D\u00e9cale l&rsquo;argument vers la droite (occupe deux colonnes)<\/td>\n<\/tr>\n<tr class=\"row_even\">\n<td><strong>\\mI<\/strong><\/td>\n<td>Abr\u00e9viation pour<\/p>\n<p>$-\\infty$<\/td>\n<\/tr>\n<tr class=\"row_odd\">\n<td><strong>\\pI<\/strong><\/td>\n<td>Abr\u00e9viation pour<\/p>\n<p>$+\\infty$<\/td>\n<\/tr>\n<\/tbody>\n<\/table>\n<hr \/>\n","protected":false},"excerpt":{"rendered":"<p>Cette extension a \u00e9t\u00e9 cr\u00e9\u00e9e par Christian Obrecht. On trouvera sur ce lien : &#8211; l&rsquo;extension ; &#8211; les indications pour l&rsquo;installation ; &#8211; deux exemples ; &#8211; les commandes.&hellip;<\/p>\n","protected":false},"author":1,"featured_media":0,"parent":2390,"menu_order":0,"comment_status":"closed","ping_status":"closed","template":"","meta":{"footnotes":""},"class_list":["post-31","page","type-page","status-publish","hentry"],"yoast_head":"<!-- This site is optimized with the Yoast SEO plugin v27.5 - https:\/\/yoast.com\/product\/yoast-seo-wordpress\/ -->\n<title>Comment utiliser l&#039;extension &quot;variations&quot; - Maths &amp; Num\u00e9rique<\/title>\n<meta name=\"robots\" content=\"index, follow, max-snippet:-1, max-image-preview:large, max-video-preview:-1\" \/>\n<link rel=\"canonical\" href=\"https:\/\/wordpress.callac.online\/index.php\/edition-mathematique\/latex\/tableaux-avec-lextension-variation\/comment-utiliser-lextension-variations\/\" \/>\n<meta property=\"og:locale\" content=\"fr_FR\" \/>\n<meta property=\"og:type\" content=\"article\" \/>\n<meta property=\"og:title\" content=\"Comment utiliser l&#039;extension &quot;variations&quot; - Maths &amp; Num\u00e9rique\" \/>\n<meta property=\"og:description\" content=\"Cette extension a \u00e9t\u00e9 cr\u00e9\u00e9e par Christian Obrecht. On trouvera sur ce lien : &#8211; l&rsquo;extension ; &#8211; les indications pour l&rsquo;installation ; &#8211; deux exemples ; &#8211; les commandes.&hellip;\" \/>\n<meta property=\"og:url\" content=\"https:\/\/wordpress.callac.online\/index.php\/edition-mathematique\/latex\/tableaux-avec-lextension-variation\/comment-utiliser-lextension-variations\/\" \/>\n<meta property=\"og:site_name\" content=\"Maths &amp; Num\u00e9rique\" \/>\n<meta property=\"article:modified_time\" content=\"2023-10-14T18:12:09+00:00\" \/>\n<meta name=\"twitter:card\" content=\"summary_large_image\" \/>\n<meta name=\"twitter:label1\" content=\"Dur\u00e9e de lecture estim\u00e9e\" \/>\n\t<meta name=\"twitter:data1\" content=\"1 minute\" \/>\n<script type=\"application\/ld+json\" class=\"yoast-schema-graph\">{\"@context\":\"https:\\\/\\\/schema.org\",\"@graph\":[{\"@type\":\"WebPage\",\"@id\":\"https:\\\/\\\/wordpress.callac.online\\\/index.php\\\/edition-mathematique\\\/latex\\\/tableaux-avec-lextension-variation\\\/comment-utiliser-lextension-variations\\\/\",\"url\":\"https:\\\/\\\/wordpress.callac.online\\\/index.php\\\/edition-mathematique\\\/latex\\\/tableaux-avec-lextension-variation\\\/comment-utiliser-lextension-variations\\\/\",\"name\":\"Comment utiliser l'extension \\\"variations\\\" - Maths &amp; Num\u00e9rique\",\"isPartOf\":{\"@id\":\"https:\\\/\\\/wordpress.callac.online\\\/#website\"},\"datePublished\":\"2006-10-16T12:56:12+00:00\",\"dateModified\":\"2023-10-14T18:12:09+00:00\",\"breadcrumb\":{\"@id\":\"https:\\\/\\\/wordpress.callac.online\\\/index.php\\\/edition-mathematique\\\/latex\\\/tableaux-avec-lextension-variation\\\/comment-utiliser-lextension-variations\\\/#breadcrumb\"},\"inLanguage\":\"fr-FR\",\"potentialAction\":[{\"@type\":\"ReadAction\",\"target\":[\"https:\\\/\\\/wordpress.callac.online\\\/index.php\\\/edition-mathematique\\\/latex\\\/tableaux-avec-lextension-variation\\\/comment-utiliser-lextension-variations\\\/\"]}]},{\"@type\":\"BreadcrumbList\",\"@id\":\"https:\\\/\\\/wordpress.callac.online\\\/index.php\\\/edition-mathematique\\\/latex\\\/tableaux-avec-lextension-variation\\\/comment-utiliser-lextension-variations\\\/#breadcrumb\",\"itemListElement\":[{\"@type\":\"ListItem\",\"position\":1,\"name\":\"Accueil\",\"item\":\"https:\\\/\\\/wordpress.callac.online\\\/\"},{\"@type\":\"ListItem\",\"position\":2,\"name\":\"\u00c9dition math\u00e9matique\",\"item\":\"https:\\\/\\\/wordpress.callac.online\\\/index.php\\\/edition-mathematique\\\/\"},{\"@type\":\"ListItem\",\"position\":3,\"name\":\"LaTeX\",\"item\":\"https:\\\/\\\/wordpress.callac.online\\\/index.php\\\/edition-mathematique\\\/latex\\\/\"},{\"@type\":\"ListItem\",\"position\":4,\"name\":\"Tableaux avec l&#8217;extension &#8220;Variation&#8221;\",\"item\":\"https:\\\/\\\/wordpress.callac.online\\\/index.php\\\/edition-mathematique\\\/latex\\\/tableaux-avec-lextension-variation\\\/\"},{\"@type\":\"ListItem\",\"position\":5,\"name\":\"Comment utiliser l&#8217;extension &#8220;variations&#8221;\"}]},{\"@type\":\"WebSite\",\"@id\":\"https:\\\/\\\/wordpress.callac.online\\\/#website\",\"url\":\"https:\\\/\\\/wordpress.callac.online\\\/\",\"name\":\"Maths & Num\u00e9rique\",\"description\":\"Des outils pour les enseignants de math\u00e9matiques et de num\u00e9rique\",\"publisher\":{\"@id\":\"https:\\\/\\\/wordpress.callac.online\\\/#\\\/schema\\\/person\\\/04061f1ca2c2c42039142a704be95940\"},\"potentialAction\":[{\"@type\":\"SearchAction\",\"target\":{\"@type\":\"EntryPoint\",\"urlTemplate\":\"https:\\\/\\\/wordpress.callac.online\\\/?s={search_term_string}\"},\"query-input\":{\"@type\":\"PropertyValueSpecification\",\"valueRequired\":true,\"valueName\":\"search_term_string\"}}],\"inLanguage\":\"fr-FR\"},{\"@type\":[\"Person\",\"Organization\"],\"@id\":\"https:\\\/\\\/wordpress.callac.online\\\/#\\\/schema\\\/person\\\/04061f1ca2c2c42039142a704be95940\",\"name\":\"dlefur\",\"image\":{\"@type\":\"ImageObject\",\"inLanguage\":\"fr-FR\",\"@id\":\"https:\\\/\\\/secure.gravatar.com\\\/avatar\\\/4a9e17be136808c6597f28aa2b6c13126dab066fdc2198ff60090972c9b7fafc?s=96&d=mm&r=g\",\"url\":\"https:\\\/\\\/secure.gravatar.com\\\/avatar\\\/4a9e17be136808c6597f28aa2b6c13126dab066fdc2198ff60090972c9b7fafc?s=96&d=mm&r=g\",\"contentUrl\":\"https:\\\/\\\/secure.gravatar.com\\\/avatar\\\/4a9e17be136808c6597f28aa2b6c13126dab066fdc2198ff60090972c9b7fafc?s=96&d=mm&r=g\",\"caption\":\"dlefur\"},\"logo\":{\"@id\":\"https:\\\/\\\/secure.gravatar.com\\\/avatar\\\/4a9e17be136808c6597f28aa2b6c13126dab066fdc2198ff60090972c9b7fafc?s=96&d=mm&r=g\"},\"description\":\"Enseignant de math\u00e9matiques Lyc\u00e9e Pasteur S\u00e3o Paulo\",\"sameAs\":[\"http:\\\/\\\/wordpress.callac.online\"]}]}<\/script>\n<!-- \/ Yoast SEO plugin. -->","yoast_head_json":{"title":"Comment utiliser l'extension \"variations\" - Maths &amp; Num\u00e9rique","robots":{"index":"index","follow":"follow","max-snippet":"max-snippet:-1","max-image-preview":"max-image-preview:large","max-video-preview":"max-video-preview:-1"},"canonical":"https:\/\/wordpress.callac.online\/index.php\/edition-mathematique\/latex\/tableaux-avec-lextension-variation\/comment-utiliser-lextension-variations\/","og_locale":"fr_FR","og_type":"article","og_title":"Comment utiliser l'extension \"variations\" - Maths &amp; Num\u00e9rique","og_description":"Cette extension a \u00e9t\u00e9 cr\u00e9\u00e9e par Christian Obrecht. On trouvera sur ce lien : &#8211; l&rsquo;extension ; &#8211; les indications pour l&rsquo;installation ; &#8211; deux exemples ; &#8211; les commandes.&hellip;","og_url":"https:\/\/wordpress.callac.online\/index.php\/edition-mathematique\/latex\/tableaux-avec-lextension-variation\/comment-utiliser-lextension-variations\/","og_site_name":"Maths &amp; Num\u00e9rique","article_modified_time":"2023-10-14T18:12:09+00:00","twitter_card":"summary_large_image","twitter_misc":{"Dur\u00e9e de lecture estim\u00e9e":"1 minute"},"schema":{"@context":"https:\/\/schema.org","@graph":[{"@type":"WebPage","@id":"https:\/\/wordpress.callac.online\/index.php\/edition-mathematique\/latex\/tableaux-avec-lextension-variation\/comment-utiliser-lextension-variations\/","url":"https:\/\/wordpress.callac.online\/index.php\/edition-mathematique\/latex\/tableaux-avec-lextension-variation\/comment-utiliser-lextension-variations\/","name":"Comment utiliser l'extension \"variations\" - Maths &amp; Num\u00e9rique","isPartOf":{"@id":"https:\/\/wordpress.callac.online\/#website"},"datePublished":"2006-10-16T12:56:12+00:00","dateModified":"2023-10-14T18:12:09+00:00","breadcrumb":{"@id":"https:\/\/wordpress.callac.online\/index.php\/edition-mathematique\/latex\/tableaux-avec-lextension-variation\/comment-utiliser-lextension-variations\/#breadcrumb"},"inLanguage":"fr-FR","potentialAction":[{"@type":"ReadAction","target":["https:\/\/wordpress.callac.online\/index.php\/edition-mathematique\/latex\/tableaux-avec-lextension-variation\/comment-utiliser-lextension-variations\/"]}]},{"@type":"BreadcrumbList","@id":"https:\/\/wordpress.callac.online\/index.php\/edition-mathematique\/latex\/tableaux-avec-lextension-variation\/comment-utiliser-lextension-variations\/#breadcrumb","itemListElement":[{"@type":"ListItem","position":1,"name":"Accueil","item":"https:\/\/wordpress.callac.online\/"},{"@type":"ListItem","position":2,"name":"\u00c9dition math\u00e9matique","item":"https:\/\/wordpress.callac.online\/index.php\/edition-mathematique\/"},{"@type":"ListItem","position":3,"name":"LaTeX","item":"https:\/\/wordpress.callac.online\/index.php\/edition-mathematique\/latex\/"},{"@type":"ListItem","position":4,"name":"Tableaux avec l&#8217;extension &#8220;Variation&#8221;","item":"https:\/\/wordpress.callac.online\/index.php\/edition-mathematique\/latex\/tableaux-avec-lextension-variation\/"},{"@type":"ListItem","position":5,"name":"Comment utiliser l&#8217;extension &#8220;variations&#8221;"}]},{"@type":"WebSite","@id":"https:\/\/wordpress.callac.online\/#website","url":"https:\/\/wordpress.callac.online\/","name":"Maths & Num\u00e9rique","description":"Des outils pour les enseignants de math\u00e9matiques et de num\u00e9rique","publisher":{"@id":"https:\/\/wordpress.callac.online\/#\/schema\/person\/04061f1ca2c2c42039142a704be95940"},"potentialAction":[{"@type":"SearchAction","target":{"@type":"EntryPoint","urlTemplate":"https:\/\/wordpress.callac.online\/?s={search_term_string}"},"query-input":{"@type":"PropertyValueSpecification","valueRequired":true,"valueName":"search_term_string"}}],"inLanguage":"fr-FR"},{"@type":["Person","Organization"],"@id":"https:\/\/wordpress.callac.online\/#\/schema\/person\/04061f1ca2c2c42039142a704be95940","name":"dlefur","image":{"@type":"ImageObject","inLanguage":"fr-FR","@id":"https:\/\/secure.gravatar.com\/avatar\/4a9e17be136808c6597f28aa2b6c13126dab066fdc2198ff60090972c9b7fafc?s=96&d=mm&r=g","url":"https:\/\/secure.gravatar.com\/avatar\/4a9e17be136808c6597f28aa2b6c13126dab066fdc2198ff60090972c9b7fafc?s=96&d=mm&r=g","contentUrl":"https:\/\/secure.gravatar.com\/avatar\/4a9e17be136808c6597f28aa2b6c13126dab066fdc2198ff60090972c9b7fafc?s=96&d=mm&r=g","caption":"dlefur"},"logo":{"@id":"https:\/\/secure.gravatar.com\/avatar\/4a9e17be136808c6597f28aa2b6c13126dab066fdc2198ff60090972c9b7fafc?s=96&d=mm&r=g"},"description":"Enseignant de math\u00e9matiques Lyc\u00e9e Pasteur S\u00e3o Paulo","sameAs":["http:\/\/wordpress.callac.online"]}]}},"_links":{"self":[{"href":"https:\/\/wordpress.callac.online\/index.php\/wp-json\/wp\/v2\/pages\/31","targetHints":{"allow":["GET"]}}],"collection":[{"href":"https:\/\/wordpress.callac.online\/index.php\/wp-json\/wp\/v2\/pages"}],"about":[{"href":"https:\/\/wordpress.callac.online\/index.php\/wp-json\/wp\/v2\/types\/page"}],"author":[{"embeddable":true,"href":"https:\/\/wordpress.callac.online\/index.php\/wp-json\/wp\/v2\/users\/1"}],"replies":[{"embeddable":true,"href":"https:\/\/wordpress.callac.online\/index.php\/wp-json\/wp\/v2\/comments?post=31"}],"version-history":[{"count":2,"href":"https:\/\/wordpress.callac.online\/index.php\/wp-json\/wp\/v2\/pages\/31\/revisions"}],"predecessor-version":[{"id":2394,"href":"https:\/\/wordpress.callac.online\/index.php\/wp-json\/wp\/v2\/pages\/31\/revisions\/2394"}],"up":[{"embeddable":true,"href":"https:\/\/wordpress.callac.online\/index.php\/wp-json\/wp\/v2\/pages\/2390"}],"wp:attachment":[{"href":"https:\/\/wordpress.callac.online\/index.php\/wp-json\/wp\/v2\/media?parent=31"}],"curies":[{"name":"wp","href":"https:\/\/api.w.org\/{rel}","templated":true}]}}