{"id":3380,"date":"2023-02-22T10:45:40","date_gmt":"2023-02-22T09:45:40","guid":{"rendered":"https:\/\/wordpress.callac.online\/index.php\/logiciels-mathematiques\/scratch\/le-robot-mbot\/les-actionneurs-de-mbot\/les-moteurs-de-mbot\/"},"modified":"2023-10-14T20:13:41","modified_gmt":"2023-10-14T18:13:41","slug":"les-moteurs-de-mbot","status":"publish","type":"page","link":"https:\/\/wordpress.callac.online\/index.php\/logiciels-mathematiques\/scratch\/le-robot-mbot\/les-actionneurs-de-mbot\/les-moteurs-de-mbot\/","title":{"rendered":"Les moteurs de mBot"},"content":{"rendered":"\n<p>Le robot mBot dispose de deux moteurs (droite et gauche) que l&rsquo;on peut commander ind\u00e9pendants l&rsquo;un de l&rsquo;autre.<\/p>\n\n\n\n<h3 class=\"wp-block-heading\">Quels blocs utiliser ?<\/h3>\n\n\n\n<p>Dans la cat\u00e9gorie \u00ab\u00a0Action\u00a0\u00bb, voici les blocs disponibles :<\/p>\n\n\n<div class=\"wp-block-image\">\n<figure class=\"aligncenter size-full\"><img loading=\"lazy\" decoding=\"async\" width=\"590\" height=\"673\" src=\"https:\/\/wordpress.callac.online\/wp-content\/uploads\/2023\/02\/moteurs1.png\" alt=\"\" class=\"wp-image-3483\" srcset=\"https:\/\/wordpress.callac.online\/wp-content\/uploads\/2023\/02\/moteurs1.png 590w, https:\/\/wordpress.callac.online\/wp-content\/uploads\/2023\/02\/moteurs1-263x300.png 263w\" sizes=\"auto, (max-width: 590px) 100vw, 590px\" \/><\/figure>\n<\/div>\n\n\n<ul class=\"wp-block-list\">\n<li>Les commandes \u00ab\u00a0tourner \u00e0 droite\u00a0\u00bb et \u00ab\u00a0tourner \u00e0 gauche\u00a0\u00bb vont faire tourner les deux moteurs dans des sens diff\u00e9rents pour que le robot tourne sur lui-m\u00eame.<\/li>\n\n\n\n<li>Il n&rsquo;y a de commandes \u00ab\u00a0tourner de 90 degr\u00e9s\u00a0\u00bb ou \u00ab\u00a0faire demi-tour\u00a0\u00bb. En effet, cela d\u00e9pend des rues, du sol et des piles &#8230; Il faudra donc faire des tests.<\/li>\n<\/ul>\n\n\n\n<h3 class=\"wp-block-heading\">Un exemple simple<\/h3>\n\n\n<div class=\"wp-block-image\">\n<figure class=\"aligncenter size-full\"><img loading=\"lazy\" decoding=\"async\" width=\"603\" height=\"381\" src=\"https:\/\/wordpress.callac.online\/wp-content\/uploads\/2023\/02\/moteurs2.png\" alt=\"\" class=\"wp-image-3484\" srcset=\"https:\/\/wordpress.callac.online\/wp-content\/uploads\/2023\/02\/moteurs2.png 603w, https:\/\/wordpress.callac.online\/wp-content\/uploads\/2023\/02\/moteurs2-300x190.png 300w\" sizes=\"auto, (max-width: 603px) 100vw, 603px\" \/><\/figure>\n<\/div>","protected":false},"excerpt":{"rendered":"<p>Le robot mBot dispose de deux moteurs (droite et gauche) que l&rsquo;on peut commander ind\u00e9pendants l&rsquo;un de l&rsquo;autre. Quels blocs utiliser ? Dans la cat\u00e9gorie \u00ab\u00a0Action\u00a0\u00bb, voici les blocs disponibles&hellip;<\/p>\n","protected":false},"author":1,"featured_media":0,"parent":3374,"menu_order":1,"comment_status":"closed","ping_status":"closed","template":"","meta":{"footnotes":""},"class_list":["post-3380","page","type-page","status-publish","hentry"],"yoast_head":"<!-- This site is optimized with the Yoast SEO plugin v27.1.1 - https:\/\/yoast.com\/product\/yoast-seo-wordpress\/ -->\n<title>Les moteurs de mBot - Maths &amp; Num\u00e9rique<\/title>\n<meta name=\"robots\" content=\"index, follow, max-snippet:-1, max-image-preview:large, max-video-preview:-1\" \/>\n<link rel=\"canonical\" href=\"https:\/\/wordpress.callac.online\/index.php\/logiciels-mathematiques\/scratch\/le-robot-mbot\/les-actionneurs-de-mbot\/les-moteurs-de-mbot\/\" \/>\n<meta property=\"og:locale\" content=\"fr_FR\" \/>\n<meta property=\"og:type\" content=\"article\" \/>\n<meta property=\"og:title\" content=\"Les moteurs de mBot - Maths &amp; Num\u00e9rique\" \/>\n<meta property=\"og:description\" content=\"Le robot mBot dispose de deux moteurs (droite et gauche) que l&rsquo;on peut commander ind\u00e9pendants l&rsquo;un de l&rsquo;autre. Quels blocs utiliser ? Dans la cat\u00e9gorie \u00ab\u00a0Action\u00a0\u00bb, voici les blocs disponibles&hellip;\" \/>\n<meta property=\"og:url\" content=\"https:\/\/wordpress.callac.online\/index.php\/logiciels-mathematiques\/scratch\/le-robot-mbot\/les-actionneurs-de-mbot\/les-moteurs-de-mbot\/\" \/>\n<meta property=\"og:site_name\" content=\"Maths &amp; Num\u00e9rique\" \/>\n<meta property=\"article:modified_time\" content=\"2023-10-14T18:13:41+00:00\" \/>\n<meta property=\"og:image\" content=\"https:\/\/wordpress.callac.online\/wp-content\/uploads\/2023\/02\/moteurs1.png\" \/>\n<meta name=\"twitter:card\" content=\"summary_large_image\" \/>\n<meta name=\"twitter:label1\" content=\"Dur\u00e9e de lecture estim\u00e9e\" \/>\n\t<meta name=\"twitter:data1\" content=\"1 minute\" \/>\n<script type=\"application\/ld+json\" class=\"yoast-schema-graph\">{\"@context\":\"https:\/\/schema.org\",\"@graph\":[{\"@type\":\"WebPage\",\"@id\":\"https:\/\/wordpress.callac.online\/index.php\/logiciels-mathematiques\/scratch\/le-robot-mbot\/les-actionneurs-de-mbot\/les-moteurs-de-mbot\/\",\"url\":\"https:\/\/wordpress.callac.online\/index.php\/logiciels-mathematiques\/scratch\/le-robot-mbot\/les-actionneurs-de-mbot\/les-moteurs-de-mbot\/\",\"name\":\"Les moteurs de mBot - Maths &amp; Num\u00e9rique\",\"isPartOf\":{\"@id\":\"https:\/\/wordpress.callac.online\/#website\"},\"primaryImageOfPage\":{\"@id\":\"https:\/\/wordpress.callac.online\/index.php\/logiciels-mathematiques\/scratch\/le-robot-mbot\/les-actionneurs-de-mbot\/les-moteurs-de-mbot\/#primaryimage\"},\"image\":{\"@id\":\"https:\/\/wordpress.callac.online\/index.php\/logiciels-mathematiques\/scratch\/le-robot-mbot\/les-actionneurs-de-mbot\/les-moteurs-de-mbot\/#primaryimage\"},\"thumbnailUrl\":\"https:\/\/wordpress.callac.online\/wp-content\/uploads\/2023\/02\/moteurs1.png\",\"datePublished\":\"2023-02-22T09:45:40+00:00\",\"dateModified\":\"2023-10-14T18:13:41+00:00\",\"breadcrumb\":{\"@id\":\"https:\/\/wordpress.callac.online\/index.php\/logiciels-mathematiques\/scratch\/le-robot-mbot\/les-actionneurs-de-mbot\/les-moteurs-de-mbot\/#breadcrumb\"},\"inLanguage\":\"fr-FR\",\"potentialAction\":[{\"@type\":\"ReadAction\",\"target\":[\"https:\/\/wordpress.callac.online\/index.php\/logiciels-mathematiques\/scratch\/le-robot-mbot\/les-actionneurs-de-mbot\/les-moteurs-de-mbot\/\"]}]},{\"@type\":\"ImageObject\",\"inLanguage\":\"fr-FR\",\"@id\":\"https:\/\/wordpress.callac.online\/index.php\/logiciels-mathematiques\/scratch\/le-robot-mbot\/les-actionneurs-de-mbot\/les-moteurs-de-mbot\/#primaryimage\",\"url\":\"https:\/\/wordpress.callac.online\/wp-content\/uploads\/2023\/02\/moteurs1.png\",\"contentUrl\":\"https:\/\/wordpress.callac.online\/wp-content\/uploads\/2023\/02\/moteurs1.png\",\"width\":590,\"height\":673},{\"@type\":\"BreadcrumbList\",\"@id\":\"https:\/\/wordpress.callac.online\/index.php\/logiciels-mathematiques\/scratch\/le-robot-mbot\/les-actionneurs-de-mbot\/les-moteurs-de-mbot\/#breadcrumb\",\"itemListElement\":[{\"@type\":\"ListItem\",\"position\":1,\"name\":\"Accueil\",\"item\":\"https:\/\/wordpress.callac.online\/\"},{\"@type\":\"ListItem\",\"position\":2,\"name\":\"Logiciels math\u00e9matiques\",\"item\":\"https:\/\/wordpress.callac.online\/index.php\/logiciels-mathematiques\/\"},{\"@type\":\"ListItem\",\"position\":3,\"name\":\"Scratch\",\"item\":\"https:\/\/wordpress.callac.online\/index.php\/logiciels-mathematiques\/scratch\/\"},{\"@type\":\"ListItem\",\"position\":4,\"name\":\"Le robot mBot\",\"item\":\"https:\/\/wordpress.callac.online\/index.php\/logiciels-mathematiques\/scratch\/le-robot-mbot\/\"},{\"@type\":\"ListItem\",\"position\":5,\"name\":\"Les actionneurs de mBot\",\"item\":\"https:\/\/wordpress.callac.online\/index.php\/logiciels-mathematiques\/scratch\/le-robot-mbot\/les-actionneurs-de-mbot\/\"},{\"@type\":\"ListItem\",\"position\":6,\"name\":\"Les moteurs de mBot\"}]},{\"@type\":\"WebSite\",\"@id\":\"https:\/\/wordpress.callac.online\/#website\",\"url\":\"https:\/\/wordpress.callac.online\/\",\"name\":\"Maths & Num\u00e9rique\",\"description\":\"Des outils pour les enseignants de math\u00e9matiques et de num\u00e9rique\",\"publisher\":{\"@id\":\"https:\/\/wordpress.callac.online\/#\/schema\/person\/04061f1ca2c2c42039142a704be95940\"},\"potentialAction\":[{\"@type\":\"SearchAction\",\"target\":{\"@type\":\"EntryPoint\",\"urlTemplate\":\"https:\/\/wordpress.callac.online\/?s={search_term_string}\"},\"query-input\":{\"@type\":\"PropertyValueSpecification\",\"valueRequired\":true,\"valueName\":\"search_term_string\"}}],\"inLanguage\":\"fr-FR\"},{\"@type\":[\"Person\",\"Organization\"],\"@id\":\"https:\/\/wordpress.callac.online\/#\/schema\/person\/04061f1ca2c2c42039142a704be95940\",\"name\":\"dlefur\",\"image\":{\"@type\":\"ImageObject\",\"inLanguage\":\"fr-FR\",\"@id\":\"https:\/\/wordpress.callac.online\/#\/schema\/person\/image\/\",\"url\":\"https:\/\/secure.gravatar.com\/avatar\/4a9e17be136808c6597f28aa2b6c13126dab066fdc2198ff60090972c9b7fafc?s=96&d=mm&r=g\",\"contentUrl\":\"https:\/\/secure.gravatar.com\/avatar\/4a9e17be136808c6597f28aa2b6c13126dab066fdc2198ff60090972c9b7fafc?s=96&d=mm&r=g\",\"caption\":\"dlefur\"},\"logo\":{\"@id\":\"https:\/\/wordpress.callac.online\/#\/schema\/person\/image\/\"},\"description\":\"Enseignant de math\u00e9matiques Lyc\u00e9e Pasteur S\u00e3o Paulo\",\"sameAs\":[\"http:\/\/wordpress.callac.online\"]}]}<\/script>\n<!-- \/ Yoast SEO plugin. -->","yoast_head_json":{"title":"Les moteurs de mBot - Maths &amp; Num\u00e9rique","robots":{"index":"index","follow":"follow","max-snippet":"max-snippet:-1","max-image-preview":"max-image-preview:large","max-video-preview":"max-video-preview:-1"},"canonical":"https:\/\/wordpress.callac.online\/index.php\/logiciels-mathematiques\/scratch\/le-robot-mbot\/les-actionneurs-de-mbot\/les-moteurs-de-mbot\/","og_locale":"fr_FR","og_type":"article","og_title":"Les moteurs de mBot - Maths &amp; Num\u00e9rique","og_description":"Le robot mBot dispose de deux moteurs (droite et gauche) que l&rsquo;on peut commander ind\u00e9pendants l&rsquo;un de l&rsquo;autre. Quels blocs utiliser ? Dans la cat\u00e9gorie \u00ab\u00a0Action\u00a0\u00bb, voici les blocs disponibles&hellip;","og_url":"https:\/\/wordpress.callac.online\/index.php\/logiciels-mathematiques\/scratch\/le-robot-mbot\/les-actionneurs-de-mbot\/les-moteurs-de-mbot\/","og_site_name":"Maths &amp; Num\u00e9rique","article_modified_time":"2023-10-14T18:13:41+00:00","og_image":[{"url":"https:\/\/wordpress.callac.online\/wp-content\/uploads\/2023\/02\/moteurs1.png","type":"","width":"","height":""}],"twitter_card":"summary_large_image","twitter_misc":{"Dur\u00e9e de lecture estim\u00e9e":"1 minute"},"schema":{"@context":"https:\/\/schema.org","@graph":[{"@type":"WebPage","@id":"https:\/\/wordpress.callac.online\/index.php\/logiciels-mathematiques\/scratch\/le-robot-mbot\/les-actionneurs-de-mbot\/les-moteurs-de-mbot\/","url":"https:\/\/wordpress.callac.online\/index.php\/logiciels-mathematiques\/scratch\/le-robot-mbot\/les-actionneurs-de-mbot\/les-moteurs-de-mbot\/","name":"Les moteurs de mBot - Maths &amp; Num\u00e9rique","isPartOf":{"@id":"https:\/\/wordpress.callac.online\/#website"},"primaryImageOfPage":{"@id":"https:\/\/wordpress.callac.online\/index.php\/logiciels-mathematiques\/scratch\/le-robot-mbot\/les-actionneurs-de-mbot\/les-moteurs-de-mbot\/#primaryimage"},"image":{"@id":"https:\/\/wordpress.callac.online\/index.php\/logiciels-mathematiques\/scratch\/le-robot-mbot\/les-actionneurs-de-mbot\/les-moteurs-de-mbot\/#primaryimage"},"thumbnailUrl":"https:\/\/wordpress.callac.online\/wp-content\/uploads\/2023\/02\/moteurs1.png","datePublished":"2023-02-22T09:45:40+00:00","dateModified":"2023-10-14T18:13:41+00:00","breadcrumb":{"@id":"https:\/\/wordpress.callac.online\/index.php\/logiciels-mathematiques\/scratch\/le-robot-mbot\/les-actionneurs-de-mbot\/les-moteurs-de-mbot\/#breadcrumb"},"inLanguage":"fr-FR","potentialAction":[{"@type":"ReadAction","target":["https:\/\/wordpress.callac.online\/index.php\/logiciels-mathematiques\/scratch\/le-robot-mbot\/les-actionneurs-de-mbot\/les-moteurs-de-mbot\/"]}]},{"@type":"ImageObject","inLanguage":"fr-FR","@id":"https:\/\/wordpress.callac.online\/index.php\/logiciels-mathematiques\/scratch\/le-robot-mbot\/les-actionneurs-de-mbot\/les-moteurs-de-mbot\/#primaryimage","url":"https:\/\/wordpress.callac.online\/wp-content\/uploads\/2023\/02\/moteurs1.png","contentUrl":"https:\/\/wordpress.callac.online\/wp-content\/uploads\/2023\/02\/moteurs1.png","width":590,"height":673},{"@type":"BreadcrumbList","@id":"https:\/\/wordpress.callac.online\/index.php\/logiciels-mathematiques\/scratch\/le-robot-mbot\/les-actionneurs-de-mbot\/les-moteurs-de-mbot\/#breadcrumb","itemListElement":[{"@type":"ListItem","position":1,"name":"Accueil","item":"https:\/\/wordpress.callac.online\/"},{"@type":"ListItem","position":2,"name":"Logiciels math\u00e9matiques","item":"https:\/\/wordpress.callac.online\/index.php\/logiciels-mathematiques\/"},{"@type":"ListItem","position":3,"name":"Scratch","item":"https:\/\/wordpress.callac.online\/index.php\/logiciels-mathematiques\/scratch\/"},{"@type":"ListItem","position":4,"name":"Le robot mBot","item":"https:\/\/wordpress.callac.online\/index.php\/logiciels-mathematiques\/scratch\/le-robot-mbot\/"},{"@type":"ListItem","position":5,"name":"Les actionneurs de mBot","item":"https:\/\/wordpress.callac.online\/index.php\/logiciels-mathematiques\/scratch\/le-robot-mbot\/les-actionneurs-de-mbot\/"},{"@type":"ListItem","position":6,"name":"Les moteurs de mBot"}]},{"@type":"WebSite","@id":"https:\/\/wordpress.callac.online\/#website","url":"https:\/\/wordpress.callac.online\/","name":"Maths & Num\u00e9rique","description":"Des outils pour les enseignants de math\u00e9matiques et de num\u00e9rique","publisher":{"@id":"https:\/\/wordpress.callac.online\/#\/schema\/person\/04061f1ca2c2c42039142a704be95940"},"potentialAction":[{"@type":"SearchAction","target":{"@type":"EntryPoint","urlTemplate":"https:\/\/wordpress.callac.online\/?s={search_term_string}"},"query-input":{"@type":"PropertyValueSpecification","valueRequired":true,"valueName":"search_term_string"}}],"inLanguage":"fr-FR"},{"@type":["Person","Organization"],"@id":"https:\/\/wordpress.callac.online\/#\/schema\/person\/04061f1ca2c2c42039142a704be95940","name":"dlefur","image":{"@type":"ImageObject","inLanguage":"fr-FR","@id":"https:\/\/wordpress.callac.online\/#\/schema\/person\/image\/","url":"https:\/\/secure.gravatar.com\/avatar\/4a9e17be136808c6597f28aa2b6c13126dab066fdc2198ff60090972c9b7fafc?s=96&d=mm&r=g","contentUrl":"https:\/\/secure.gravatar.com\/avatar\/4a9e17be136808c6597f28aa2b6c13126dab066fdc2198ff60090972c9b7fafc?s=96&d=mm&r=g","caption":"dlefur"},"logo":{"@id":"https:\/\/wordpress.callac.online\/#\/schema\/person\/image\/"},"description":"Enseignant de math\u00e9matiques Lyc\u00e9e Pasteur S\u00e3o Paulo","sameAs":["http:\/\/wordpress.callac.online"]}]}},"_links":{"self":[{"href":"https:\/\/wordpress.callac.online\/index.php\/wp-json\/wp\/v2\/pages\/3380","targetHints":{"allow":["GET"]}}],"collection":[{"href":"https:\/\/wordpress.callac.online\/index.php\/wp-json\/wp\/v2\/pages"}],"about":[{"href":"https:\/\/wordpress.callac.online\/index.php\/wp-json\/wp\/v2\/types\/page"}],"author":[{"embeddable":true,"href":"https:\/\/wordpress.callac.online\/index.php\/wp-json\/wp\/v2\/users\/1"}],"replies":[{"embeddable":true,"href":"https:\/\/wordpress.callac.online\/index.php\/wp-json\/wp\/v2\/comments?post=3380"}],"version-history":[{"count":2,"href":"https:\/\/wordpress.callac.online\/index.php\/wp-json\/wp\/v2\/pages\/3380\/revisions"}],"predecessor-version":[{"id":3485,"href":"https:\/\/wordpress.callac.online\/index.php\/wp-json\/wp\/v2\/pages\/3380\/revisions\/3485"}],"up":[{"embeddable":true,"href":"https:\/\/wordpress.callac.online\/index.php\/wp-json\/wp\/v2\/pages\/3374"}],"wp:attachment":[{"href":"https:\/\/wordpress.callac.online\/index.php\/wp-json\/wp\/v2\/media?parent=3380"}],"curies":[{"name":"wp","href":"https:\/\/api.w.org\/{rel}","templated":true}]}}