{"id":341,"date":"2016-04-28T20:09:39","date_gmt":"2016-04-28T18:09:39","guid":{"rendered":"http:\/\/wordpress.callac.online\/index.php\/cherrypy-uploader-un-fichier\/"},"modified":"2022-01-05T22:41:55","modified_gmt":"2022-01-05T21:41:55","slug":"cherrypy-uploader-un-fichier","status":"publish","type":"page","link":"https:\/\/wordpress.callac.online\/index.php\/python\/cherrypy\/cherrypy-uploader-un-fichier\/","title":{"rendered":"Cherrypy : uploader un fichier"},"content":{"rendered":"\n<h2 class=\"wp-block-heading\">L&rsquo;id\u00e9e<\/h2>\n\n\n\n<p>Cet exemple consiste \u00e0 montrer comment uploader un fichier vers le serveur.<\/p>\n\n\n\n<p>Dans mon cas, <\/p>\n\n\n\n<ol class=\"wp-block-list\"><li> on choisit le fichier ;<\/li><li> on appuie sur \u00ab\u00a0valider ;<\/li><li> les informations sur le fichier s&rsquo;affiche en bas de cette page ;<\/li><li> un lien permet de visualiser le fichier ;<\/li><li> un autre lien permet de le t\u00e9l\u00e9charger.<\/li><\/ol>\n\n\n\n<p>En pratique, le programme commence par lire le fichier s\u00e9lectionn\u00e9. Ensuite, il le copie dans le serveur dans le dossier \u00ab\u00a0static\/upload\u00a0\u00bb.<\/p>\n\n\n\n<h2 class=\"wp-block-heading\">Le code<\/h2>\n\n\n\n<pre class=\"EnlighterJSRAW\" data-enlighter-language=\"generic\" data-enlighter-theme=\"\" data-enlighter-highlight=\"\" data-enlighter-linenumbers=\"\" data-enlighter-lineoffset=\"\" data-enlighter-title=\"\" data-enlighter-group=\"\">import cherrypy, os\n\n\nmapageIndex=\"\"\"\n&lt;html>\n&lt;head>\n&lt;meta http-equiv=\"content-type\" content=\"text\/html; charset=utf-8\" \/>\n&lt;title>Illustration d'un upload&lt;\/title>\n&lt;\/head>\n&lt;body>\n&lt;h2>\nUploader un fichier\n&lt;\/h2>\n&lt;hr>\n&lt;form action=\"index\" method=\"post\" enctype=\"multipart\/form-data\">\n&lt;br>\n&lt;input type=\"file\" name=\"myFile\">&lt;br>\n&lt;br>\n&lt;input type=\"submit\" name=boutonChoisir>\n&lt;\/form>\n&lt;hr>\n\"\"\"\n\nmapageUpload=\"\"\"\n\n&lt;body>\n&lt;h2>\nInformations sur le fichier\n&lt;\/h2>\nTaille: %s&lt;br>\nNom: %s&lt;br>\nMime-type: %s\n&lt;br>\n&lt;br>\n&lt;a href=%s target=\"_blank\">Visualiser le fichier&lt;\/a>\n&lt;br>\n&lt;a href=%s download>T&eacute;l&eacute;charger le fichier&lt;\/a>\n\"\"\"\n\nfinpage=\"\"\"\n&lt;\/body>\n&lt;\/html>\n\"\"\"\n\nclass monSite():\n\t#----------------- index\n\t@cherrypy.expose\n\tdef index(self,boutonChoisir=None,myFile=None):\n\t\tif boutonChoisir :\n\t\t\tcontent = myFile.file.read()\n\t\t\tnomFichier=\".\/static\/upload\/\" + myFile.filename\n\t\t\tfile = open (nomFichier,\"wb\")\n\t\t\tfile.write(content)\n\t\t\tfile.close()\n\t\t\treturn mapageIndex +mapageUpload % (len(content), myFile.filename, myFile.content_type,nomFichier,nomFichier) + finpage\n\t\telse :\n\t\t\treturn mapageIndex + finpage\n\n\ncherrypy.quickstart(monSite())<\/pre>\n","protected":false},"excerpt":{"rendered":"<p>L&rsquo;id\u00e9e Cet exemple consiste \u00e0 montrer comment uploader un fichier vers le serveur. Dans mon cas, on choisit le fichier ; on appuie sur \u00ab\u00a0valider ; les informations sur le&hellip;<\/p>\n","protected":false},"author":1,"featured_media":0,"parent":1647,"menu_order":2,"comment_status":"closed","ping_status":"closed","template":"","meta":{"footnotes":""},"class_list":["post-341","page","type-page","status-publish","hentry"],"yoast_head":"<!-- This site is optimized with the Yoast SEO plugin v27.1.1 - https:\/\/yoast.com\/product\/yoast-seo-wordpress\/ -->\n<title>Cherrypy : uploader un fichier - Maths &amp; Num\u00e9rique<\/title>\n<meta name=\"robots\" content=\"index, follow, max-snippet:-1, max-image-preview:large, max-video-preview:-1\" \/>\n<link rel=\"canonical\" href=\"https:\/\/wordpress.callac.online\/index.php\/python\/cherrypy\/cherrypy-uploader-un-fichier\/\" \/>\n<meta property=\"og:locale\" content=\"fr_FR\" \/>\n<meta property=\"og:type\" content=\"article\" \/>\n<meta property=\"og:title\" content=\"Cherrypy : uploader un fichier - Maths &amp; Num\u00e9rique\" \/>\n<meta property=\"og:description\" content=\"L&rsquo;id\u00e9e Cet exemple consiste \u00e0 montrer comment uploader un fichier vers le serveur. Dans mon cas, on choisit le fichier ; on appuie sur \u00ab\u00a0valider ; les informations sur le&hellip;\" \/>\n<meta property=\"og:url\" content=\"https:\/\/wordpress.callac.online\/index.php\/python\/cherrypy\/cherrypy-uploader-un-fichier\/\" \/>\n<meta property=\"og:site_name\" content=\"Maths &amp; Num\u00e9rique\" \/>\n<meta property=\"article:modified_time\" content=\"2022-01-05T21:41:55+00:00\" \/>\n<meta name=\"twitter:card\" content=\"summary_large_image\" \/>\n<meta name=\"twitter:label1\" content=\"Dur\u00e9e de lecture estim\u00e9e\" \/>\n\t<meta name=\"twitter:data1\" content=\"1 minute\" \/>\n<script type=\"application\/ld+json\" class=\"yoast-schema-graph\">{\"@context\":\"https:\/\/schema.org\",\"@graph\":[{\"@type\":\"WebPage\",\"@id\":\"https:\/\/wordpress.callac.online\/index.php\/python\/cherrypy\/cherrypy-uploader-un-fichier\/\",\"url\":\"https:\/\/wordpress.callac.online\/index.php\/python\/cherrypy\/cherrypy-uploader-un-fichier\/\",\"name\":\"Cherrypy : uploader un fichier - Maths &amp; Num\u00e9rique\",\"isPartOf\":{\"@id\":\"https:\/\/wordpress.callac.online\/#website\"},\"datePublished\":\"2016-04-28T18:09:39+00:00\",\"dateModified\":\"2022-01-05T21:41:55+00:00\",\"breadcrumb\":{\"@id\":\"https:\/\/wordpress.callac.online\/index.php\/python\/cherrypy\/cherrypy-uploader-un-fichier\/#breadcrumb\"},\"inLanguage\":\"fr-FR\",\"potentialAction\":[{\"@type\":\"ReadAction\",\"target\":[\"https:\/\/wordpress.callac.online\/index.php\/python\/cherrypy\/cherrypy-uploader-un-fichier\/\"]}]},{\"@type\":\"BreadcrumbList\",\"@id\":\"https:\/\/wordpress.callac.online\/index.php\/python\/cherrypy\/cherrypy-uploader-un-fichier\/#breadcrumb\",\"itemListElement\":[{\"@type\":\"ListItem\",\"position\":1,\"name\":\"Accueil\",\"item\":\"https:\/\/wordpress.callac.online\/\"},{\"@type\":\"ListItem\",\"position\":2,\"name\":\"Python\",\"item\":\"https:\/\/wordpress.callac.online\/index.php\/python\/\"},{\"@type\":\"ListItem\",\"position\":3,\"name\":\"Cherrypy\",\"item\":\"https:\/\/wordpress.callac.online\/index.php\/python\/cherrypy\/\"},{\"@type\":\"ListItem\",\"position\":4,\"name\":\"Cherrypy : uploader un fichier\"}]},{\"@type\":\"WebSite\",\"@id\":\"https:\/\/wordpress.callac.online\/#website\",\"url\":\"https:\/\/wordpress.callac.online\/\",\"name\":\"Maths & Num\u00e9rique\",\"description\":\"Des outils pour les enseignants de math\u00e9matiques et de num\u00e9rique\",\"publisher\":{\"@id\":\"https:\/\/wordpress.callac.online\/#\/schema\/person\/04061f1ca2c2c42039142a704be95940\"},\"potentialAction\":[{\"@type\":\"SearchAction\",\"target\":{\"@type\":\"EntryPoint\",\"urlTemplate\":\"https:\/\/wordpress.callac.online\/?s={search_term_string}\"},\"query-input\":{\"@type\":\"PropertyValueSpecification\",\"valueRequired\":true,\"valueName\":\"search_term_string\"}}],\"inLanguage\":\"fr-FR\"},{\"@type\":[\"Person\",\"Organization\"],\"@id\":\"https:\/\/wordpress.callac.online\/#\/schema\/person\/04061f1ca2c2c42039142a704be95940\",\"name\":\"dlefur\",\"image\":{\"@type\":\"ImageObject\",\"inLanguage\":\"fr-FR\",\"@id\":\"https:\/\/wordpress.callac.online\/#\/schema\/person\/image\/\",\"url\":\"https:\/\/secure.gravatar.com\/avatar\/4a9e17be136808c6597f28aa2b6c13126dab066fdc2198ff60090972c9b7fafc?s=96&d=mm&r=g\",\"contentUrl\":\"https:\/\/secure.gravatar.com\/avatar\/4a9e17be136808c6597f28aa2b6c13126dab066fdc2198ff60090972c9b7fafc?s=96&d=mm&r=g\",\"caption\":\"dlefur\"},\"logo\":{\"@id\":\"https:\/\/wordpress.callac.online\/#\/schema\/person\/image\/\"},\"description\":\"Enseignant de math\u00e9matiques Lyc\u00e9e Pasteur S\u00e3o Paulo\",\"sameAs\":[\"http:\/\/wordpress.callac.online\"]}]}<\/script>\n<!-- \/ Yoast SEO plugin. -->","yoast_head_json":{"title":"Cherrypy : uploader un fichier - Maths &amp; Num\u00e9rique","robots":{"index":"index","follow":"follow","max-snippet":"max-snippet:-1","max-image-preview":"max-image-preview:large","max-video-preview":"max-video-preview:-1"},"canonical":"https:\/\/wordpress.callac.online\/index.php\/python\/cherrypy\/cherrypy-uploader-un-fichier\/","og_locale":"fr_FR","og_type":"article","og_title":"Cherrypy : uploader un fichier - Maths &amp; Num\u00e9rique","og_description":"L&rsquo;id\u00e9e Cet exemple consiste \u00e0 montrer comment uploader un fichier vers le serveur. Dans mon cas, on choisit le fichier ; on appuie sur \u00ab\u00a0valider ; les informations sur le&hellip;","og_url":"https:\/\/wordpress.callac.online\/index.php\/python\/cherrypy\/cherrypy-uploader-un-fichier\/","og_site_name":"Maths &amp; Num\u00e9rique","article_modified_time":"2022-01-05T21:41:55+00:00","twitter_card":"summary_large_image","twitter_misc":{"Dur\u00e9e de lecture estim\u00e9e":"1 minute"},"schema":{"@context":"https:\/\/schema.org","@graph":[{"@type":"WebPage","@id":"https:\/\/wordpress.callac.online\/index.php\/python\/cherrypy\/cherrypy-uploader-un-fichier\/","url":"https:\/\/wordpress.callac.online\/index.php\/python\/cherrypy\/cherrypy-uploader-un-fichier\/","name":"Cherrypy : uploader un fichier - Maths &amp; Num\u00e9rique","isPartOf":{"@id":"https:\/\/wordpress.callac.online\/#website"},"datePublished":"2016-04-28T18:09:39+00:00","dateModified":"2022-01-05T21:41:55+00:00","breadcrumb":{"@id":"https:\/\/wordpress.callac.online\/index.php\/python\/cherrypy\/cherrypy-uploader-un-fichier\/#breadcrumb"},"inLanguage":"fr-FR","potentialAction":[{"@type":"ReadAction","target":["https:\/\/wordpress.callac.online\/index.php\/python\/cherrypy\/cherrypy-uploader-un-fichier\/"]}]},{"@type":"BreadcrumbList","@id":"https:\/\/wordpress.callac.online\/index.php\/python\/cherrypy\/cherrypy-uploader-un-fichier\/#breadcrumb","itemListElement":[{"@type":"ListItem","position":1,"name":"Accueil","item":"https:\/\/wordpress.callac.online\/"},{"@type":"ListItem","position":2,"name":"Python","item":"https:\/\/wordpress.callac.online\/index.php\/python\/"},{"@type":"ListItem","position":3,"name":"Cherrypy","item":"https:\/\/wordpress.callac.online\/index.php\/python\/cherrypy\/"},{"@type":"ListItem","position":4,"name":"Cherrypy : uploader un fichier"}]},{"@type":"WebSite","@id":"https:\/\/wordpress.callac.online\/#website","url":"https:\/\/wordpress.callac.online\/","name":"Maths & Num\u00e9rique","description":"Des outils pour les enseignants de math\u00e9matiques et de num\u00e9rique","publisher":{"@id":"https:\/\/wordpress.callac.online\/#\/schema\/person\/04061f1ca2c2c42039142a704be95940"},"potentialAction":[{"@type":"SearchAction","target":{"@type":"EntryPoint","urlTemplate":"https:\/\/wordpress.callac.online\/?s={search_term_string}"},"query-input":{"@type":"PropertyValueSpecification","valueRequired":true,"valueName":"search_term_string"}}],"inLanguage":"fr-FR"},{"@type":["Person","Organization"],"@id":"https:\/\/wordpress.callac.online\/#\/schema\/person\/04061f1ca2c2c42039142a704be95940","name":"dlefur","image":{"@type":"ImageObject","inLanguage":"fr-FR","@id":"https:\/\/wordpress.callac.online\/#\/schema\/person\/image\/","url":"https:\/\/secure.gravatar.com\/avatar\/4a9e17be136808c6597f28aa2b6c13126dab066fdc2198ff60090972c9b7fafc?s=96&d=mm&r=g","contentUrl":"https:\/\/secure.gravatar.com\/avatar\/4a9e17be136808c6597f28aa2b6c13126dab066fdc2198ff60090972c9b7fafc?s=96&d=mm&r=g","caption":"dlefur"},"logo":{"@id":"https:\/\/wordpress.callac.online\/#\/schema\/person\/image\/"},"description":"Enseignant de math\u00e9matiques Lyc\u00e9e Pasteur S\u00e3o Paulo","sameAs":["http:\/\/wordpress.callac.online"]}]}},"_links":{"self":[{"href":"https:\/\/wordpress.callac.online\/index.php\/wp-json\/wp\/v2\/pages\/341","targetHints":{"allow":["GET"]}}],"collection":[{"href":"https:\/\/wordpress.callac.online\/index.php\/wp-json\/wp\/v2\/pages"}],"about":[{"href":"https:\/\/wordpress.callac.online\/index.php\/wp-json\/wp\/v2\/types\/page"}],"author":[{"embeddable":true,"href":"https:\/\/wordpress.callac.online\/index.php\/wp-json\/wp\/v2\/users\/1"}],"replies":[{"embeddable":true,"href":"https:\/\/wordpress.callac.online\/index.php\/wp-json\/wp\/v2\/comments?post=341"}],"version-history":[{"count":2,"href":"https:\/\/wordpress.callac.online\/index.php\/wp-json\/wp\/v2\/pages\/341\/revisions"}],"predecessor-version":[{"id":2045,"href":"https:\/\/wordpress.callac.online\/index.php\/wp-json\/wp\/v2\/pages\/341\/revisions\/2045"}],"up":[{"embeddable":true,"href":"https:\/\/wordpress.callac.online\/index.php\/wp-json\/wp\/v2\/pages\/1647"}],"wp:attachment":[{"href":"https:\/\/wordpress.callac.online\/index.php\/wp-json\/wp\/v2\/media?parent=341"}],"curies":[{"name":"wp","href":"https:\/\/api.w.org\/{rel}","templated":true}]}}