{"id":3454,"date":"2023-02-25T11:34:56","date_gmt":"2023-02-25T10:34:56","guid":{"rendered":"https:\/\/wordpress.callac.online\/index.php\/logiciels-mathematiques\/scratch\/le-robot-mbot\/les-capteurs-de-mbot\/la-telecommande-avec-mbot\/"},"modified":"2023-10-14T20:13:37","modified_gmt":"2023-10-14T18:13:37","slug":"la-telecommande-avec-mbot","status":"publish","type":"page","link":"https:\/\/wordpress.callac.online\/index.php\/logiciels-mathematiques\/scratch\/le-robot-mbot\/les-capteurs-de-mbot\/la-telecommande-avec-mbot\/","title":{"rendered":"La t\u00e9l\u00e9commande avec mBot"},"content":{"rendered":"\n<p>Le robot mBot est \u00e9quip\u00e9 de deux capteurs infrarouges situ\u00e9s \u00e0 l&rsquo;avant du robot, l&rsquo;un pour la r\u00e9ception, l&rsquo;autre pour l&rsquo;\u00e9mission.<\/p>\n\n\n\n<h3 class=\"wp-block-heading\">Avec le programme de communication<\/h3>\n\n\n\n<p>Dans ce cas, il suffit d&rsquo;utiliser la t\u00e9l\u00e9commande fournie (si elle a une pile !).<\/p>\n\n\n\n<p>Les actions sont pr\u00e9-programm\u00e9es.<\/p>\n\n\n\n<h3 class=\"wp-block-heading\">Avec son propre programme<\/h3>\n\n\n\n<p>Dans ce cas, on peut personnaliser les actions associ\u00e9es \u00e0 l&rsquo;appui d&rsquo;une touche de la t\u00e9l\u00e9commande.<\/p>\n\n\n\n<h3 class=\"wp-block-heading\">Quel bloc utiliser ?<\/h3>\n\n\n\n<p>Dans la cat\u00e9gorie \u00ab\u00a0d\u00e9tection\u00a0\u00bb, il faut utiliser le bloc suivant :<\/p>\n\n\n<div class=\"wp-block-image\">\n<figure class=\"aligncenter size-full\"><img loading=\"lazy\" decoding=\"async\" width=\"408\" height=\"78\" src=\"https:\/\/wordpress.callac.online\/wp-content\/uploads\/2023\/02\/telecommande01.png\" alt=\"\" class=\"wp-image-3461\" srcset=\"https:\/\/wordpress.callac.online\/wp-content\/uploads\/2023\/02\/telecommande01.png 408w, https:\/\/wordpress.callac.online\/wp-content\/uploads\/2023\/02\/telecommande01-300x57.png 300w\" sizes=\"auto, (max-width: 408px) 100vw, 408px\" \/><\/figure>\n<\/div>\n\n\n<h3 class=\"wp-block-heading\">Un exemple de programme<\/h3>\n\n\n\n<p>\u00c0 noter qu&rsquo;il faut se placer dans une boucle infinie pour pouvoir recevoir les informations de la t\u00e9l\u00e9commande.<\/p>\n\n\n<div class=\"wp-block-image\">\n<figure class=\"aligncenter size-full\"><img loading=\"lazy\" decoding=\"async\" width=\"546\" height=\"676\" src=\"https:\/\/wordpress.callac.online\/wp-content\/uploads\/2023\/02\/telecommande02.png\" alt=\"\" class=\"wp-image-3462\" srcset=\"https:\/\/wordpress.callac.online\/wp-content\/uploads\/2023\/02\/telecommande02.png 546w, https:\/\/wordpress.callac.online\/wp-content\/uploads\/2023\/02\/telecommande02-242x300.png 242w\" sizes=\"auto, (max-width: 546px) 100vw, 546px\" \/><\/figure>\n<\/div>","protected":false},"excerpt":{"rendered":"<p>Le robot mBot est \u00e9quip\u00e9 de deux capteurs infrarouges situ\u00e9s \u00e0 l&rsquo;avant du robot, l&rsquo;un pour la r\u00e9ception, l&rsquo;autre pour l&rsquo;\u00e9mission. Avec le programme de communication Dans ce cas, il&hellip;<\/p>\n","protected":false},"author":1,"featured_media":0,"parent":3347,"menu_order":4,"comment_status":"closed","ping_status":"closed","template":"","meta":{"footnotes":""},"class_list":["post-3454","page","type-page","status-publish","hentry"],"yoast_head":"<!-- This site is optimized with the Yoast SEO plugin v27.1.1 - https:\/\/yoast.com\/product\/yoast-seo-wordpress\/ -->\n<title>La t\u00e9l\u00e9commande avec mBot - Maths &amp; Num\u00e9rique<\/title>\n<meta name=\"robots\" content=\"index, follow, max-snippet:-1, max-image-preview:large, max-video-preview:-1\" \/>\n<link rel=\"canonical\" href=\"https:\/\/wordpress.callac.online\/index.php\/logiciels-mathematiques\/scratch\/le-robot-mbot\/les-capteurs-de-mbot\/la-telecommande-avec-mbot\/\" \/>\n<meta property=\"og:locale\" content=\"fr_FR\" \/>\n<meta property=\"og:type\" content=\"article\" \/>\n<meta property=\"og:title\" content=\"La t\u00e9l\u00e9commande avec mBot - Maths &amp; Num\u00e9rique\" \/>\n<meta property=\"og:description\" content=\"Le robot mBot est \u00e9quip\u00e9 de deux capteurs infrarouges situ\u00e9s \u00e0 l&rsquo;avant du robot, l&rsquo;un pour la r\u00e9ception, l&rsquo;autre pour l&rsquo;\u00e9mission. Avec le programme de communication Dans ce cas, il&hellip;\" \/>\n<meta property=\"og:url\" content=\"https:\/\/wordpress.callac.online\/index.php\/logiciels-mathematiques\/scratch\/le-robot-mbot\/les-capteurs-de-mbot\/la-telecommande-avec-mbot\/\" \/>\n<meta property=\"og:site_name\" content=\"Maths &amp; Num\u00e9rique\" \/>\n<meta property=\"article:modified_time\" content=\"2023-10-14T18:13:37+00:00\" \/>\n<meta property=\"og:image\" content=\"https:\/\/wordpress.callac.online\/wp-content\/uploads\/2023\/02\/telecommande01.png\" \/>\n<meta name=\"twitter:card\" content=\"summary_large_image\" \/>\n<meta name=\"twitter:label1\" content=\"Dur\u00e9e de lecture estim\u00e9e\" \/>\n\t<meta name=\"twitter:data1\" content=\"1 minute\" \/>\n<script type=\"application\/ld+json\" class=\"yoast-schema-graph\">{\"@context\":\"https:\/\/schema.org\",\"@graph\":[{\"@type\":\"WebPage\",\"@id\":\"https:\/\/wordpress.callac.online\/index.php\/logiciels-mathematiques\/scratch\/le-robot-mbot\/les-capteurs-de-mbot\/la-telecommande-avec-mbot\/\",\"url\":\"https:\/\/wordpress.callac.online\/index.php\/logiciels-mathematiques\/scratch\/le-robot-mbot\/les-capteurs-de-mbot\/la-telecommande-avec-mbot\/\",\"name\":\"La t\u00e9l\u00e9commande avec mBot - Maths &amp; Num\u00e9rique\",\"isPartOf\":{\"@id\":\"https:\/\/wordpress.callac.online\/#website\"},\"primaryImageOfPage\":{\"@id\":\"https:\/\/wordpress.callac.online\/index.php\/logiciels-mathematiques\/scratch\/le-robot-mbot\/les-capteurs-de-mbot\/la-telecommande-avec-mbot\/#primaryimage\"},\"image\":{\"@id\":\"https:\/\/wordpress.callac.online\/index.php\/logiciels-mathematiques\/scratch\/le-robot-mbot\/les-capteurs-de-mbot\/la-telecommande-avec-mbot\/#primaryimage\"},\"thumbnailUrl\":\"https:\/\/wordpress.callac.online\/wp-content\/uploads\/2023\/02\/telecommande01.png\",\"datePublished\":\"2023-02-25T10:34:56+00:00\",\"dateModified\":\"2023-10-14T18:13:37+00:00\",\"breadcrumb\":{\"@id\":\"https:\/\/wordpress.callac.online\/index.php\/logiciels-mathematiques\/scratch\/le-robot-mbot\/les-capteurs-de-mbot\/la-telecommande-avec-mbot\/#breadcrumb\"},\"inLanguage\":\"fr-FR\",\"potentialAction\":[{\"@type\":\"ReadAction\",\"target\":[\"https:\/\/wordpress.callac.online\/index.php\/logiciels-mathematiques\/scratch\/le-robot-mbot\/les-capteurs-de-mbot\/la-telecommande-avec-mbot\/\"]}]},{\"@type\":\"ImageObject\",\"inLanguage\":\"fr-FR\",\"@id\":\"https:\/\/wordpress.callac.online\/index.php\/logiciels-mathematiques\/scratch\/le-robot-mbot\/les-capteurs-de-mbot\/la-telecommande-avec-mbot\/#primaryimage\",\"url\":\"https:\/\/wordpress.callac.online\/wp-content\/uploads\/2023\/02\/telecommande01.png\",\"contentUrl\":\"https:\/\/wordpress.callac.online\/wp-content\/uploads\/2023\/02\/telecommande01.png\",\"width\":408,\"height\":78},{\"@type\":\"BreadcrumbList\",\"@id\":\"https:\/\/wordpress.callac.online\/index.php\/logiciels-mathematiques\/scratch\/le-robot-mbot\/les-capteurs-de-mbot\/la-telecommande-avec-mbot\/#breadcrumb\",\"itemListElement\":[{\"@type\":\"ListItem\",\"position\":1,\"name\":\"Accueil\",\"item\":\"https:\/\/wordpress.callac.online\/\"},{\"@type\":\"ListItem\",\"position\":2,\"name\":\"Logiciels math\u00e9matiques\",\"item\":\"https:\/\/wordpress.callac.online\/index.php\/logiciels-mathematiques\/\"},{\"@type\":\"ListItem\",\"position\":3,\"name\":\"Scratch\",\"item\":\"https:\/\/wordpress.callac.online\/index.php\/logiciels-mathematiques\/scratch\/\"},{\"@type\":\"ListItem\",\"position\":4,\"name\":\"Le robot mBot\",\"item\":\"https:\/\/wordpress.callac.online\/index.php\/logiciels-mathematiques\/scratch\/le-robot-mbot\/\"},{\"@type\":\"ListItem\",\"position\":5,\"name\":\"Les capteurs de mBot\",\"item\":\"https:\/\/wordpress.callac.online\/index.php\/logiciels-mathematiques\/scratch\/le-robot-mbot\/les-capteurs-de-mbot\/\"},{\"@type\":\"ListItem\",\"position\":6,\"name\":\"La t\u00e9l\u00e9commande avec mBot\"}]},{\"@type\":\"WebSite\",\"@id\":\"https:\/\/wordpress.callac.online\/#website\",\"url\":\"https:\/\/wordpress.callac.online\/\",\"name\":\"Maths & Num\u00e9rique\",\"description\":\"Des outils pour les enseignants de math\u00e9matiques et de num\u00e9rique\",\"publisher\":{\"@id\":\"https:\/\/wordpress.callac.online\/#\/schema\/person\/04061f1ca2c2c42039142a704be95940\"},\"potentialAction\":[{\"@type\":\"SearchAction\",\"target\":{\"@type\":\"EntryPoint\",\"urlTemplate\":\"https:\/\/wordpress.callac.online\/?s={search_term_string}\"},\"query-input\":{\"@type\":\"PropertyValueSpecification\",\"valueRequired\":true,\"valueName\":\"search_term_string\"}}],\"inLanguage\":\"fr-FR\"},{\"@type\":[\"Person\",\"Organization\"],\"@id\":\"https:\/\/wordpress.callac.online\/#\/schema\/person\/04061f1ca2c2c42039142a704be95940\",\"name\":\"dlefur\",\"image\":{\"@type\":\"ImageObject\",\"inLanguage\":\"fr-FR\",\"@id\":\"https:\/\/wordpress.callac.online\/#\/schema\/person\/image\/\",\"url\":\"https:\/\/secure.gravatar.com\/avatar\/4a9e17be136808c6597f28aa2b6c13126dab066fdc2198ff60090972c9b7fafc?s=96&d=mm&r=g\",\"contentUrl\":\"https:\/\/secure.gravatar.com\/avatar\/4a9e17be136808c6597f28aa2b6c13126dab066fdc2198ff60090972c9b7fafc?s=96&d=mm&r=g\",\"caption\":\"dlefur\"},\"logo\":{\"@id\":\"https:\/\/wordpress.callac.online\/#\/schema\/person\/image\/\"},\"description\":\"Enseignant de math\u00e9matiques Lyc\u00e9e Pasteur S\u00e3o Paulo\",\"sameAs\":[\"http:\/\/wordpress.callac.online\"]}]}<\/script>\n<!-- \/ Yoast SEO plugin. -->","yoast_head_json":{"title":"La t\u00e9l\u00e9commande avec mBot - Maths &amp; Num\u00e9rique","robots":{"index":"index","follow":"follow","max-snippet":"max-snippet:-1","max-image-preview":"max-image-preview:large","max-video-preview":"max-video-preview:-1"},"canonical":"https:\/\/wordpress.callac.online\/index.php\/logiciels-mathematiques\/scratch\/le-robot-mbot\/les-capteurs-de-mbot\/la-telecommande-avec-mbot\/","og_locale":"fr_FR","og_type":"article","og_title":"La t\u00e9l\u00e9commande avec mBot - Maths &amp; Num\u00e9rique","og_description":"Le robot mBot est \u00e9quip\u00e9 de deux capteurs infrarouges situ\u00e9s \u00e0 l&rsquo;avant du robot, l&rsquo;un pour la r\u00e9ception, l&rsquo;autre pour l&rsquo;\u00e9mission. Avec le programme de communication Dans ce cas, il&hellip;","og_url":"https:\/\/wordpress.callac.online\/index.php\/logiciels-mathematiques\/scratch\/le-robot-mbot\/les-capteurs-de-mbot\/la-telecommande-avec-mbot\/","og_site_name":"Maths &amp; Num\u00e9rique","article_modified_time":"2023-10-14T18:13:37+00:00","og_image":[{"url":"https:\/\/wordpress.callac.online\/wp-content\/uploads\/2023\/02\/telecommande01.png","type":"","width":"","height":""}],"twitter_card":"summary_large_image","twitter_misc":{"Dur\u00e9e de lecture estim\u00e9e":"1 minute"},"schema":{"@context":"https:\/\/schema.org","@graph":[{"@type":"WebPage","@id":"https:\/\/wordpress.callac.online\/index.php\/logiciels-mathematiques\/scratch\/le-robot-mbot\/les-capteurs-de-mbot\/la-telecommande-avec-mbot\/","url":"https:\/\/wordpress.callac.online\/index.php\/logiciels-mathematiques\/scratch\/le-robot-mbot\/les-capteurs-de-mbot\/la-telecommande-avec-mbot\/","name":"La t\u00e9l\u00e9commande avec mBot - Maths &amp; Num\u00e9rique","isPartOf":{"@id":"https:\/\/wordpress.callac.online\/#website"},"primaryImageOfPage":{"@id":"https:\/\/wordpress.callac.online\/index.php\/logiciels-mathematiques\/scratch\/le-robot-mbot\/les-capteurs-de-mbot\/la-telecommande-avec-mbot\/#primaryimage"},"image":{"@id":"https:\/\/wordpress.callac.online\/index.php\/logiciels-mathematiques\/scratch\/le-robot-mbot\/les-capteurs-de-mbot\/la-telecommande-avec-mbot\/#primaryimage"},"thumbnailUrl":"https:\/\/wordpress.callac.online\/wp-content\/uploads\/2023\/02\/telecommande01.png","datePublished":"2023-02-25T10:34:56+00:00","dateModified":"2023-10-14T18:13:37+00:00","breadcrumb":{"@id":"https:\/\/wordpress.callac.online\/index.php\/logiciels-mathematiques\/scratch\/le-robot-mbot\/les-capteurs-de-mbot\/la-telecommande-avec-mbot\/#breadcrumb"},"inLanguage":"fr-FR","potentialAction":[{"@type":"ReadAction","target":["https:\/\/wordpress.callac.online\/index.php\/logiciels-mathematiques\/scratch\/le-robot-mbot\/les-capteurs-de-mbot\/la-telecommande-avec-mbot\/"]}]},{"@type":"ImageObject","inLanguage":"fr-FR","@id":"https:\/\/wordpress.callac.online\/index.php\/logiciels-mathematiques\/scratch\/le-robot-mbot\/les-capteurs-de-mbot\/la-telecommande-avec-mbot\/#primaryimage","url":"https:\/\/wordpress.callac.online\/wp-content\/uploads\/2023\/02\/telecommande01.png","contentUrl":"https:\/\/wordpress.callac.online\/wp-content\/uploads\/2023\/02\/telecommande01.png","width":408,"height":78},{"@type":"BreadcrumbList","@id":"https:\/\/wordpress.callac.online\/index.php\/logiciels-mathematiques\/scratch\/le-robot-mbot\/les-capteurs-de-mbot\/la-telecommande-avec-mbot\/#breadcrumb","itemListElement":[{"@type":"ListItem","position":1,"name":"Accueil","item":"https:\/\/wordpress.callac.online\/"},{"@type":"ListItem","position":2,"name":"Logiciels math\u00e9matiques","item":"https:\/\/wordpress.callac.online\/index.php\/logiciels-mathematiques\/"},{"@type":"ListItem","position":3,"name":"Scratch","item":"https:\/\/wordpress.callac.online\/index.php\/logiciels-mathematiques\/scratch\/"},{"@type":"ListItem","position":4,"name":"Le robot mBot","item":"https:\/\/wordpress.callac.online\/index.php\/logiciels-mathematiques\/scratch\/le-robot-mbot\/"},{"@type":"ListItem","position":5,"name":"Les capteurs de mBot","item":"https:\/\/wordpress.callac.online\/index.php\/logiciels-mathematiques\/scratch\/le-robot-mbot\/les-capteurs-de-mbot\/"},{"@type":"ListItem","position":6,"name":"La t\u00e9l\u00e9commande avec mBot"}]},{"@type":"WebSite","@id":"https:\/\/wordpress.callac.online\/#website","url":"https:\/\/wordpress.callac.online\/","name":"Maths & Num\u00e9rique","description":"Des outils pour les enseignants de math\u00e9matiques et de num\u00e9rique","publisher":{"@id":"https:\/\/wordpress.callac.online\/#\/schema\/person\/04061f1ca2c2c42039142a704be95940"},"potentialAction":[{"@type":"SearchAction","target":{"@type":"EntryPoint","urlTemplate":"https:\/\/wordpress.callac.online\/?s={search_term_string}"},"query-input":{"@type":"PropertyValueSpecification","valueRequired":true,"valueName":"search_term_string"}}],"inLanguage":"fr-FR"},{"@type":["Person","Organization"],"@id":"https:\/\/wordpress.callac.online\/#\/schema\/person\/04061f1ca2c2c42039142a704be95940","name":"dlefur","image":{"@type":"ImageObject","inLanguage":"fr-FR","@id":"https:\/\/wordpress.callac.online\/#\/schema\/person\/image\/","url":"https:\/\/secure.gravatar.com\/avatar\/4a9e17be136808c6597f28aa2b6c13126dab066fdc2198ff60090972c9b7fafc?s=96&d=mm&r=g","contentUrl":"https:\/\/secure.gravatar.com\/avatar\/4a9e17be136808c6597f28aa2b6c13126dab066fdc2198ff60090972c9b7fafc?s=96&d=mm&r=g","caption":"dlefur"},"logo":{"@id":"https:\/\/wordpress.callac.online\/#\/schema\/person\/image\/"},"description":"Enseignant de math\u00e9matiques Lyc\u00e9e Pasteur S\u00e3o Paulo","sameAs":["http:\/\/wordpress.callac.online"]}]}},"_links":{"self":[{"href":"https:\/\/wordpress.callac.online\/index.php\/wp-json\/wp\/v2\/pages\/3454","targetHints":{"allow":["GET"]}}],"collection":[{"href":"https:\/\/wordpress.callac.online\/index.php\/wp-json\/wp\/v2\/pages"}],"about":[{"href":"https:\/\/wordpress.callac.online\/index.php\/wp-json\/wp\/v2\/types\/page"}],"author":[{"embeddable":true,"href":"https:\/\/wordpress.callac.online\/index.php\/wp-json\/wp\/v2\/users\/1"}],"replies":[{"embeddable":true,"href":"https:\/\/wordpress.callac.online\/index.php\/wp-json\/wp\/v2\/comments?post=3454"}],"version-history":[{"count":3,"href":"https:\/\/wordpress.callac.online\/index.php\/wp-json\/wp\/v2\/pages\/3454\/revisions"}],"predecessor-version":[{"id":3465,"href":"https:\/\/wordpress.callac.online\/index.php\/wp-json\/wp\/v2\/pages\/3454\/revisions\/3465"}],"up":[{"embeddable":true,"href":"https:\/\/wordpress.callac.online\/index.php\/wp-json\/wp\/v2\/pages\/3347"}],"wp:attachment":[{"href":"https:\/\/wordpress.callac.online\/index.php\/wp-json\/wp\/v2\/media?parent=3454"}],"curies":[{"name":"wp","href":"https:\/\/api.w.org\/{rel}","templated":true}]}}