{"id":3553,"date":"2023-07-08T23:02:36","date_gmt":"2023-07-08T21:02:36","guid":{"rendered":"https:\/\/wordpress.callac.online\/index.php\/numerique\/arduino\/arduino-au-lycee\/programmer-les-entrees-arduino-depuis-tinkercad\/"},"modified":"2023-07-10T18:45:04","modified_gmt":"2023-07-10T16:45:04","slug":"programmer-entrees-arduino-tinkercad","status":"publish","type":"page","link":"https:\/\/wordpress.callac.online\/index.php\/numerique\/arduino\/arduino-au-lycee\/programmer-entrees-arduino-tinkercad\/","title":{"rendered":"Programmer les entr\u00e9es Arduino depuis Tinkercad"},"content":{"rendered":"\n<h3 class=\"wp-block-heading\">Introduction<\/h3>\n\n\n\n<figure class=\"wp-block-embed is-type-video is-provider-youtube wp-block-embed-youtube wp-embed-aspect-16-9 wp-has-aspect-ratio\"><div class=\"wp-block-embed__wrapper\">\n<iframe loading=\"lazy\" title=\"Introduction\" width=\"900\" height=\"506\" src=\"https:\/\/www.youtube.com\/embed\/8CXllLTTVcQ?feature=oembed\" frameborder=\"0\" allow=\"accelerometer; autoplay; clipboard-write; encrypted-media; gyroscope; picture-in-picture; web-share\" allowfullscreen><\/iframe>\n<\/div><\/figure>\n\n\n\n<h3 class=\"wp-block-heading\">1) Les r\u00e9sistances<\/h3>\n\n\n\n<figure class=\"wp-block-embed is-type-video is-provider-youtube wp-block-embed-youtube wp-embed-aspect-16-9 wp-has-aspect-ratio\"><div class=\"wp-block-embed__wrapper\">\n<iframe loading=\"lazy\" title=\"1) Les r\u00e9sistances\" width=\"900\" height=\"506\" src=\"https:\/\/www.youtube.com\/embed\/es67QMjFSPs?feature=oembed\" frameborder=\"0\" allow=\"accelerometer; autoplay; clipboard-write; encrypted-media; gyroscope; picture-in-picture; web-share\" allowfullscreen><\/iframe>\n<\/div><\/figure>\n\n\n\n<h4 class=\"wp-block-heading\">L&rsquo;essentiel<\/h4>\n\n\n\n<ul class=\"wp-block-list\">\n<li>D\u00e9couvrir le multim\u00e8tre : un appareil pour mesurer l&rsquo;intensit\u00e9, la tension ou les r\u00e9sistances<\/li>\n\n\n\n<li>Les r\u00e9sistances ont une valeur normalement fixe mesur\u00e9e en ohms.<\/li>\n\n\n\n<li>Certains composants comme la photor\u00e9sistance ont une r\u00e9sistance variable : c&rsquo;est le principe de nombreux capteurs.<\/li>\n<\/ul>\n\n\n\n<h4 class=\"wp-block-heading\">Si vous \u00eates curieux &#8230;<\/h4>\n\n\n\n<ul class=\"wp-block-list\">\n<li>Avoir un multim\u00e8tre et apprendre \u00e0 s&rsquo;en servir.<\/li>\n\n\n\n<li>R\u00e9ussir \u00e0 conna\u00eetre la valeur d&rsquo;une r\u00e9sistance avec son code couleurs.<\/li>\n<\/ul>\n\n\n\n<h3 class=\"wp-block-heading\">2) Les tensions<\/h3>\n\n\n\n<figure class=\"wp-block-embed is-type-video is-provider-youtube wp-block-embed-youtube wp-embed-aspect-16-9 wp-has-aspect-ratio\"><div class=\"wp-block-embed__wrapper\">\n<iframe loading=\"lazy\" title=\"2) Les tensions\" width=\"900\" height=\"506\" src=\"https:\/\/www.youtube.com\/embed\/tR0QH0MRijg?feature=oembed\" frameborder=\"0\" allow=\"accelerometer; autoplay; clipboard-write; encrypted-media; gyroscope; picture-in-picture; web-share\" allowfullscreen><\/iframe>\n<\/div><\/figure>\n\n\n\n<h4 class=\"wp-block-heading\">L&rsquo;essentiel<\/h4>\n\n\n\n<ul class=\"wp-block-list\">\n<li>Mesurer une tension avec un multim\u00e8tre.<\/li>\n\n\n\n<li>Mesurer la tension dans un circuit comportant deux r\u00e9sistances en s\u00e9rie.<\/li>\n<\/ul>\n\n\n\n<h4 class=\"wp-block-heading\">Si vous \u00eates curieux &#8230;<\/h4>\n\n\n\n<ul class=\"wp-block-list\">\n<li>Conna\u00eetre les circuits en s\u00e9rie ou parall\u00e8le.<\/li>\n\n\n\n<li>Conna\u00eetre la loi d&rsquo;Ohm, la loi des noeuds.<\/li>\n<\/ul>\n\n\n\n<h3 class=\"wp-block-heading\">3) Le diviseur de tensions<\/h3>\n\n\n\n<figure class=\"wp-block-embed is-type-video is-provider-youtube wp-block-embed-youtube wp-embed-aspect-16-9 wp-has-aspect-ratio\"><div class=\"wp-block-embed__wrapper\">\n<iframe loading=\"lazy\" title=\"3) Le diviseur de tensions\" width=\"900\" height=\"506\" src=\"https:\/\/www.youtube.com\/embed\/o5LhP5RCLwU?feature=oembed\" frameborder=\"0\" allow=\"accelerometer; autoplay; clipboard-write; encrypted-media; gyroscope; picture-in-picture; web-share\" allowfullscreen><\/iframe>\n<\/div><\/figure>\n\n\n\n<h4 class=\"wp-block-heading\">L&rsquo;essentiel<\/h4>\n\n\n\n<ul class=\"wp-block-list\">\n<li>Un diviseur de tensions est compos\u00e9e de deux r\u00e9sistances en s\u00e9rie.<\/li>\n\n\n\n<li>La tension aux bornes de chaque r\u00e9sistance est proportionnelle \u00e0 la valeur de la r\u00e9sistance.<\/li>\n\n\n\n<li>Arduino se comporte comme un multim\u00e8tre (tensions) avec l&rsquo;instruction <strong>analogRead()<\/strong>.<\/li>\n\n\n\n<li><strong>AnalogRead()<\/strong> renvoie une valeur entre 0 et 1023, correpondant \u00e0 une tension entre 0 et 5V.<\/li>\n<\/ul>\n\n\n\n<h4 class=\"wp-block-heading\">Si vous \u00eates curieux &#8230;<\/h4>\n\n\n\n<ul class=\"wp-block-list\">\n<li>Que se passe-t-il si on utilise l&rsquo;instruction <strong>digitalRead()<\/strong> sur une patte num\u00e9rique ?<\/li>\n<\/ul>\n\n\n\n<h3 class=\"wp-block-heading\">4) La luminosit\u00e9<\/h3>\n\n\n\n<figure class=\"wp-block-embed is-type-video is-provider-youtube wp-block-embed-youtube wp-embed-aspect-16-9 wp-has-aspect-ratio\"><div class=\"wp-block-embed__wrapper\">\n<iframe loading=\"lazy\" title=\"4) La luminosit\u00e9\" width=\"900\" height=\"506\" src=\"https:\/\/www.youtube.com\/embed\/b836-r9nQng?feature=oembed\" frameborder=\"0\" allow=\"accelerometer; autoplay; clipboard-write; encrypted-media; gyroscope; picture-in-picture; web-share\" allowfullscreen><\/iframe>\n<\/div><\/figure>\n\n\n\n<h4 class=\"wp-block-heading\">L&rsquo;essentiel<\/h4>\n\n\n\n<ul class=\"wp-block-list\">\n<li>Une photor\u00e9sistance est une r\u00e9sistance dont la valeur diminue quand la luminosit\u00e9 augmente.<\/li>\n\n\n\n<li>La photor\u00e9sistance varie entre environ 180 000 ohms e 500 ohms.<\/li>\n\n\n\n<li>Une r\u00e9sistance de 10 000 ohms est un bon choix pour d\u00e9tecter les variations de luminosit\u00e9.<\/li>\n<\/ul>\n\n\n\n<h4 class=\"wp-block-heading\">Si vous \u00eates curieux &#8230;<\/h4>\n\n\n\n<ul class=\"wp-block-list\">\n<li>Quelle est l&rsquo;unit\u00e9 pour mesurer la luminosit\u00e9 ?<\/li>\n<\/ul>\n\n\n\n<h3 class=\"wp-block-heading\">5) Le bouton poussoir en pull-down<\/h3>\n\n\n\n<figure class=\"wp-block-embed is-type-video is-provider-youtube wp-block-embed-youtube wp-embed-aspect-16-9 wp-has-aspect-ratio\"><div class=\"wp-block-embed__wrapper\">\n<iframe loading=\"lazy\" title=\"5) Le bouton poussoir en pull-down\" width=\"900\" height=\"506\" src=\"https:\/\/www.youtube.com\/embed\/o7yTE8t6G8k?feature=oembed\" frameborder=\"0\" allow=\"accelerometer; autoplay; clipboard-write; encrypted-media; gyroscope; picture-in-picture; web-share\" allowfullscreen><\/iframe>\n<\/div><\/figure>\n\n\n\n<h4 class=\"wp-block-heading\">L&rsquo;essentiel<\/h4>\n\n\n\n<ul class=\"wp-block-list\">\n<li><strong><mark style=\"background-color:rgba(0, 0, 0, 0)\" class=\"has-inline-color has-vivid-red-color\">Ne jamais utiliser analogRead() avec une patte dont la tension n&rsquo;est pas impos\u00e9e par un circuit \u00e9lectrique.<\/mark><\/strong><\/li>\n\n\n\n<li>En pull-down, lorsque le bouton n&rsquo;est pas press\u00e9, la tension est 0V. Si on appuie sur le bouton, la tension est 5V.<\/li>\n<\/ul>\n\n\n\n<h4 class=\"wp-block-heading\">Si vous \u00eates curieux &#8230;<\/h4>\n\n\n\n<ul class=\"wp-block-list\">\n<li>Au lieu d&rsquo;un pull-down, on aurait pu utiliser un pull-up.<\/li>\n<\/ul>\n\n\n\n<h3 class=\"wp-block-heading\">6) Le potentiom\u00e8tre<\/h3>\n\n\n\n<figure class=\"wp-block-embed is-type-video is-provider-youtube wp-block-embed-youtube wp-embed-aspect-16-9 wp-has-aspect-ratio\"><div class=\"wp-block-embed__wrapper\">\n<iframe loading=\"lazy\" title=\"6) Le potentiom\u00e8tre\" width=\"900\" height=\"506\" src=\"https:\/\/www.youtube.com\/embed\/BHjwPp0V0Xk?feature=oembed\" frameborder=\"0\" allow=\"accelerometer; autoplay; clipboard-write; encrypted-media; gyroscope; picture-in-picture; web-share\" allowfullscreen><\/iframe>\n<\/div><\/figure>\n\n\n\n<h4 class=\"wp-block-heading\">L&rsquo;essentiel<\/h4>\n\n\n\n<ul class=\"wp-block-list\">\n<li>Un potentiom\u00e8tre peut servir de diviseur de tensions.<\/li>\n\n\n\n<li>Le curseur permet de s\u00e9parer une r\u00e9sistance (ici 5000 ohms) en deux r\u00e9sistances.<\/li>\n\n\n\n<li>On utilisera r\u00e9guli\u00e8rement le potentiom\u00e8tre pour choisir un niveau dans un projet (intensit\u00e9 d&rsquo;une led, couleur, vitesse, seuil, &#8230;)<\/li>\n<\/ul>\n\n\n\n<h4 class=\"wp-block-heading\">Si vous \u00eates curieux &#8230;<\/h4>\n\n\n\n<ul class=\"wp-block-list\">\n<li>Apprendre \u00e0 repr\u00e9senter de fa\u00e7on sch\u00e9matique un circuit \u00e9lectrique, notamment un potentiom\u00e8tre.<\/li>\n<\/ul>\n\n\n\n<h3 class=\"wp-block-heading\">7) La temp\u00e9rature<\/h3>\n\n\n\n<figure class=\"wp-block-embed is-type-video is-provider-youtube wp-block-embed-youtube wp-embed-aspect-16-9 wp-has-aspect-ratio\"><div class=\"wp-block-embed__wrapper\">\n<iframe loading=\"lazy\" title=\"7) La temp\u00e9rature\" width=\"900\" height=\"506\" src=\"https:\/\/www.youtube.com\/embed\/Vb-9kER55A0?feature=oembed\" frameborder=\"0\" allow=\"accelerometer; autoplay; clipboard-write; encrypted-media; gyroscope; picture-in-picture; web-share\" allowfullscreen><\/iframe>\n<\/div><\/figure>\n\n\n\n<h4 class=\"wp-block-heading\">L&rsquo;essentiel<\/h4>\n\n\n\n<ul class=\"wp-block-list\">\n<li>La r\u00e9sistance varie en fonction de la temp\u00e9rature.<\/li>\n\n\n\n<li>Chaque capteur a une formule qui permet de passer de la tension \u00e0 la temp\u00e9rature.<\/li>\n<\/ul>\n\n\n\n<h4 class=\"wp-block-heading\">Si vous \u00eates curieux &#8230;<\/h4>\n\n\n\n<ul class=\"wp-block-list\">\n<li>Retrouver la formule du capteur LM 35.<\/li>\n\n\n\n<li>Quelle est la pr\u00e9cision de chaque capteur ?<\/li>\n<\/ul>\n\n\n\n<h3 class=\"wp-block-heading\">8) Les distances (capteur ultrason)<\/h3>\n\n\n\n<figure class=\"wp-block-embed is-type-video is-provider-youtube wp-block-embed-youtube wp-embed-aspect-16-9 wp-has-aspect-ratio\"><div class=\"wp-block-embed__wrapper\">\n<iframe loading=\"lazy\" title=\"8) Les distances (capteur ultrason)\" width=\"900\" height=\"506\" src=\"https:\/\/www.youtube.com\/embed\/nFUHy5h9UNA?feature=oembed\" frameborder=\"0\" allow=\"accelerometer; autoplay; clipboard-write; encrypted-media; gyroscope; picture-in-picture; web-share\" allowfullscreen><\/iframe>\n<\/div><\/figure>\n\n\n\n<h4 class=\"wp-block-heading\">L&rsquo;essentiel<\/h4>\n\n\n\n<ul class=\"wp-block-list\">\n<li>Tinkercad propose deux type de capteurs ultrason : Parallax et HC-SR04.<\/li>\n\n\n\n<li>On trouve plus facilement le capteur HC-SR04.<\/li>\n\n\n\n<li>Pour utiliser le capteur HC-SR04, il faut installer la biblioth\u00e8que Ultrasonic sur Arduino IDE.<\/li>\n<\/ul>\n\n\n\n<h4 class=\"wp-block-heading\">Si vous \u00eates curieux &#8230;<\/h4>\n\n\n\n<ul class=\"wp-block-list\">\n<li>S&rsquo;int\u00e9resser au principe d&rsquo;un capteur ultrason.<\/li>\n\n\n\n<li>Utiliser ce capteur sans biblioth\u00e8que.<\/li>\n<\/ul>\n","protected":false},"excerpt":{"rendered":"<p>Introduction 1) Les r\u00e9sistances L&rsquo;essentiel Si vous \u00eates curieux &#8230; 2) Les tensions L&rsquo;essentiel Si vous \u00eates curieux &#8230; 3) Le diviseur de tensions L&rsquo;essentiel Si vous \u00eates curieux &#8230;&hellip;<\/p>\n","protected":false},"author":1,"featured_media":0,"parent":264,"menu_order":2,"comment_status":"closed","ping_status":"closed","template":"","meta":{"footnotes":""},"class_list":["post-3553","page","type-page","status-publish","hentry"],"yoast_head":"<!-- This site is optimized with the Yoast SEO plugin v27.1.1 - https:\/\/yoast.com\/product\/yoast-seo-wordpress\/ -->\n<title>Programmer les entr\u00e9es Arduino depuis Tinkercad - Maths &amp; Num\u00e9rique<\/title>\n<meta name=\"robots\" content=\"index, follow, max-snippet:-1, max-image-preview:large, max-video-preview:-1\" \/>\n<link rel=\"canonical\" href=\"https:\/\/wordpress.callac.online\/index.php\/numerique\/arduino\/arduino-au-lycee\/programmer-entrees-arduino-tinkercad\/\" \/>\n<meta property=\"og:locale\" content=\"fr_FR\" \/>\n<meta property=\"og:type\" content=\"article\" \/>\n<meta property=\"og:title\" content=\"Programmer les entr\u00e9es Arduino depuis Tinkercad - Maths &amp; Num\u00e9rique\" \/>\n<meta property=\"og:description\" content=\"Introduction 1) Les r\u00e9sistances L&rsquo;essentiel Si vous \u00eates curieux &#8230; 2) Les tensions L&rsquo;essentiel Si vous \u00eates curieux &#8230; 3) Le diviseur de tensions L&rsquo;essentiel Si vous \u00eates curieux &#8230;&hellip;\" \/>\n<meta property=\"og:url\" content=\"https:\/\/wordpress.callac.online\/index.php\/numerique\/arduino\/arduino-au-lycee\/programmer-entrees-arduino-tinkercad\/\" \/>\n<meta property=\"og:site_name\" content=\"Maths &amp; Num\u00e9rique\" \/>\n<meta property=\"article:modified_time\" content=\"2023-07-10T16:45:04+00:00\" \/>\n<meta name=\"twitter:card\" content=\"summary_large_image\" \/>\n<meta name=\"twitter:label1\" content=\"Dur\u00e9e de lecture estim\u00e9e\" \/>\n\t<meta name=\"twitter:data1\" content=\"3 minutes\" \/>\n<script type=\"application\/ld+json\" class=\"yoast-schema-graph\">{\"@context\":\"https:\/\/schema.org\",\"@graph\":[{\"@type\":\"WebPage\",\"@id\":\"https:\/\/wordpress.callac.online\/index.php\/numerique\/arduino\/arduino-au-lycee\/programmer-entrees-arduino-tinkercad\/\",\"url\":\"https:\/\/wordpress.callac.online\/index.php\/numerique\/arduino\/arduino-au-lycee\/programmer-entrees-arduino-tinkercad\/\",\"name\":\"Programmer les entr\u00e9es Arduino depuis Tinkercad - Maths &amp; Num\u00e9rique\",\"isPartOf\":{\"@id\":\"https:\/\/wordpress.callac.online\/#website\"},\"datePublished\":\"2023-07-08T21:02:36+00:00\",\"dateModified\":\"2023-07-10T16:45:04+00:00\",\"breadcrumb\":{\"@id\":\"https:\/\/wordpress.callac.online\/index.php\/numerique\/arduino\/arduino-au-lycee\/programmer-entrees-arduino-tinkercad\/#breadcrumb\"},\"inLanguage\":\"fr-FR\",\"potentialAction\":[{\"@type\":\"ReadAction\",\"target\":[\"https:\/\/wordpress.callac.online\/index.php\/numerique\/arduino\/arduino-au-lycee\/programmer-entrees-arduino-tinkercad\/\"]}]},{\"@type\":\"BreadcrumbList\",\"@id\":\"https:\/\/wordpress.callac.online\/index.php\/numerique\/arduino\/arduino-au-lycee\/programmer-entrees-arduino-tinkercad\/#breadcrumb\",\"itemListElement\":[{\"@type\":\"ListItem\",\"position\":1,\"name\":\"Accueil\",\"item\":\"https:\/\/wordpress.callac.online\/\"},{\"@type\":\"ListItem\",\"position\":2,\"name\":\"Num\u00e9rique\",\"item\":\"https:\/\/wordpress.callac.online\/index.php\/numerique\/\"},{\"@type\":\"ListItem\",\"position\":3,\"name\":\"Arduino\",\"item\":\"https:\/\/wordpress.callac.online\/index.php\/numerique\/arduino\/\"},{\"@type\":\"ListItem\",\"position\":4,\"name\":\"Arduino au lyc\u00e9e\",\"item\":\"https:\/\/wordpress.callac.online\/index.php\/numerique\/arduino\/arduino-au-lycee\/\"},{\"@type\":\"ListItem\",\"position\":5,\"name\":\"Programmer les entr\u00e9es Arduino depuis Tinkercad\"}]},{\"@type\":\"WebSite\",\"@id\":\"https:\/\/wordpress.callac.online\/#website\",\"url\":\"https:\/\/wordpress.callac.online\/\",\"name\":\"Maths & Num\u00e9rique\",\"description\":\"Des outils pour les enseignants de math\u00e9matiques et de num\u00e9rique\",\"publisher\":{\"@id\":\"https:\/\/wordpress.callac.online\/#\/schema\/person\/04061f1ca2c2c42039142a704be95940\"},\"potentialAction\":[{\"@type\":\"SearchAction\",\"target\":{\"@type\":\"EntryPoint\",\"urlTemplate\":\"https:\/\/wordpress.callac.online\/?s={search_term_string}\"},\"query-input\":{\"@type\":\"PropertyValueSpecification\",\"valueRequired\":true,\"valueName\":\"search_term_string\"}}],\"inLanguage\":\"fr-FR\"},{\"@type\":[\"Person\",\"Organization\"],\"@id\":\"https:\/\/wordpress.callac.online\/#\/schema\/person\/04061f1ca2c2c42039142a704be95940\",\"name\":\"dlefur\",\"image\":{\"@type\":\"ImageObject\",\"inLanguage\":\"fr-FR\",\"@id\":\"https:\/\/wordpress.callac.online\/#\/schema\/person\/image\/\",\"url\":\"https:\/\/secure.gravatar.com\/avatar\/4a9e17be136808c6597f28aa2b6c13126dab066fdc2198ff60090972c9b7fafc?s=96&d=mm&r=g\",\"contentUrl\":\"https:\/\/secure.gravatar.com\/avatar\/4a9e17be136808c6597f28aa2b6c13126dab066fdc2198ff60090972c9b7fafc?s=96&d=mm&r=g\",\"caption\":\"dlefur\"},\"logo\":{\"@id\":\"https:\/\/wordpress.callac.online\/#\/schema\/person\/image\/\"},\"description\":\"Enseignant de math\u00e9matiques Lyc\u00e9e Pasteur S\u00e3o Paulo\",\"sameAs\":[\"http:\/\/wordpress.callac.online\"]}]}<\/script>\n<!-- \/ Yoast SEO plugin. -->","yoast_head_json":{"title":"Programmer les entr\u00e9es Arduino depuis Tinkercad - Maths &amp; Num\u00e9rique","robots":{"index":"index","follow":"follow","max-snippet":"max-snippet:-1","max-image-preview":"max-image-preview:large","max-video-preview":"max-video-preview:-1"},"canonical":"https:\/\/wordpress.callac.online\/index.php\/numerique\/arduino\/arduino-au-lycee\/programmer-entrees-arduino-tinkercad\/","og_locale":"fr_FR","og_type":"article","og_title":"Programmer les entr\u00e9es Arduino depuis Tinkercad - Maths &amp; Num\u00e9rique","og_description":"Introduction 1) Les r\u00e9sistances L&rsquo;essentiel Si vous \u00eates curieux &#8230; 2) Les tensions L&rsquo;essentiel Si vous \u00eates curieux &#8230; 3) Le diviseur de tensions L&rsquo;essentiel Si vous \u00eates curieux &#8230;&hellip;","og_url":"https:\/\/wordpress.callac.online\/index.php\/numerique\/arduino\/arduino-au-lycee\/programmer-entrees-arduino-tinkercad\/","og_site_name":"Maths &amp; Num\u00e9rique","article_modified_time":"2023-07-10T16:45:04+00:00","twitter_card":"summary_large_image","twitter_misc":{"Dur\u00e9e de lecture estim\u00e9e":"3 minutes"},"schema":{"@context":"https:\/\/schema.org","@graph":[{"@type":"WebPage","@id":"https:\/\/wordpress.callac.online\/index.php\/numerique\/arduino\/arduino-au-lycee\/programmer-entrees-arduino-tinkercad\/","url":"https:\/\/wordpress.callac.online\/index.php\/numerique\/arduino\/arduino-au-lycee\/programmer-entrees-arduino-tinkercad\/","name":"Programmer les entr\u00e9es Arduino depuis Tinkercad - Maths &amp; Num\u00e9rique","isPartOf":{"@id":"https:\/\/wordpress.callac.online\/#website"},"datePublished":"2023-07-08T21:02:36+00:00","dateModified":"2023-07-10T16:45:04+00:00","breadcrumb":{"@id":"https:\/\/wordpress.callac.online\/index.php\/numerique\/arduino\/arduino-au-lycee\/programmer-entrees-arduino-tinkercad\/#breadcrumb"},"inLanguage":"fr-FR","potentialAction":[{"@type":"ReadAction","target":["https:\/\/wordpress.callac.online\/index.php\/numerique\/arduino\/arduino-au-lycee\/programmer-entrees-arduino-tinkercad\/"]}]},{"@type":"BreadcrumbList","@id":"https:\/\/wordpress.callac.online\/index.php\/numerique\/arduino\/arduino-au-lycee\/programmer-entrees-arduino-tinkercad\/#breadcrumb","itemListElement":[{"@type":"ListItem","position":1,"name":"Accueil","item":"https:\/\/wordpress.callac.online\/"},{"@type":"ListItem","position":2,"name":"Num\u00e9rique","item":"https:\/\/wordpress.callac.online\/index.php\/numerique\/"},{"@type":"ListItem","position":3,"name":"Arduino","item":"https:\/\/wordpress.callac.online\/index.php\/numerique\/arduino\/"},{"@type":"ListItem","position":4,"name":"Arduino au lyc\u00e9e","item":"https:\/\/wordpress.callac.online\/index.php\/numerique\/arduino\/arduino-au-lycee\/"},{"@type":"ListItem","position":5,"name":"Programmer les entr\u00e9es Arduino depuis Tinkercad"}]},{"@type":"WebSite","@id":"https:\/\/wordpress.callac.online\/#website","url":"https:\/\/wordpress.callac.online\/","name":"Maths & Num\u00e9rique","description":"Des outils pour les enseignants de math\u00e9matiques et de num\u00e9rique","publisher":{"@id":"https:\/\/wordpress.callac.online\/#\/schema\/person\/04061f1ca2c2c42039142a704be95940"},"potentialAction":[{"@type":"SearchAction","target":{"@type":"EntryPoint","urlTemplate":"https:\/\/wordpress.callac.online\/?s={search_term_string}"},"query-input":{"@type":"PropertyValueSpecification","valueRequired":true,"valueName":"search_term_string"}}],"inLanguage":"fr-FR"},{"@type":["Person","Organization"],"@id":"https:\/\/wordpress.callac.online\/#\/schema\/person\/04061f1ca2c2c42039142a704be95940","name":"dlefur","image":{"@type":"ImageObject","inLanguage":"fr-FR","@id":"https:\/\/wordpress.callac.online\/#\/schema\/person\/image\/","url":"https:\/\/secure.gravatar.com\/avatar\/4a9e17be136808c6597f28aa2b6c13126dab066fdc2198ff60090972c9b7fafc?s=96&d=mm&r=g","contentUrl":"https:\/\/secure.gravatar.com\/avatar\/4a9e17be136808c6597f28aa2b6c13126dab066fdc2198ff60090972c9b7fafc?s=96&d=mm&r=g","caption":"dlefur"},"logo":{"@id":"https:\/\/wordpress.callac.online\/#\/schema\/person\/image\/"},"description":"Enseignant de math\u00e9matiques Lyc\u00e9e Pasteur S\u00e3o Paulo","sameAs":["http:\/\/wordpress.callac.online"]}]}},"_links":{"self":[{"href":"https:\/\/wordpress.callac.online\/index.php\/wp-json\/wp\/v2\/pages\/3553","targetHints":{"allow":["GET"]}}],"collection":[{"href":"https:\/\/wordpress.callac.online\/index.php\/wp-json\/wp\/v2\/pages"}],"about":[{"href":"https:\/\/wordpress.callac.online\/index.php\/wp-json\/wp\/v2\/types\/page"}],"author":[{"embeddable":true,"href":"https:\/\/wordpress.callac.online\/index.php\/wp-json\/wp\/v2\/users\/1"}],"replies":[{"embeddable":true,"href":"https:\/\/wordpress.callac.online\/index.php\/wp-json\/wp\/v2\/comments?post=3553"}],"version-history":[{"count":10,"href":"https:\/\/wordpress.callac.online\/index.php\/wp-json\/wp\/v2\/pages\/3553\/revisions"}],"predecessor-version":[{"id":3574,"href":"https:\/\/wordpress.callac.online\/index.php\/wp-json\/wp\/v2\/pages\/3553\/revisions\/3574"}],"up":[{"embeddable":true,"href":"https:\/\/wordpress.callac.online\/index.php\/wp-json\/wp\/v2\/pages\/264"}],"wp:attachment":[{"href":"https:\/\/wordpress.callac.online\/index.php\/wp-json\/wp\/v2\/media?parent=3553"}],"curies":[{"name":"wp","href":"https:\/\/api.w.org\/{rel}","templated":true}]}}