{"id":3641,"date":"2025-08-21T11:32:29","date_gmt":"2025-08-21T09:32:29","guid":{"rendered":"https:\/\/wordpress.callac.online\/index.php\/mes-partages\/des-generateurs-dexercices-par-niveau\/"},"modified":"2025-08-21T11:52:58","modified_gmt":"2025-08-21T09:52:58","slug":"des-generateurs-dexercices-par-niveau","status":"publish","type":"page","link":"https:\/\/wordpress.callac.online\/index.php\/mes-partages\/des-generateurs-dexercices-par-niveau\/","title":{"rendered":"Des g\u00e9n\u00e9rateurs d&#039;exercices par niveau"},"content":{"rendered":"\n<p>L&rsquo;id\u00e9e de ces g\u00e9n\u00e9rateurs est de permettre aux \u00e9l\u00e8ves de travailler une notion en autonomie. \u00c0 chacun de choisir les exercices <\/p>\n\n\n\n<ul class=\"wp-block-list\">\n<li>selon la notion,<\/li>\n\n\n\n<li>selon le niveau de difficult\u00e9.<\/li>\n<\/ul>\n\n\n\n<p>L&rsquo;objectif est d&rsquo;\u00e9viter de demander \u00e0 un \u00e9l\u00e8ve de faire un exercice inutile.<\/p>\n\n\n\n<p>Volontairement, les exercices ne sont pas corrig\u00e9s. Par contre, pour chaque notion, on touve un fichier pdf contenant des exercices type et leur corrig\u00e9.<\/p>\n\n\n\n<p>Ces exercices ont \u00e9t\u00e9 cr\u00e9\u00e9s avec l&rsquo;aide de l&rsquo;IA. N&rsquo;h\u00e9sitez pas \u00e0 me contacter si vous souhaitez les sources.<\/p>\n\n\n\n<ul class=\"wp-block-list\">\n<li><a href=\"https:\/\/filedn.com\/lpKG7uY9hIHVel5exA5Ik80\/Generateurs\/Gene_5\/index.html\" target=\"_blank\" rel=\"noreferrer noopener\">5\u00e8me<\/a><\/li>\n\n\n\n<li>4\u00e8me<\/li>\n\n\n\n<li><a href=\"https:\/\/filedn.com\/lpKG7uY9hIHVel5exA5Ik80\/Generateurs\/Gene_3\/index.html\">3\u00e8<\/a><a href=\"https:\/\/filedn.com\/lpKG7uY9hIHVel5exA5Ik80\/Generateurs\/Gene_3\/index.html\" target=\"_blank\" rel=\"noreferrer noopener\">m<\/a><a href=\"https:\/\/filedn.com\/lpKG7uY9hIHVel5exA5Ik80\/Generateurs\/Gene_3\/index.html\">e<\/a><\/li>\n\n\n\n<li><a href=\"https:\/\/filedn.com\/lpKG7uY9hIHVel5exA5Ik80\/Generateurs\/Gene_2\/index.html\" target=\"_blank\" rel=\"noreferrer noopener\">2nde<\/a><\/li>\n\n\n\n<li><a href=\"https:\/\/filedn.com\/lpKG7uY9hIHVel5exA5Ik80\/Generateurs\/Gene_1\/index.html\" target=\"_blank\" rel=\"noreferrer noopener\">1\u00e8re (sp\u00e9 maths)<\/a><\/li>\n\n\n\n<li>Term (sp\u00e9 maths)<\/li>\n\n\n\n<li><a href=\"https:\/\/filedn.com\/lpKG7uY9hIHVel5exA5Ik80\/Generateurs\/Gene_Exp\/index.html\" target=\"_blank\" rel=\"noreferrer noopener\">Term (Maths Expertes)<\/a><\/li>\n<\/ul>\n\n\n\n<p><\/p>\n","protected":false},"excerpt":{"rendered":"<p>L&rsquo;id\u00e9e de ces g\u00e9n\u00e9rateurs est de permettre aux \u00e9l\u00e8ves de travailler une notion en autonomie. \u00c0 chacun de choisir les exercices L&rsquo;objectif est d&rsquo;\u00e9viter de demander \u00e0 un \u00e9l\u00e8ve de&hellip;<\/p>\n","protected":false},"author":1,"featured_media":0,"parent":970,"menu_order":0,"comment_status":"closed","ping_status":"closed","template":"","meta":{"footnotes":""},"class_list":["post-3641","page","type-page","status-publish","hentry"],"yoast_head":"<!-- This site is optimized with the Yoast SEO plugin v27.1.1 - https:\/\/yoast.com\/product\/yoast-seo-wordpress\/ -->\n<title>Des g\u00e9n\u00e9rateurs d&#039;exercices par niveau - Maths &amp; Num\u00e9rique<\/title>\n<meta name=\"robots\" content=\"index, follow, max-snippet:-1, max-image-preview:large, max-video-preview:-1\" \/>\n<link rel=\"canonical\" href=\"https:\/\/wordpress.callac.online\/index.php\/mes-partages\/des-generateurs-dexercices-par-niveau\/\" \/>\n<meta property=\"og:locale\" content=\"fr_FR\" \/>\n<meta property=\"og:type\" content=\"article\" \/>\n<meta property=\"og:title\" content=\"Des g\u00e9n\u00e9rateurs d&#039;exercices par niveau - Maths &amp; Num\u00e9rique\" \/>\n<meta property=\"og:description\" content=\"L&rsquo;id\u00e9e de ces g\u00e9n\u00e9rateurs est de permettre aux \u00e9l\u00e8ves de travailler une notion en autonomie. \u00c0 chacun de choisir les exercices L&rsquo;objectif est d&rsquo;\u00e9viter de demander \u00e0 un \u00e9l\u00e8ve de&hellip;\" \/>\n<meta property=\"og:url\" content=\"https:\/\/wordpress.callac.online\/index.php\/mes-partages\/des-generateurs-dexercices-par-niveau\/\" \/>\n<meta property=\"og:site_name\" content=\"Maths &amp; Num\u00e9rique\" \/>\n<meta property=\"article:modified_time\" content=\"2025-08-21T09:52:58+00:00\" \/>\n<meta name=\"twitter:card\" content=\"summary_large_image\" \/>\n<meta name=\"twitter:label1\" content=\"Dur\u00e9e de lecture estim\u00e9e\" \/>\n\t<meta name=\"twitter:data1\" content=\"1 minute\" \/>\n<script type=\"application\/ld+json\" class=\"yoast-schema-graph\">{\"@context\":\"https:\/\/schema.org\",\"@graph\":[{\"@type\":\"WebPage\",\"@id\":\"https:\/\/wordpress.callac.online\/index.php\/mes-partages\/des-generateurs-dexercices-par-niveau\/\",\"url\":\"https:\/\/wordpress.callac.online\/index.php\/mes-partages\/des-generateurs-dexercices-par-niveau\/\",\"name\":\"Des g\u00e9n\u00e9rateurs d&#039;exercices par niveau - Maths &amp; Num\u00e9rique\",\"isPartOf\":{\"@id\":\"https:\/\/wordpress.callac.online\/#website\"},\"datePublished\":\"2025-08-21T09:32:29+00:00\",\"dateModified\":\"2025-08-21T09:52:58+00:00\",\"breadcrumb\":{\"@id\":\"https:\/\/wordpress.callac.online\/index.php\/mes-partages\/des-generateurs-dexercices-par-niveau\/#breadcrumb\"},\"inLanguage\":\"fr-FR\",\"potentialAction\":[{\"@type\":\"ReadAction\",\"target\":[\"https:\/\/wordpress.callac.online\/index.php\/mes-partages\/des-generateurs-dexercices-par-niveau\/\"]}]},{\"@type\":\"BreadcrumbList\",\"@id\":\"https:\/\/wordpress.callac.online\/index.php\/mes-partages\/des-generateurs-dexercices-par-niveau\/#breadcrumb\",\"itemListElement\":[{\"@type\":\"ListItem\",\"position\":1,\"name\":\"Accueil\",\"item\":\"https:\/\/wordpress.callac.online\/\"},{\"@type\":\"ListItem\",\"position\":2,\"name\":\"Mes partages\",\"item\":\"https:\/\/wordpress.callac.online\/index.php\/mes-partages\/\"},{\"@type\":\"ListItem\",\"position\":3,\"name\":\"Des g\u00e9n\u00e9rateurs d&#039;exercices par niveau\"}]},{\"@type\":\"WebSite\",\"@id\":\"https:\/\/wordpress.callac.online\/#website\",\"url\":\"https:\/\/wordpress.callac.online\/\",\"name\":\"Maths & Num\u00e9rique\",\"description\":\"Des outils pour les enseignants de math\u00e9matiques et de num\u00e9rique\",\"publisher\":{\"@id\":\"https:\/\/wordpress.callac.online\/#\/schema\/person\/04061f1ca2c2c42039142a704be95940\"},\"potentialAction\":[{\"@type\":\"SearchAction\",\"target\":{\"@type\":\"EntryPoint\",\"urlTemplate\":\"https:\/\/wordpress.callac.online\/?s={search_term_string}\"},\"query-input\":{\"@type\":\"PropertyValueSpecification\",\"valueRequired\":true,\"valueName\":\"search_term_string\"}}],\"inLanguage\":\"fr-FR\"},{\"@type\":[\"Person\",\"Organization\"],\"@id\":\"https:\/\/wordpress.callac.online\/#\/schema\/person\/04061f1ca2c2c42039142a704be95940\",\"name\":\"dlefur\",\"image\":{\"@type\":\"ImageObject\",\"inLanguage\":\"fr-FR\",\"@id\":\"https:\/\/wordpress.callac.online\/#\/schema\/person\/image\/\",\"url\":\"https:\/\/secure.gravatar.com\/avatar\/4a9e17be136808c6597f28aa2b6c13126dab066fdc2198ff60090972c9b7fafc?s=96&d=mm&r=g\",\"contentUrl\":\"https:\/\/secure.gravatar.com\/avatar\/4a9e17be136808c6597f28aa2b6c13126dab066fdc2198ff60090972c9b7fafc?s=96&d=mm&r=g\",\"caption\":\"dlefur\"},\"logo\":{\"@id\":\"https:\/\/wordpress.callac.online\/#\/schema\/person\/image\/\"},\"description\":\"Enseignant de math\u00e9matiques Lyc\u00e9e Pasteur S\u00e3o Paulo\",\"sameAs\":[\"http:\/\/wordpress.callac.online\"]}]}<\/script>\n<!-- \/ Yoast SEO plugin. -->","yoast_head_json":{"title":"Des g\u00e9n\u00e9rateurs d&#039;exercices par niveau - Maths &amp; Num\u00e9rique","robots":{"index":"index","follow":"follow","max-snippet":"max-snippet:-1","max-image-preview":"max-image-preview:large","max-video-preview":"max-video-preview:-1"},"canonical":"https:\/\/wordpress.callac.online\/index.php\/mes-partages\/des-generateurs-dexercices-par-niveau\/","og_locale":"fr_FR","og_type":"article","og_title":"Des g\u00e9n\u00e9rateurs d&#039;exercices par niveau - Maths &amp; Num\u00e9rique","og_description":"L&rsquo;id\u00e9e de ces g\u00e9n\u00e9rateurs est de permettre aux \u00e9l\u00e8ves de travailler une notion en autonomie. \u00c0 chacun de choisir les exercices L&rsquo;objectif est d&rsquo;\u00e9viter de demander \u00e0 un \u00e9l\u00e8ve de&hellip;","og_url":"https:\/\/wordpress.callac.online\/index.php\/mes-partages\/des-generateurs-dexercices-par-niveau\/","og_site_name":"Maths &amp; Num\u00e9rique","article_modified_time":"2025-08-21T09:52:58+00:00","twitter_card":"summary_large_image","twitter_misc":{"Dur\u00e9e de lecture estim\u00e9e":"1 minute"},"schema":{"@context":"https:\/\/schema.org","@graph":[{"@type":"WebPage","@id":"https:\/\/wordpress.callac.online\/index.php\/mes-partages\/des-generateurs-dexercices-par-niveau\/","url":"https:\/\/wordpress.callac.online\/index.php\/mes-partages\/des-generateurs-dexercices-par-niveau\/","name":"Des g\u00e9n\u00e9rateurs d&#039;exercices par niveau - Maths &amp; Num\u00e9rique","isPartOf":{"@id":"https:\/\/wordpress.callac.online\/#website"},"datePublished":"2025-08-21T09:32:29+00:00","dateModified":"2025-08-21T09:52:58+00:00","breadcrumb":{"@id":"https:\/\/wordpress.callac.online\/index.php\/mes-partages\/des-generateurs-dexercices-par-niveau\/#breadcrumb"},"inLanguage":"fr-FR","potentialAction":[{"@type":"ReadAction","target":["https:\/\/wordpress.callac.online\/index.php\/mes-partages\/des-generateurs-dexercices-par-niveau\/"]}]},{"@type":"BreadcrumbList","@id":"https:\/\/wordpress.callac.online\/index.php\/mes-partages\/des-generateurs-dexercices-par-niveau\/#breadcrumb","itemListElement":[{"@type":"ListItem","position":1,"name":"Accueil","item":"https:\/\/wordpress.callac.online\/"},{"@type":"ListItem","position":2,"name":"Mes partages","item":"https:\/\/wordpress.callac.online\/index.php\/mes-partages\/"},{"@type":"ListItem","position":3,"name":"Des g\u00e9n\u00e9rateurs d&#039;exercices par niveau"}]},{"@type":"WebSite","@id":"https:\/\/wordpress.callac.online\/#website","url":"https:\/\/wordpress.callac.online\/","name":"Maths & Num\u00e9rique","description":"Des outils pour les enseignants de math\u00e9matiques et de num\u00e9rique","publisher":{"@id":"https:\/\/wordpress.callac.online\/#\/schema\/person\/04061f1ca2c2c42039142a704be95940"},"potentialAction":[{"@type":"SearchAction","target":{"@type":"EntryPoint","urlTemplate":"https:\/\/wordpress.callac.online\/?s={search_term_string}"},"query-input":{"@type":"PropertyValueSpecification","valueRequired":true,"valueName":"search_term_string"}}],"inLanguage":"fr-FR"},{"@type":["Person","Organization"],"@id":"https:\/\/wordpress.callac.online\/#\/schema\/person\/04061f1ca2c2c42039142a704be95940","name":"dlefur","image":{"@type":"ImageObject","inLanguage":"fr-FR","@id":"https:\/\/wordpress.callac.online\/#\/schema\/person\/image\/","url":"https:\/\/secure.gravatar.com\/avatar\/4a9e17be136808c6597f28aa2b6c13126dab066fdc2198ff60090972c9b7fafc?s=96&d=mm&r=g","contentUrl":"https:\/\/secure.gravatar.com\/avatar\/4a9e17be136808c6597f28aa2b6c13126dab066fdc2198ff60090972c9b7fafc?s=96&d=mm&r=g","caption":"dlefur"},"logo":{"@id":"https:\/\/wordpress.callac.online\/#\/schema\/person\/image\/"},"description":"Enseignant de math\u00e9matiques Lyc\u00e9e Pasteur S\u00e3o Paulo","sameAs":["http:\/\/wordpress.callac.online"]}]}},"_links":{"self":[{"href":"https:\/\/wordpress.callac.online\/index.php\/wp-json\/wp\/v2\/pages\/3641","targetHints":{"allow":["GET"]}}],"collection":[{"href":"https:\/\/wordpress.callac.online\/index.php\/wp-json\/wp\/v2\/pages"}],"about":[{"href":"https:\/\/wordpress.callac.online\/index.php\/wp-json\/wp\/v2\/types\/page"}],"author":[{"embeddable":true,"href":"https:\/\/wordpress.callac.online\/index.php\/wp-json\/wp\/v2\/users\/1"}],"replies":[{"embeddable":true,"href":"https:\/\/wordpress.callac.online\/index.php\/wp-json\/wp\/v2\/comments?post=3641"}],"version-history":[{"count":3,"href":"https:\/\/wordpress.callac.online\/index.php\/wp-json\/wp\/v2\/pages\/3641\/revisions"}],"predecessor-version":[{"id":3651,"href":"https:\/\/wordpress.callac.online\/index.php\/wp-json\/wp\/v2\/pages\/3641\/revisions\/3651"}],"up":[{"embeddable":true,"href":"https:\/\/wordpress.callac.online\/index.php\/wp-json\/wp\/v2\/pages\/970"}],"wp:attachment":[{"href":"https:\/\/wordpress.callac.online\/index.php\/wp-json\/wp\/v2\/media?parent=3641"}],"curies":[{"name":"wp","href":"https:\/\/api.w.org\/{rel}","templated":true}]}}