{"id":54,"date":"2007-05-26T12:58:00","date_gmt":"2007-05-26T10:58:00","guid":{"rendered":"http:\/\/wordpress.callac.online\/index.php\/figure-classique-ou-figure-a-main-levee\/"},"modified":"2023-10-14T20:12:39","modified_gmt":"2023-10-14T18:12:39","slug":"figure-classique-ou-figure-a-main-levee","status":"publish","type":"page","link":"https:\/\/wordpress.callac.online\/index.php\/edition-mathematique\/metapost\/figures-geometriques\/figure-classique-ou-figure-a-main-levee\/","title":{"rendered":"Figure classique ou figure \u00e0  main lev\u00e9e ?"},"content":{"rendered":"<p>Avec les macros de Christophe Poulain, on peut choisir de cr\u00e9er une figure classique ou une figure \u00e0 main lev\u00e9e.<\/p>\n<p>Pour cela, il suffit de remplacer dans la structure du fichier la commande <em>figure(xa,ya,xb,yb)<\/em> par <em>figuremainlevee(xa,ya,xb,yb)<\/em>.<\/p>\n<p>On rappelle que les deux points donn\u00e9s limitent la zone rectangulaire de la figure, le reste \u00e9tant coup\u00e9.<\/p>\n<p>Voici deux exemples :<\/p>\n<figure id=\"attachment_526\" aria-describedby=\"caption-attachment-526\" style=\"width: 605px\" class=\"wp-caption aligncenter\"><img loading=\"lazy\" decoding=\"async\" class=\" aligncenter size-full wp-image-526\" title=\"Exemples de figures\" src=\"http:\/\/wordpress.callac.online\/wp-content\/uploads\/2007\/05\/jpg_figure1.jpg\" alt=\"Exemples de figures\" width=\"605\" height=\"174\" align=\"center\" srcset=\"https:\/\/wordpress.callac.online\/wp-content\/uploads\/2007\/05\/jpg_figure1.jpg 605w, https:\/\/wordpress.callac.online\/wp-content\/uploads\/2007\/05\/jpg_figure1-300x86.jpg 300w\" sizes=\"auto, (max-width: 605px) 100vw, 605px\" \/><figcaption id=\"caption-attachment-526\" class=\"wp-caption-text\">Exemples de figures<\/figcaption><\/figure>\n<p>Un ensemble de figures \u00e0 main lev\u00e9e est propos\u00e9 \u00e0 l&rsquo;article intitul\u00e9 : <a href=\"https:\/\/wordpress.callac.online\/index.php\/edition-mathematique\/metapost\/figures-geometriques\/des-exemples-de-figures-a-main-levee\/\">\u00ab\u00a0Exemples de figures \u00e0 main lev\u00e9e\u00a0\u00bb<\/a>.<\/p>\n<p>Pour que les figures soient effectivement \u00e0 main lev\u00e9e, l&rsquo;utilisateur devra utiliser les fonctions red\u00e9finies par Christophe Poulain :<br \/>\n&#8211; <em> trace <\/em> au lien de <em> draw <\/em>;<br \/>\n&#8211; <em> segment(A,B) <\/em> au lien de <em> A&#8211;B <\/em> ;<br \/>\n&#8211; <em> polygone(A,B,C,D) <\/em> au lien de <em> A&#8211;B&#8211;C&#8211;D&#8211;cycle <\/em> ;<br \/>\n&#8211; &#8230;<\/p>\n<hr \/>\n","protected":false},"excerpt":{"rendered":"<p>Avec les macros de Christophe Poulain, on peut choisir de cr\u00e9er une figure classique ou une figure \u00e0 main lev\u00e9e. Pour cela, il suffit de remplacer dans la structure du&hellip;<\/p>\n","protected":false},"author":1,"featured_media":0,"parent":2412,"menu_order":1,"comment_status":"closed","ping_status":"closed","template":"","meta":{"footnotes":""},"class_list":["post-54","page","type-page","status-publish","hentry"],"yoast_head":"<!-- This site is optimized with the Yoast SEO plugin v27.1.1 - https:\/\/yoast.com\/product\/yoast-seo-wordpress\/ -->\n<title>Figure classique ou figure \u00e0 main lev\u00e9e ? - Maths &amp; Num\u00e9rique<\/title>\n<meta name=\"robots\" content=\"index, follow, max-snippet:-1, max-image-preview:large, max-video-preview:-1\" \/>\n<link rel=\"canonical\" href=\"https:\/\/wordpress.callac.online\/index.php\/edition-mathematique\/metapost\/figures-geometriques\/figure-classique-ou-figure-a-main-levee\/\" \/>\n<meta property=\"og:locale\" content=\"fr_FR\" \/>\n<meta property=\"og:type\" content=\"article\" \/>\n<meta property=\"og:title\" content=\"Figure classique ou figure \u00e0 main lev\u00e9e ? - Maths &amp; Num\u00e9rique\" \/>\n<meta property=\"og:description\" content=\"Avec les macros de Christophe Poulain, on peut choisir de cr\u00e9er une figure classique ou une figure \u00e0 main lev\u00e9e. Pour cela, il suffit de remplacer dans la structure du&hellip;\" \/>\n<meta property=\"og:url\" content=\"https:\/\/wordpress.callac.online\/index.php\/edition-mathematique\/metapost\/figures-geometriques\/figure-classique-ou-figure-a-main-levee\/\" \/>\n<meta property=\"og:site_name\" content=\"Maths &amp; Num\u00e9rique\" \/>\n<meta property=\"article:modified_time\" content=\"2023-10-14T18:12:39+00:00\" \/>\n<meta property=\"og:image\" content=\"http:\/\/wordpress.callac.online\/wp-content\/uploads\/2007\/05\/jpg_figure1.jpg\" \/>\n<meta name=\"twitter:card\" content=\"summary_large_image\" \/>\n<meta name=\"twitter:label1\" content=\"Dur\u00e9e de lecture estim\u00e9e\" \/>\n\t<meta name=\"twitter:data1\" content=\"1 minute\" \/>\n<script type=\"application\/ld+json\" class=\"yoast-schema-graph\">{\"@context\":\"https:\/\/schema.org\",\"@graph\":[{\"@type\":\"WebPage\",\"@id\":\"https:\/\/wordpress.callac.online\/index.php\/edition-mathematique\/metapost\/figures-geometriques\/figure-classique-ou-figure-a-main-levee\/\",\"url\":\"https:\/\/wordpress.callac.online\/index.php\/edition-mathematique\/metapost\/figures-geometriques\/figure-classique-ou-figure-a-main-levee\/\",\"name\":\"Figure classique ou figure \u00e0 main lev\u00e9e ? - Maths &amp; Num\u00e9rique\",\"isPartOf\":{\"@id\":\"https:\/\/wordpress.callac.online\/#website\"},\"primaryImageOfPage\":{\"@id\":\"https:\/\/wordpress.callac.online\/index.php\/edition-mathematique\/metapost\/figures-geometriques\/figure-classique-ou-figure-a-main-levee\/#primaryimage\"},\"image\":{\"@id\":\"https:\/\/wordpress.callac.online\/index.php\/edition-mathematique\/metapost\/figures-geometriques\/figure-classique-ou-figure-a-main-levee\/#primaryimage\"},\"thumbnailUrl\":\"http:\/\/wordpress.callac.online\/wp-content\/uploads\/2007\/05\/jpg_figure1.jpg\",\"datePublished\":\"2007-05-26T10:58:00+00:00\",\"dateModified\":\"2023-10-14T18:12:39+00:00\",\"breadcrumb\":{\"@id\":\"https:\/\/wordpress.callac.online\/index.php\/edition-mathematique\/metapost\/figures-geometriques\/figure-classique-ou-figure-a-main-levee\/#breadcrumb\"},\"inLanguage\":\"fr-FR\",\"potentialAction\":[{\"@type\":\"ReadAction\",\"target\":[\"https:\/\/wordpress.callac.online\/index.php\/edition-mathematique\/metapost\/figures-geometriques\/figure-classique-ou-figure-a-main-levee\/\"]}]},{\"@type\":\"ImageObject\",\"inLanguage\":\"fr-FR\",\"@id\":\"https:\/\/wordpress.callac.online\/index.php\/edition-mathematique\/metapost\/figures-geometriques\/figure-classique-ou-figure-a-main-levee\/#primaryimage\",\"url\":\"https:\/\/wordpress.callac.online\/wp-content\/uploads\/2007\/05\/jpg_figure1.jpg\",\"contentUrl\":\"https:\/\/wordpress.callac.online\/wp-content\/uploads\/2007\/05\/jpg_figure1.jpg\",\"width\":605,\"height\":174,\"caption\":\"Exemples de figures\"},{\"@type\":\"BreadcrumbList\",\"@id\":\"https:\/\/wordpress.callac.online\/index.php\/edition-mathematique\/metapost\/figures-geometriques\/figure-classique-ou-figure-a-main-levee\/#breadcrumb\",\"itemListElement\":[{\"@type\":\"ListItem\",\"position\":1,\"name\":\"Accueil\",\"item\":\"https:\/\/wordpress.callac.online\/\"},{\"@type\":\"ListItem\",\"position\":2,\"name\":\"\u00c9dition math\u00e9matique\",\"item\":\"https:\/\/wordpress.callac.online\/index.php\/edition-mathematique\/\"},{\"@type\":\"ListItem\",\"position\":3,\"name\":\"Metapost\",\"item\":\"https:\/\/wordpress.callac.online\/index.php\/edition-mathematique\/metapost\/\"},{\"@type\":\"ListItem\",\"position\":4,\"name\":\"Figures g\u00e9om\u00e9triques\",\"item\":\"https:\/\/wordpress.callac.online\/index.php\/edition-mathematique\/metapost\/figures-geometriques\/\"},{\"@type\":\"ListItem\",\"position\":5,\"name\":\"Figure classique ou figure \u00e0 main lev\u00e9e ?\"}]},{\"@type\":\"WebSite\",\"@id\":\"https:\/\/wordpress.callac.online\/#website\",\"url\":\"https:\/\/wordpress.callac.online\/\",\"name\":\"Maths & Num\u00e9rique\",\"description\":\"Des outils pour les enseignants de math\u00e9matiques et de num\u00e9rique\",\"publisher\":{\"@id\":\"https:\/\/wordpress.callac.online\/#\/schema\/person\/04061f1ca2c2c42039142a704be95940\"},\"potentialAction\":[{\"@type\":\"SearchAction\",\"target\":{\"@type\":\"EntryPoint\",\"urlTemplate\":\"https:\/\/wordpress.callac.online\/?s={search_term_string}\"},\"query-input\":{\"@type\":\"PropertyValueSpecification\",\"valueRequired\":true,\"valueName\":\"search_term_string\"}}],\"inLanguage\":\"fr-FR\"},{\"@type\":[\"Person\",\"Organization\"],\"@id\":\"https:\/\/wordpress.callac.online\/#\/schema\/person\/04061f1ca2c2c42039142a704be95940\",\"name\":\"dlefur\",\"image\":{\"@type\":\"ImageObject\",\"inLanguage\":\"fr-FR\",\"@id\":\"https:\/\/wordpress.callac.online\/#\/schema\/person\/image\/\",\"url\":\"https:\/\/secure.gravatar.com\/avatar\/4a9e17be136808c6597f28aa2b6c13126dab066fdc2198ff60090972c9b7fafc?s=96&d=mm&r=g\",\"contentUrl\":\"https:\/\/secure.gravatar.com\/avatar\/4a9e17be136808c6597f28aa2b6c13126dab066fdc2198ff60090972c9b7fafc?s=96&d=mm&r=g\",\"caption\":\"dlefur\"},\"logo\":{\"@id\":\"https:\/\/wordpress.callac.online\/#\/schema\/person\/image\/\"},\"description\":\"Enseignant de math\u00e9matiques Lyc\u00e9e Pasteur S\u00e3o Paulo\",\"sameAs\":[\"http:\/\/wordpress.callac.online\"]}]}<\/script>\n<!-- \/ Yoast SEO plugin. -->","yoast_head_json":{"title":"Figure classique ou figure \u00e0 main lev\u00e9e ? - Maths &amp; Num\u00e9rique","robots":{"index":"index","follow":"follow","max-snippet":"max-snippet:-1","max-image-preview":"max-image-preview:large","max-video-preview":"max-video-preview:-1"},"canonical":"https:\/\/wordpress.callac.online\/index.php\/edition-mathematique\/metapost\/figures-geometriques\/figure-classique-ou-figure-a-main-levee\/","og_locale":"fr_FR","og_type":"article","og_title":"Figure classique ou figure \u00e0 main lev\u00e9e ? - Maths &amp; Num\u00e9rique","og_description":"Avec les macros de Christophe Poulain, on peut choisir de cr\u00e9er une figure classique ou une figure \u00e0 main lev\u00e9e. Pour cela, il suffit de remplacer dans la structure du&hellip;","og_url":"https:\/\/wordpress.callac.online\/index.php\/edition-mathematique\/metapost\/figures-geometriques\/figure-classique-ou-figure-a-main-levee\/","og_site_name":"Maths &amp; Num\u00e9rique","article_modified_time":"2023-10-14T18:12:39+00:00","og_image":[{"url":"http:\/\/wordpress.callac.online\/wp-content\/uploads\/2007\/05\/jpg_figure1.jpg","type":"","width":"","height":""}],"twitter_card":"summary_large_image","twitter_misc":{"Dur\u00e9e de lecture estim\u00e9e":"1 minute"},"schema":{"@context":"https:\/\/schema.org","@graph":[{"@type":"WebPage","@id":"https:\/\/wordpress.callac.online\/index.php\/edition-mathematique\/metapost\/figures-geometriques\/figure-classique-ou-figure-a-main-levee\/","url":"https:\/\/wordpress.callac.online\/index.php\/edition-mathematique\/metapost\/figures-geometriques\/figure-classique-ou-figure-a-main-levee\/","name":"Figure classique ou figure \u00e0 main lev\u00e9e ? - Maths &amp; Num\u00e9rique","isPartOf":{"@id":"https:\/\/wordpress.callac.online\/#website"},"primaryImageOfPage":{"@id":"https:\/\/wordpress.callac.online\/index.php\/edition-mathematique\/metapost\/figures-geometriques\/figure-classique-ou-figure-a-main-levee\/#primaryimage"},"image":{"@id":"https:\/\/wordpress.callac.online\/index.php\/edition-mathematique\/metapost\/figures-geometriques\/figure-classique-ou-figure-a-main-levee\/#primaryimage"},"thumbnailUrl":"http:\/\/wordpress.callac.online\/wp-content\/uploads\/2007\/05\/jpg_figure1.jpg","datePublished":"2007-05-26T10:58:00+00:00","dateModified":"2023-10-14T18:12:39+00:00","breadcrumb":{"@id":"https:\/\/wordpress.callac.online\/index.php\/edition-mathematique\/metapost\/figures-geometriques\/figure-classique-ou-figure-a-main-levee\/#breadcrumb"},"inLanguage":"fr-FR","potentialAction":[{"@type":"ReadAction","target":["https:\/\/wordpress.callac.online\/index.php\/edition-mathematique\/metapost\/figures-geometriques\/figure-classique-ou-figure-a-main-levee\/"]}]},{"@type":"ImageObject","inLanguage":"fr-FR","@id":"https:\/\/wordpress.callac.online\/index.php\/edition-mathematique\/metapost\/figures-geometriques\/figure-classique-ou-figure-a-main-levee\/#primaryimage","url":"https:\/\/wordpress.callac.online\/wp-content\/uploads\/2007\/05\/jpg_figure1.jpg","contentUrl":"https:\/\/wordpress.callac.online\/wp-content\/uploads\/2007\/05\/jpg_figure1.jpg","width":605,"height":174,"caption":"Exemples de figures"},{"@type":"BreadcrumbList","@id":"https:\/\/wordpress.callac.online\/index.php\/edition-mathematique\/metapost\/figures-geometriques\/figure-classique-ou-figure-a-main-levee\/#breadcrumb","itemListElement":[{"@type":"ListItem","position":1,"name":"Accueil","item":"https:\/\/wordpress.callac.online\/"},{"@type":"ListItem","position":2,"name":"\u00c9dition math\u00e9matique","item":"https:\/\/wordpress.callac.online\/index.php\/edition-mathematique\/"},{"@type":"ListItem","position":3,"name":"Metapost","item":"https:\/\/wordpress.callac.online\/index.php\/edition-mathematique\/metapost\/"},{"@type":"ListItem","position":4,"name":"Figures g\u00e9om\u00e9triques","item":"https:\/\/wordpress.callac.online\/index.php\/edition-mathematique\/metapost\/figures-geometriques\/"},{"@type":"ListItem","position":5,"name":"Figure classique ou figure \u00e0 main lev\u00e9e ?"}]},{"@type":"WebSite","@id":"https:\/\/wordpress.callac.online\/#website","url":"https:\/\/wordpress.callac.online\/","name":"Maths & Num\u00e9rique","description":"Des outils pour les enseignants de math\u00e9matiques et de num\u00e9rique","publisher":{"@id":"https:\/\/wordpress.callac.online\/#\/schema\/person\/04061f1ca2c2c42039142a704be95940"},"potentialAction":[{"@type":"SearchAction","target":{"@type":"EntryPoint","urlTemplate":"https:\/\/wordpress.callac.online\/?s={search_term_string}"},"query-input":{"@type":"PropertyValueSpecification","valueRequired":true,"valueName":"search_term_string"}}],"inLanguage":"fr-FR"},{"@type":["Person","Organization"],"@id":"https:\/\/wordpress.callac.online\/#\/schema\/person\/04061f1ca2c2c42039142a704be95940","name":"dlefur","image":{"@type":"ImageObject","inLanguage":"fr-FR","@id":"https:\/\/wordpress.callac.online\/#\/schema\/person\/image\/","url":"https:\/\/secure.gravatar.com\/avatar\/4a9e17be136808c6597f28aa2b6c13126dab066fdc2198ff60090972c9b7fafc?s=96&d=mm&r=g","contentUrl":"https:\/\/secure.gravatar.com\/avatar\/4a9e17be136808c6597f28aa2b6c13126dab066fdc2198ff60090972c9b7fafc?s=96&d=mm&r=g","caption":"dlefur"},"logo":{"@id":"https:\/\/wordpress.callac.online\/#\/schema\/person\/image\/"},"description":"Enseignant de math\u00e9matiques Lyc\u00e9e Pasteur S\u00e3o Paulo","sameAs":["http:\/\/wordpress.callac.online"]}]}},"_links":{"self":[{"href":"https:\/\/wordpress.callac.online\/index.php\/wp-json\/wp\/v2\/pages\/54","targetHints":{"allow":["GET"]}}],"collection":[{"href":"https:\/\/wordpress.callac.online\/index.php\/wp-json\/wp\/v2\/pages"}],"about":[{"href":"https:\/\/wordpress.callac.online\/index.php\/wp-json\/wp\/v2\/types\/page"}],"author":[{"embeddable":true,"href":"https:\/\/wordpress.callac.online\/index.php\/wp-json\/wp\/v2\/users\/1"}],"replies":[{"embeddable":true,"href":"https:\/\/wordpress.callac.online\/index.php\/wp-json\/wp\/v2\/comments?post=54"}],"version-history":[{"count":2,"href":"https:\/\/wordpress.callac.online\/index.php\/wp-json\/wp\/v2\/pages\/54\/revisions"}],"predecessor-version":[{"id":2426,"href":"https:\/\/wordpress.callac.online\/index.php\/wp-json\/wp\/v2\/pages\/54\/revisions\/2426"}],"up":[{"embeddable":true,"href":"https:\/\/wordpress.callac.online\/index.php\/wp-json\/wp\/v2\/pages\/2412"}],"wp:attachment":[{"href":"https:\/\/wordpress.callac.online\/index.php\/wp-json\/wp\/v2\/media?parent=54"}],"curies":[{"name":"wp","href":"https:\/\/api.w.org\/{rel}","templated":true}]}}