{"id":9,"date":"2009-07-06T12:03:00","date_gmt":"2009-07-06T10:03:00","guid":{"rendered":"http:\/\/wordpress.callac.online\/index.php\/editer-un-fichier-latex-sous-gedit\/"},"modified":"2023-10-14T20:12:07","modified_gmt":"2023-10-14T18:12:07","slug":"editer-un-fichier-latex-sous-gedit","status":"publish","type":"page","link":"https:\/\/wordpress.callac.online\/index.php\/edition-mathematique\/latex\/editer-un-fichier-latex-sous-gedit\/","title":{"rendered":"Editer un fichier LaTeX sous Gedit"},"content":{"rendered":"<p>Pour \u00e9diter facilement un fichier LaTeX sous Gedit, j&rsquo;utilise pleinement le greffon \u00ab\u00a0Extraits de codes\u00a0\u00bb.<\/p>\n<p>Cet outil me para\u00eet maintenant indispensable pour taper rapidement un texte math\u00e9matique.<\/p>\n<p>On trouvera des explications sur ce greffon <a href=\"http:\/\/live.gnome.org\/Gedit\/Plugins\/Snippets\">ici<\/a>.<\/p>\n<h2>Une vid\u00e9o de pr\u00e9sentation<\/h2>\n<hr \/>\n<p>Le lien ci-dessous une vid\u00e9o de pr\u00e9sentation de l&rsquo;utilisation de Gedit et de mes outils pour \u00e9diter un document LaTeX :<\/p>\n<p><iframe loading=\"lazy\" src=\"https:\/\/www.youtube.com\/embed\/QtJdLaP6ddg\" width=\"420\" height=\"315\" frameborder=\"0\" allowfullscreen=\"allowfullscreen\"><\/iframe><\/p>\n<p>Vous trouverez <a href=\"https:\/\/filedn.com\/lpKG7uY9hIHVel5exA5Ik80\/Wordpress\/%C3%89dition%20math%C3%A9matiques\/Videos\/gedit_latex.ogv\">ici<\/a> une version t\u00e9l\u00e9chargeable de cette vid\u00e9o.<\/p>\n<h2>L&rsquo;installation<\/h2>\n<hr \/>\n<p>L&rsquo;ensemble de l&rsquo;installation est expliqu\u00e9e <a href=\"https:\/\/wordpress.callac.online\/index.php\/edition-mathematique\/metapost\/gedit-mon-editeur-metapost\/linstallation-de-mes-outils-pour-metapost-et-latex-avec-gedit\/\">ici<\/a>.<\/p>\n<h2>Cr\u00e9er la base d&rsquo;un fichier<\/h2>\n<hr \/>\n<p>Il faut commencer par enregistrer un fichier (vide) d&rsquo;extension tex. Ceci permettra d&rsquo;activer les extraits de code de LaTeX.<\/p>\n<p>Ensuite, il faut rajouter le squelette du fichier, ce qui correspond \u00e0 un mod\u00e8le.<\/p>\n<p>Comme exemple, voici le raccourci \u00ab\u00a0ds\u00a0\u00bb qui me permet de cr\u00e9er un devoir surveill\u00e9 en mode portrait.<\/p>\n<p>Dans le fichier vide, je tape : ds TAB.<\/p>\n<p>Le code suivant est inclus :<\/p>\n<pre class=\"EnlighterJSRAW\" data-enlighter-language=\"latex\">\\input{entete-ds.tex}\n%\\usepackage[xcas]{pro-courbes}\n\n%--------------------------- Ent\u00eate et pied de page\n\\newpagestyle{main}{%\n\\headrule\n\\setheadrule{1pt}\n\\sethead{\\bf \\Large Nom :}{\\bf \\Large Devoir n\u00ba 1.1}{\\bf \\Large Classe}\n\\footrule\n\\setfootrule{1pt}\n\\setfoot{D. Le Fur}{}{\\thepage \/ \\pageref{LastPage}}\n}\n\n\n\\begin{document}\n\\pagestyle{main} \n\n%%%%%%%%%%%%%%%%%%%%%%%%%%%%%%%%%%%%%%%%%%%%%%%%%%%%%%%%%%%%%%%%%%\n%%%%%%%%%%%%%%%%%%%%%%%%%%%%%%%%%%%%%%%%%%%%%%%%%%%%%%%%%%%%%%%%%%\n\\section{5 points}\n\n\n\n\n\n\n\\end{document}<\/pre>\n<p>On note qu&rsquo;est s\u00e9lectionn\u00e9 le num\u00e9ro du devoir qui par d\u00e9faut est 1.1. Apr\u00e8s l&rsquo;avoir chang\u00e9, je tape sur TAB et je change la classe. Je retape sur TAB et le curseur se positionne sur le premier exercice.<\/p>\n<p>A noter que ce fichier ne compilera pas chez vous car il fait appel au fichier personnel <strong>entete-ds.tex<\/strong>.<\/p>\n<p>Libre \u00e0 vous de cr\u00e9er vos propres mod\u00e8les.<\/p>\n<h2>Un premier exemple : cr\u00e9er une fraction<\/h2>\n<hr \/>\n<p>Ainsi, j&rsquo;ai cr\u00e9\u00e9 le raccourci \u00ab\u00a0fr\u00a0\u00bb dont voici le code :<\/p>\n<pre class=\"EnlighterJSRAW\" data-enlighter-language=\"latex\">\\dfrac{$1}{$2}<\/pre>\n<p>Pour l&rsquo;utiliser,<br \/>\n&#8211; je tape : fr TAB<br \/>\n&#8211; le code \\dfrac appara\u00eet<br \/>\n&#8211; le curseur est au num\u00e9rateur : je tape la valeur<br \/>\n&#8211; je tape : TAB<br \/>\n&#8211; le code est au d\u00e9nominateur : je tape la valeur<br \/>\n&#8211; je tape : TAB<br \/>\n&#8211; le curseur se positionne \u00e0 la fin.<\/p>\n<h2>Deuxi\u00e8me exemple : \u00e9quation r\u00e9duite d&rsquo;une tangente<\/h2>\n<hr \/>\n<p>De m\u00eame, j&rsquo;ai cr\u00e9e le raccourci \u00ab\u00a0eqtan\u00a0\u00bb dont voici le code :<\/p>\n<pre class=\"EnlighterJSRAW\" data-enlighter-language=\"latex\">L'\u00e9quation r\u00e9duite de \\$ (T_${1:A})\\$ est de la forme : \\$ (T_${1}): y = f'(x_${1})(x-x_${1})+f(x_${1})\\$\\\\\\\\\navec \n\\\\begin{tabular}[t]{l}\n\\$x_${1}= $0\\$\\\\\\\\\n\\$f(x_${1})= \\$\\\\\\\\\n\\$f'(x_${1})= \\$\\\\\\\\\n\\\\end{tabular}\n\nD'o\u00f9 \\$ (T_${1}) : y = \\$\\\\\\\\<\/pre>\n<p>Pour l&rsquo;utiliser,<br \/>\n&#8211; je tape eqtan TAB<br \/>\n&#8211; je choisis de changer ou non le param\u00e8tre initialis\u00e9 par d\u00e9faut \u00e0 A.<br \/>\n&#8211; les occurrences sont ajust\u00e9es.<br \/>\n&#8211; le curseur se place \u00e0 l&rsquo;endroit du $0<\/p>\n<p>On obtient :<\/p>\n<pre class=\"EnlighterJSRAW\" data-enlighter-language=\"latex\">L'\u00e9quation r\u00e9duite de $ (T_E)$ est de la forme : $ (T_E): y = f'(x_E)(x-x_E)+f(x_E)$\\\\\navec \n\\begin{tabular}[t]{l}\n$x_E= $\\\\\n$f(x_E)=$\\\\\n$f'(x_E)=$\\\\\n\\end{tabular}\n\nD'o\u00f9 $ (T_E) : y = $\\\\<\/pre>\n<h2>Les extraits de code de Professor<\/h2>\n<hr \/>\n<p>L&rsquo;ensemble des raccourcis de professor (et donc de tablor) sont d\u00e9j\u00e0 cr\u00e9\u00e9s.<\/p>\n<p>Ceux-ci incluent directement un exemple de l&rsquo;environnement choisi sans utilisation des param\u00e8tres Gedit.<\/p>\n<p>Ne pas oublier de rajouter dans l&rsquo;ent\u00eate le paquet n\u00e9cessaire \u00e0 la compilation !<\/p>\n<h2>Utilisation des extraits de code<\/h2>\n<hr \/>\n<p>Pour voir l&rsquo;ensemble des extraits de code disponibles, on tape : Ctrl-Space.<\/p>\n<p>De m\u00eame, pour trouver l&rsquo;ensemble des extraits de code commen\u00e7ant par co, on tape : co Ctrl-Space.<\/p>\n<p>Pour g\u00e9rer les extraits de code, on acc\u00e8de au menu \u00ab\u00a0Outils-&gt; G\u00e9rer les extraits de code\u00a0\u00bb. Vous pourrez alors visualiser renommer, modifier, supprimer, cr\u00e9er des extraits de code.<\/p>\n<h2>Compilation avec pdflatex<\/h2>\n<hr \/>\n<p>Pour complier avec pdflatex, on tape sur F4.<br \/>\n&#8211; S&rsquo;il n&rsquo;y a pas d&rsquo;erreurs de compilation, le fichier pdf s&rsquo;affiche.<br \/>\n&#8211; En cas d&rsquo;erreur, le fichier log s&rsquo;ouvre sur la premi\u00e8re ligne d&rsquo;erreur. En rappuyant sur F4, le fichier tex s&rsquo;ouvre sur la ligne d&rsquo;erreur.<\/p>\n<h2>Compilation avec dvips<\/h2>\n<hr \/>\n<p>Pour compiler avec dvips, on tape sur F5.<br \/>\n&#8211; S&rsquo;il n&rsquo;y a pas d&rsquo;erreurs de compilation, le fichier pdf s&rsquo;affiche.<br \/>\n&#8211; En cas d&rsquo;erreur, le fichier log s&rsquo;ouvre sur la premi\u00e8re ligne d&rsquo;erreur. En rappuyant sur F5, le fichier tex s&rsquo;ouvre sur la ligne d&rsquo;erreur.<\/p>\n<p>Le visualiseur pdf choisi est Evince. Il a en effet l&rsquo;avantage de m\u00e9moriser la derni\u00e8re page lue, ce qui facilite la mise au point.<\/p>\n","protected":false},"excerpt":{"rendered":"<p>Pour \u00e9diter facilement un fichier LaTeX sous Gedit, j&rsquo;utilise pleinement le greffon \u00ab\u00a0Extraits de codes\u00a0\u00bb. Cet outil me para\u00eet maintenant indispensable pour taper rapidement un texte math\u00e9matique. On trouvera des&hellip;<\/p>\n","protected":false},"author":1,"featured_media":0,"parent":1002,"menu_order":4,"comment_status":"closed","ping_status":"closed","template":"","meta":{"footnotes":""},"class_list":["post-9","page","type-page","status-publish","hentry"],"yoast_head":"<!-- This site is optimized with the Yoast SEO plugin v27.1.1 - https:\/\/yoast.com\/product\/yoast-seo-wordpress\/ -->\n<title>Editer un fichier LaTeX sous Gedit - Maths &amp; Num\u00e9rique<\/title>\n<meta name=\"robots\" content=\"index, follow, max-snippet:-1, max-image-preview:large, max-video-preview:-1\" \/>\n<link rel=\"canonical\" href=\"https:\/\/wordpress.callac.online\/index.php\/edition-mathematique\/latex\/editer-un-fichier-latex-sous-gedit\/\" \/>\n<meta property=\"og:locale\" content=\"fr_FR\" \/>\n<meta property=\"og:type\" content=\"article\" \/>\n<meta property=\"og:title\" content=\"Editer un fichier LaTeX sous Gedit - Maths &amp; Num\u00e9rique\" \/>\n<meta property=\"og:description\" content=\"Pour \u00e9diter facilement un fichier LaTeX sous Gedit, j&rsquo;utilise pleinement le greffon \u00ab\u00a0Extraits de codes\u00a0\u00bb. Cet outil me para\u00eet maintenant indispensable pour taper rapidement un texte math\u00e9matique. On trouvera des&hellip;\" \/>\n<meta property=\"og:url\" content=\"https:\/\/wordpress.callac.online\/index.php\/edition-mathematique\/latex\/editer-un-fichier-latex-sous-gedit\/\" \/>\n<meta property=\"og:site_name\" content=\"Maths &amp; Num\u00e9rique\" \/>\n<meta property=\"article:modified_time\" content=\"2023-10-14T18:12:07+00:00\" \/>\n<meta name=\"twitter:card\" content=\"summary_large_image\" \/>\n<meta name=\"twitter:label1\" content=\"Dur\u00e9e de lecture estim\u00e9e\" \/>\n\t<meta name=\"twitter:data1\" content=\"4 minutes\" \/>\n<script type=\"application\/ld+json\" class=\"yoast-schema-graph\">{\"@context\":\"https:\/\/schema.org\",\"@graph\":[{\"@type\":\"WebPage\",\"@id\":\"https:\/\/wordpress.callac.online\/index.php\/edition-mathematique\/latex\/editer-un-fichier-latex-sous-gedit\/\",\"url\":\"https:\/\/wordpress.callac.online\/index.php\/edition-mathematique\/latex\/editer-un-fichier-latex-sous-gedit\/\",\"name\":\"Editer un fichier LaTeX sous Gedit - Maths &amp; Num\u00e9rique\",\"isPartOf\":{\"@id\":\"https:\/\/wordpress.callac.online\/#website\"},\"datePublished\":\"2009-07-06T10:03:00+00:00\",\"dateModified\":\"2023-10-14T18:12:07+00:00\",\"breadcrumb\":{\"@id\":\"https:\/\/wordpress.callac.online\/index.php\/edition-mathematique\/latex\/editer-un-fichier-latex-sous-gedit\/#breadcrumb\"},\"inLanguage\":\"fr-FR\",\"potentialAction\":[{\"@type\":\"ReadAction\",\"target\":[\"https:\/\/wordpress.callac.online\/index.php\/edition-mathematique\/latex\/editer-un-fichier-latex-sous-gedit\/\"]}]},{\"@type\":\"BreadcrumbList\",\"@id\":\"https:\/\/wordpress.callac.online\/index.php\/edition-mathematique\/latex\/editer-un-fichier-latex-sous-gedit\/#breadcrumb\",\"itemListElement\":[{\"@type\":\"ListItem\",\"position\":1,\"name\":\"Accueil\",\"item\":\"https:\/\/wordpress.callac.online\/\"},{\"@type\":\"ListItem\",\"position\":2,\"name\":\"\u00c9dition math\u00e9matique\",\"item\":\"https:\/\/wordpress.callac.online\/index.php\/edition-mathematique\/\"},{\"@type\":\"ListItem\",\"position\":3,\"name\":\"LaTeX\",\"item\":\"https:\/\/wordpress.callac.online\/index.php\/edition-mathematique\/latex\/\"},{\"@type\":\"ListItem\",\"position\":4,\"name\":\"Editer un fichier LaTeX sous Gedit\"}]},{\"@type\":\"WebSite\",\"@id\":\"https:\/\/wordpress.callac.online\/#website\",\"url\":\"https:\/\/wordpress.callac.online\/\",\"name\":\"Maths & Num\u00e9rique\",\"description\":\"Des outils pour les enseignants de math\u00e9matiques et de num\u00e9rique\",\"publisher\":{\"@id\":\"https:\/\/wordpress.callac.online\/#\/schema\/person\/04061f1ca2c2c42039142a704be95940\"},\"potentialAction\":[{\"@type\":\"SearchAction\",\"target\":{\"@type\":\"EntryPoint\",\"urlTemplate\":\"https:\/\/wordpress.callac.online\/?s={search_term_string}\"},\"query-input\":{\"@type\":\"PropertyValueSpecification\",\"valueRequired\":true,\"valueName\":\"search_term_string\"}}],\"inLanguage\":\"fr-FR\"},{\"@type\":[\"Person\",\"Organization\"],\"@id\":\"https:\/\/wordpress.callac.online\/#\/schema\/person\/04061f1ca2c2c42039142a704be95940\",\"name\":\"dlefur\",\"image\":{\"@type\":\"ImageObject\",\"inLanguage\":\"fr-FR\",\"@id\":\"https:\/\/wordpress.callac.online\/#\/schema\/person\/image\/\",\"url\":\"https:\/\/secure.gravatar.com\/avatar\/4a9e17be136808c6597f28aa2b6c13126dab066fdc2198ff60090972c9b7fafc?s=96&d=mm&r=g\",\"contentUrl\":\"https:\/\/secure.gravatar.com\/avatar\/4a9e17be136808c6597f28aa2b6c13126dab066fdc2198ff60090972c9b7fafc?s=96&d=mm&r=g\",\"caption\":\"dlefur\"},\"logo\":{\"@id\":\"https:\/\/wordpress.callac.online\/#\/schema\/person\/image\/\"},\"description\":\"Enseignant de math\u00e9matiques Lyc\u00e9e Pasteur S\u00e3o Paulo\",\"sameAs\":[\"http:\/\/wordpress.callac.online\"]}]}<\/script>\n<!-- \/ Yoast SEO plugin. -->","yoast_head_json":{"title":"Editer un fichier LaTeX sous Gedit - Maths &amp; Num\u00e9rique","robots":{"index":"index","follow":"follow","max-snippet":"max-snippet:-1","max-image-preview":"max-image-preview:large","max-video-preview":"max-video-preview:-1"},"canonical":"https:\/\/wordpress.callac.online\/index.php\/edition-mathematique\/latex\/editer-un-fichier-latex-sous-gedit\/","og_locale":"fr_FR","og_type":"article","og_title":"Editer un fichier LaTeX sous Gedit - Maths &amp; Num\u00e9rique","og_description":"Pour \u00e9diter facilement un fichier LaTeX sous Gedit, j&rsquo;utilise pleinement le greffon \u00ab\u00a0Extraits de codes\u00a0\u00bb. Cet outil me para\u00eet maintenant indispensable pour taper rapidement un texte math\u00e9matique. On trouvera des&hellip;","og_url":"https:\/\/wordpress.callac.online\/index.php\/edition-mathematique\/latex\/editer-un-fichier-latex-sous-gedit\/","og_site_name":"Maths &amp; Num\u00e9rique","article_modified_time":"2023-10-14T18:12:07+00:00","twitter_card":"summary_large_image","twitter_misc":{"Dur\u00e9e de lecture estim\u00e9e":"4 minutes"},"schema":{"@context":"https:\/\/schema.org","@graph":[{"@type":"WebPage","@id":"https:\/\/wordpress.callac.online\/index.php\/edition-mathematique\/latex\/editer-un-fichier-latex-sous-gedit\/","url":"https:\/\/wordpress.callac.online\/index.php\/edition-mathematique\/latex\/editer-un-fichier-latex-sous-gedit\/","name":"Editer un fichier LaTeX sous Gedit - Maths &amp; Num\u00e9rique","isPartOf":{"@id":"https:\/\/wordpress.callac.online\/#website"},"datePublished":"2009-07-06T10:03:00+00:00","dateModified":"2023-10-14T18:12:07+00:00","breadcrumb":{"@id":"https:\/\/wordpress.callac.online\/index.php\/edition-mathematique\/latex\/editer-un-fichier-latex-sous-gedit\/#breadcrumb"},"inLanguage":"fr-FR","potentialAction":[{"@type":"ReadAction","target":["https:\/\/wordpress.callac.online\/index.php\/edition-mathematique\/latex\/editer-un-fichier-latex-sous-gedit\/"]}]},{"@type":"BreadcrumbList","@id":"https:\/\/wordpress.callac.online\/index.php\/edition-mathematique\/latex\/editer-un-fichier-latex-sous-gedit\/#breadcrumb","itemListElement":[{"@type":"ListItem","position":1,"name":"Accueil","item":"https:\/\/wordpress.callac.online\/"},{"@type":"ListItem","position":2,"name":"\u00c9dition math\u00e9matique","item":"https:\/\/wordpress.callac.online\/index.php\/edition-mathematique\/"},{"@type":"ListItem","position":3,"name":"LaTeX","item":"https:\/\/wordpress.callac.online\/index.php\/edition-mathematique\/latex\/"},{"@type":"ListItem","position":4,"name":"Editer un fichier LaTeX sous Gedit"}]},{"@type":"WebSite","@id":"https:\/\/wordpress.callac.online\/#website","url":"https:\/\/wordpress.callac.online\/","name":"Maths & Num\u00e9rique","description":"Des outils pour les enseignants de math\u00e9matiques et de num\u00e9rique","publisher":{"@id":"https:\/\/wordpress.callac.online\/#\/schema\/person\/04061f1ca2c2c42039142a704be95940"},"potentialAction":[{"@type":"SearchAction","target":{"@type":"EntryPoint","urlTemplate":"https:\/\/wordpress.callac.online\/?s={search_term_string}"},"query-input":{"@type":"PropertyValueSpecification","valueRequired":true,"valueName":"search_term_string"}}],"inLanguage":"fr-FR"},{"@type":["Person","Organization"],"@id":"https:\/\/wordpress.callac.online\/#\/schema\/person\/04061f1ca2c2c42039142a704be95940","name":"dlefur","image":{"@type":"ImageObject","inLanguage":"fr-FR","@id":"https:\/\/wordpress.callac.online\/#\/schema\/person\/image\/","url":"https:\/\/secure.gravatar.com\/avatar\/4a9e17be136808c6597f28aa2b6c13126dab066fdc2198ff60090972c9b7fafc?s=96&d=mm&r=g","contentUrl":"https:\/\/secure.gravatar.com\/avatar\/4a9e17be136808c6597f28aa2b6c13126dab066fdc2198ff60090972c9b7fafc?s=96&d=mm&r=g","caption":"dlefur"},"logo":{"@id":"https:\/\/wordpress.callac.online\/#\/schema\/person\/image\/"},"description":"Enseignant de math\u00e9matiques Lyc\u00e9e Pasteur S\u00e3o Paulo","sameAs":["http:\/\/wordpress.callac.online"]}]}},"_links":{"self":[{"href":"https:\/\/wordpress.callac.online\/index.php\/wp-json\/wp\/v2\/pages\/9","targetHints":{"allow":["GET"]}}],"collection":[{"href":"https:\/\/wordpress.callac.online\/index.php\/wp-json\/wp\/v2\/pages"}],"about":[{"href":"https:\/\/wordpress.callac.online\/index.php\/wp-json\/wp\/v2\/types\/page"}],"author":[{"embeddable":true,"href":"https:\/\/wordpress.callac.online\/index.php\/wp-json\/wp\/v2\/users\/1"}],"replies":[{"embeddable":true,"href":"https:\/\/wordpress.callac.online\/index.php\/wp-json\/wp\/v2\/comments?post=9"}],"version-history":[{"count":3,"href":"https:\/\/wordpress.callac.online\/index.php\/wp-json\/wp\/v2\/pages\/9\/revisions"}],"predecessor-version":[{"id":2616,"href":"https:\/\/wordpress.callac.online\/index.php\/wp-json\/wp\/v2\/pages\/9\/revisions\/2616"}],"up":[{"embeddable":true,"href":"https:\/\/wordpress.callac.online\/index.php\/wp-json\/wp\/v2\/pages\/1002"}],"wp:attachment":[{"href":"https:\/\/wordpress.callac.online\/index.php\/wp-json\/wp\/v2\/media?parent=9"}],"curies":[{"name":"wp","href":"https:\/\/api.w.org\/{rel}","templated":true}]}}